{"id":171,"date":"2022-03-15T16:45:59","date_gmt":"2022-03-15T16:45:59","guid":{"rendered":"https:\/\/eventos.uab.pt\/wsd22\/?page_id=9"},"modified":"2025-02-04T18:13:30","modified_gmt":"2025-02-04T18:13:30","slug":"contacts","status":"publish","type":"page","link":"https:\/\/sites.uab.pt\/ats25\/contacts\/","title":{"rendered":"Contactos"},"content":{"rendered":"\n<p><span style=\"text-decoration: underline;\"><strong>Contactos<\/strong><\/span>:<\/p>\n\n\n\n<div class=\"entry-content\">\n<p style=\"font-weight: 400;\"><strong>Ponto de contacto local para quest\u00f5es cient\u00edficas e estrat\u00e9gicas:<\/strong><\/p>\n<p style=\"font-weight: 400;\"><a href=\"mailto:Gustavo Sobrinho Dgedge gudgedge@gmail.com\">gudgedge@gmail.com<\/a><\/p>\n<p style=\"font-weight: 400;\"><a href=\"mailto:Jorge.Trindade@uab.pt\">Jorge.Trindade@uab.pt<\/a><\/p>\n<p style=\"font-weight: 400;\"><a href=\"mailto:pmpsantos@edu.ulisboa.pt\">pmpsantos@edu.ulisboa.pt<\/a><\/p>\n\n<\/div>\n","protected":false},"excerpt":{"rendered":"Contactos: Ponto de contacto local para quest\u00f5es cient\u00edficas e estrat\u00e9gicas: gudgedge@gmail.com Jorge.Trindade@uab.pt pmpsantos@edu.ulisboa.pt","protected":false},"author":137,"featured_media":404,"parent":0,"menu_order":0,"comment_status":"closed","ping_status":"closed","template":"","meta":{"footnotes":""},"class_list":["post-171","page","type-page","status-publish","has-post-thumbnail","hentry"],"_links":{"self":[{"href":"https:\/\/sites.uab.pt\/ats25\/wp-json\/wp\/v2\/pages\/171","targetHints":{"allow":["GET"]}}],"collection":[{"href":"https:\/\/sites.uab.pt\/ats25\/wp-json\/wp\/v2\/pages"}],"about":[{"href":"https:\/\/sites.uab.pt\/ats25\/wp-json\/wp\/v2\/types\/page"}],"author":[{"embeddable":true,"href":"https:\/\/sites.uab.pt\/ats25\/wp-json\/wp\/v2\/users\/137"}],"replies":[{"embeddable":true,"href":"https:\/\/sites.uab.pt\/ats25\/wp-json\/wp\/v2\/comments?post=171"}],"version-history":[{"count":3,"href":"https:\/\/sites.uab.pt\/ats25\/wp-json\/wp\/v2\/pages\/171\/revisions"}],"predecessor-version":[{"id":405,"href":"https:\/\/sites.uab.pt\/ats25\/wp-json\/wp\/v2\/pages\/171\/revisions\/405"}],"wp:featuredmedia":[{"embeddable":true,"href":"https:\/\/sites.uab.pt\/ats25\/wp-json\/wp\/v2\/media\/404"}],"wp:attachment":[{"href":"https:\/\/sites.uab.pt\/ats25\/wp-json\/wp\/v2\/media?parent=171"}],"curies":[{"name":"wp","href":"https:\/\/api.w.org\/{rel}","templated":true}]}}