{"id":172,"date":"2022-03-15T16:46:22","date_gmt":"2022-03-15T16:46:22","guid":{"rendered":"https:\/\/eventos.uab.pt\/wsd22\/?page_id=11"},"modified":"2025-04-15T22:41:18","modified_gmt":"2025-04-15T21:41:18","slug":"committees","status":"publish","type":"page","link":"https:\/\/sites.uab.pt\/ats25\/committees\/","title":{"rendered":"Comiss\u00f5es"},"content":{"rendered":"<table style=\"width: 631px;\" border=\"1\">\n<tbody>\n<tr style=\"height: 36px;\">\n<td style=\"width: 341px; height: 36px;\">\n<h1>Comiss\u00e3o Organizadora<\/h1>\n<\/td>\n<td style=\"width: 323px; height: 36px;\">\n<h1>Comiss\u00e3o Cient\u00edfica<\/h1>\n<\/td>\n<\/tr>\n<tr style=\"height: 24px;\">\n<td style=\"width: 341px; height: 24px;\">\u00c2ngelo Guimar\u00e3es (FCTA\/UPM)<\/td>\n<td style=\"width: 323px; height: 24px;\">Ad\u00e9lia Nunes (CEGOT\/UC)<\/td>\n<\/tr>\n<tr style=\"height: 24px;\">\n<td style=\"width: 341px; height: 24px;\">Gustavo Sobrinho Dgedge (FCTA\/UPM)<\/td>\n<td style=\"width: 323px; height: 24px;\">Agostinho Vilanculos (DNGRH\/MZ)<\/td>\n<\/tr>\n<tr style=\"height: 24px;\">\n<td style=\"width: 341px; height: 24px;\">Jo\u00e3o Carrilho (CEG\/UAb)<\/td>\n<td style=\"width: 323px; height: 24px;\">Isabel Paiva (CEGOT\/UC)<\/td>\n<\/tr>\n<tr style=\"height: 24px;\">\n<td style=\"width: 341px; height: 24px;\">Jorge Trindade (CEG\/UAb)<\/td>\n<td style=\"width: 323px; height: 24px;\">Maria Jos\u00e9 Roxo (CICS.NOVA\/NOVA FCSH)<\/td>\n<\/tr>\n<tr style=\"height: 24px;\">\n<td style=\"width: 341px; height: 24px;\">Pedro Santos (CEG\/IGOT)<\/td>\n<td style=\"width: 323px; height: 24px;\">Miguel Leal (CICS.NOVA\/U\u00c9vora)<\/td>\n<\/tr>\n<tr style=\"height: 24px;\">\n<td style=\"width: 341px; height: 24px;\">\u00a0<\/td>\n<td style=\"width: 323px; height: 24px;\">Susana Pereira (CEGOT\/UP)<\/td>\n<\/tr>\n<tr style=\"height: 24px;\">\n<td style=\"width: 341px; height: 24px;\">\u00a0<\/td>\n<td style=\"width: 323px; height: 24px;\">\u00a0<\/td>\n<\/tr>\n<tr style=\"height: 24px;\">\n<td style=\"width: 341px; height: 24px;\">\u00a0<\/td>\n<td style=\"width: 323px; height: 24px;\">\u00a0<\/td>\n<\/tr>\n<tr style=\"height: 24px;\">\n<td style=\"width: 341px; height: 24px;\">\u00a0<\/td>\n<td style=\"width: 323px; height: 24px;\">\u00a0<\/td>\n<\/tr>\n<tr style=\"height: 24px;\">\n<td style=\"width: 341px; height: 24px;\">\u00a0<\/td>\n<td style=\"width: 323px; height: 24px;\">\u00a0<\/td>\n<\/tr>\n<tr style=\"height: 24px;\">\n<td style=\"width: 341px; height: 24px;\">\u00a0<\/td>\n<td style=\"width: 323px; height: 24px;\">\u00a0<\/td>\n<\/tr>\n<tr style=\"height: 24px;\">\n<td style=\"width: 341px; height: 24px;\">\u00a0<\/td>\n<td style=\"width: 323px; height: 24px;\">\u00a0<\/td>\n<\/tr>\n<\/tbody>\n<\/table>\n<p>\u00a0<\/p>\n\n\n<p><\/p>\n","protected":false},"excerpt":{"rendered":"Comiss\u00e3o Organizadora Comiss\u00e3o Cient\u00edfica \u00c2ngelo Guimar\u00e3es (FCTA\/UPM) Ad\u00e9lia Nunes (CEGOT\/UC) Gustavo Sobrinho Dgedge (FCTA\/UPM) Agostinho Vilanculos (DNGRH\/MZ) Jo\u00e3o Carrilho (CEG\/UAb) Isabel Paiva (CEGOT\/UC) Jorge Trindade (CEG\/UAb) Maria Jos\u00e9 Roxo (CICS.NOVA\/NOVA FCSH) Pedro Santos (CEG\/IGOT) Miguel Leal (CICS.NOVA\/U\u00c9vora) \u00a0 Susana Pereira &hellip; <a href=\"https:\/\/sites.uab.pt\/ats25\/committees\/\">Continue reading <span class=\"meta-nav\">&rarr;<\/span><\/a>","protected":false},"author":137,"featured_media":404,"parent":0,"menu_order":0,"comment_status":"closed","ping_status":"closed","template":"","meta":{"footnotes":""},"class_list":["post-172","page","type-page","status-publish","has-post-thumbnail","hentry"],"_links":{"self":[{"href":"https:\/\/sites.uab.pt\/ats25\/wp-json\/wp\/v2\/pages\/172","targetHints":{"allow":["GET"]}}],"collection":[{"href":"https:\/\/sites.uab.pt\/ats25\/wp-json\/wp\/v2\/pages"}],"about":[{"href":"https:\/\/sites.uab.pt\/ats25\/wp-json\/wp\/v2\/types\/page"}],"author":[{"embeddable":true,"href":"https:\/\/sites.uab.pt\/ats25\/wp-json\/wp\/v2\/users\/137"}],"replies":[{"embeddable":true,"href":"https:\/\/sites.uab.pt\/ats25\/wp-json\/wp\/v2\/comments?post=172"}],"version-history":[{"count":5,"href":"https:\/\/sites.uab.pt\/ats25\/wp-json\/wp\/v2\/pages\/172\/revisions"}],"predecessor-version":[{"id":423,"href":"https:\/\/sites.uab.pt\/ats25\/wp-json\/wp\/v2\/pages\/172\/revisions\/423"}],"wp:featuredmedia":[{"embeddable":true,"href":"https:\/\/sites.uab.pt\/ats25\/wp-json\/wp\/v2\/media\/404"}],"wp:attachment":[{"href":"https:\/\/sites.uab.pt\/ats25\/wp-json\/wp\/v2\/media?parent=172"}],"curies":[{"name":"wp","href":"https:\/\/api.w.org\/{rel}","templated":true}]}}