{"id":1592,"date":"2026-03-06T13:16:09","date_gmt":"2026-03-06T13:16:09","guid":{"rendered":"https:\/\/sites.uab.pt\/cantanhede-historia-arte-e-patrimonio\/?post_type=abstract&#038;p=1592"},"modified":"2026-03-28T06:18:32","modified_gmt":"2026-03-28T06:18:32","slug":"a-capela-do-espirito-santo-do-desaparecido-claustro-da-portaria-do-mosteiro-de-santa-cruz-reconstituicao-de-uma-provavel-obra-de-joao-de-ruao","status":"publish","type":"abstract","link":"https:\/\/sites.uab.pt\/cantanhede-historia-arte-e-patrimonio\/resumo\/a-capela-do-espirito-santo-do-desaparecido-claustro-da-portaria-do-mosteiro-de-santa-cruz-reconstituicao-de-uma-provavel-obra-de-joao-de-ruao\/","title":{"rendered":"A Capela do Esp\u00edrito Santo, do desaparecido Claustro da Portaria do Mosteiro de Santa Cruz: reconstitui\u00e7\u00e3o de uma prov\u00e1vel obra de Jo\u00e3o de Ru\u00e3o"},"content":{"rendered":"\n<p>O desaparecido Claustro da Portaria, com arcarias sobre colunas, foi levantado cerca de 1528, no \u00e2mbito da grande reforma do Mosteiro de Santa Cruz, de pendor renascentista, promovida por D. Jo\u00e3o III. Situava-se sobre o local do antigo mosteiro feminino das Donas (entretanto extinto), onde hoje se implanta o atual edif\u00edcio da C\u00e2mara Municipal de Coimbra. Entre o referido Claustro da Portaria e o do Sil\u00eancio, a meio da ala nascente daquele, situava-se a Capela do Esp\u00edrito Santo, muito elogiada pelos cronistas nas v\u00e1rias descri\u00e7\u00f5es coevas. Era uma pe\u00e7a renascentista, coberta de <em>\u201cabobeda de madeyra feyta em artes\u00f5es\u201d \u2013 <\/em>certamente de caixot\u00f5es \u2013 e por onde se acedia por<em> \u201cdous arcos romanos de pedraria muy bem lavrados\u201d. <\/em>Era ainda onde estava colocado o famoso quadro do \u201cPentecostes\u201d pintado por Gr\u00e3o Vasco, representando a Virgem e os ap\u00f3stolos num ambiente arquitet\u00f3nico de afirmado classicismo. Cremos que esta capela ter\u00e1 sido uma das <em>\u201cmuytas e boas hobras\u201d <\/em>que Jo\u00e3o de Ru\u00e3o elaborou para os C\u00f3negos Regrantes nos primeiros meses em que residiu em Coimbra, tal como s\u00e3o mencionadas num contrato de 4 de abril de 1530. A partir das referidas descri\u00e7\u00f5es de \u00e9poca, apresentaremos uma proposta de reconstitui\u00e7\u00e3o arquitet\u00f3nica da Capela do Esp\u00edrito Santo, e de toda a \u00e1rea do Claustro da Portaria, na sequ\u00eancia da pesquisa que coorden\u00e1mos, no quadro do Projeto SANTA CRUZ, sediado no Centro de Estudos Sociais e financiado pela FCT, entre 2018 e 2022.&nbsp;&nbsp;<\/p>\n\n\n\n<p><strong>Sobre o autor<\/strong><\/p>\n\n\n\n<p>Professor Associado no Departamento de Arquitetura da Faculdade de Ci\u00eancias e Tecnologia da Universidade de Coimbra (FCTUC) e investigador do Centro de Estudos Sociais-UC. Fez parte do primeiro grupo de arquitetos formados na Universidade de Coimbra, em 1994. Doutorou-se em 2010 com a tese &#8220;A Universidade na Cidade. Urbanismo e arquitetura universit\u00e1rios na Pen\u00ednsula Ib\u00e9rica da idade m\u00e9dia e da primeira idade moderna&#8221;. Tem produzido investiga\u00e7\u00e3o em teoria e hist\u00f3ria da arquitetura &#8211; em particular nos temas da arquitetura universit\u00e1ria, da arquitetura portuguesa e da arquitetura dos jesu\u00edtas. \u00c9 autor de v\u00e1rios livros, cap\u00edtulos de livros e artigos, publicados em Portugal e no estrangeiro. \u00c9 Vice-Coordenador do Curso de Doutoramento em Arquitetura da FCTUC e membro do Conselho Editorial da revista Monumentos.<\/p>\n","protected":false},"excerpt":{"rendered":"O desaparecido Claustro da Portaria, com arcarias sobre colunas, foi levantado cerca de 1528, no \u00e2mbito da grande reforma do Mosteiro de Santa Cruz, de pendor renascentista, promovida por D. Jo\u00e3o III. Situava-se sobre o local do antigo mosteiro feminino das Donas (entretanto extinto), onde hoje se implanta o atual edif\u00edcio da C\u00e2mara Municipal de Coimbra. Entre o referido Claustro da Portaria e o do Sil\u00eancio, a meio da ala nascente daquele, situava-se a Capela do Esp\u00edrito Santo, muito elogiada pelos cronistas nas v\u00e1rias descri\u00e7\u00f5es coevas. ","protected":false},"featured_media":1593,"parent":0,"template":"","meta":{"custompostfields_author":"Rui Lobo, Universidade de Coimbra, Centro de Estudos Sociais (CES-UC) \/ Centro de Estudos de Arquitetura \u2013 do Territ\u00f3rio ao Design (CeArq-TD), Departamento de Arquitetura (DArq-FCTUC)","footnotes":""},"edition":[30],"_links":{"self":[{"href":"https:\/\/sites.uab.pt\/cantanhede-historia-arte-e-patrimonio\/wp-json\/wp\/v2\/abstract\/1592","targetHints":{"allow":["GET"]}}],"collection":[{"href":"https:\/\/sites.uab.pt\/cantanhede-historia-arte-e-patrimonio\/wp-json\/wp\/v2\/abstract"}],"about":[{"href":"https:\/\/sites.uab.pt\/cantanhede-historia-arte-e-patrimonio\/wp-json\/wp\/v2\/types\/abstract"}],"version-history":[{"count":3,"href":"https:\/\/sites.uab.pt\/cantanhede-historia-arte-e-patrimonio\/wp-json\/wp\/v2\/abstract\/1592\/revisions"}],"predecessor-version":[{"id":1639,"href":"https:\/\/sites.uab.pt\/cantanhede-historia-arte-e-patrimonio\/wp-json\/wp\/v2\/abstract\/1592\/revisions\/1639"}],"wp:featuredmedia":[{"embeddable":true,"href":"https:\/\/sites.uab.pt\/cantanhede-historia-arte-e-patrimonio\/wp-json\/wp\/v2\/media\/1593"}],"wp:attachment":[{"href":"https:\/\/sites.uab.pt\/cantanhede-historia-arte-e-patrimonio\/wp-json\/wp\/v2\/media?parent=1592"}],"wp:term":[{"taxonomy":"edition","embeddable":true,"href":"https:\/\/sites.uab.pt\/cantanhede-historia-arte-e-patrimonio\/wp-json\/wp\/v2\/edition?post=1592"}],"curies":[{"name":"wp","href":"https:\/\/api.w.org\/{rel}","templated":true}]}}

A Capela do Espírito Santo, do desaparecido Claustro da Portaria do Mosteiro de Santa Cruz: reconstituição de uma provável obra de João de Ruão

<p>O desaparecido Claustro da Portaria, com arcarias sobre colunas, foi levantado cerca de 1528, no âmbito da grande reforma do Mosteiro de Santa Cruz, de pendor renascentista, promovida por D. João III. Situava-se sobre o local do antigo mosteiro feminino das Donas (entretanto extinto), onde hoje se implanta o atual edifício da Câmara Municipal de Coimbra. Entre o referido Claustro da Portaria e o do Silêncio, a meio da ala nascente daquele, situava-se a Capela do Espírito Santo, muito elogiada pelos cronistas nas várias descrições coevas. Era uma peça renascentista, coberta de <em>“abobeda de madeyra feyta em artesões” – </em>certamente de caixotões – e por onde se acedia por<em> “dous arcos romanos de pedraria muy bem lavrados”. </em>Era ainda onde estava colocado o famoso quadro do “Pentecostes” pintado por Grão Vasco, representando a Virgem e os apóstolos num ambiente arquitetónico de afirmado classicismo. Cremos que esta capela terá sido uma das <em>“muytas e boas hobras” </em>que João de Ruão elaborou para os Cónegos Regrantes nos primeiros meses em que residiu em Coimbra, tal como são mencionadas num contrato de 4 de abril de 1530. A partir das referidas descrições de época, apresentaremos uma proposta de reconstituição arquitetónica da Capela do Espírito Santo, e de toda a área do Claustro da Portaria, na sequência da pesquisa que coordenámos, no quadro do Projeto SANTA CRUZ, sediado no Centro de Estudos Sociais e financiado pela FCT, entre 2018 e 2022.&nbsp;&nbsp;</p>



<p><strong>Sobre o autor</strong></p>



<p>Professor Associado no Departamento de Arquitetura da Faculdade de Ciências e Tecnologia da Universidade de Coimbra (FCTUC) e investigador do Centro de Estudos Sociais-UC. Fez parte do primeiro grupo de arquitetos formados na Universidade de Coimbra, em 1994. Doutorou-se em 2010 com a tese &#8220;A Universidade na Cidade. Urbanismo e arquitetura universitários na Península Ibérica da idade média e da primeira idade moderna&#8221;. Tem produzido investigação em teoria e história da arquitetura &#8211; em particular nos temas da arquitetura universitária, da arquitetura portuguesa e da arquitetura dos jesuítas. É autor de vários livros, capítulos de livros e artigos, publicados em Portugal e no estrangeiro. É Vice-Coordenador do Curso de Doutoramento em Arquitetura da FCTUC e membro do Conselho Editorial da revista Monumentos.</p>

O desaparecido Claustro da Portaria, com arcarias sobre colunas, foi levantado cerca de 1528, no âmbito da grande reforma do Mosteiro de Santa Cruz, de pendor renascentista, promovida por D. João III. Situava-se sobre o local do antigo mosteiro feminino das Donas (entretanto extinto), onde hoje se implanta o atual edifício da Câmara Municipal de Coimbra. Entre o referido Claustro da Portaria e o do Silêncio, a meio da ala nascente daquele, situava-se a Capela do Espírito Santo, muito elogiada pelos cronistas nas várias descrições coevas.

Rui Lobo, Universidade de Coimbra, Centro de Estudos Sociais (CES-UC) / Centro de Estudos de Arquitetura – do Território ao Design (CeArq-TD), Departamento de Arquitetura (DArq-FCTUC)
