{"id":1000,"date":"2023-03-01T14:46:05","date_gmt":"2023-03-01T14:46:05","guid":{"rendered":"https:\/\/sites.uab.pt\/ii-encontro-catanhede\/?post_type=element&#038;p=1000"},"modified":"2024-04-29T12:36:54","modified_gmt":"2024-04-29T12:36:54","slug":"antonio-fernando-rodrigues-da-costa","status":"publish","type":"element","link":"https:\/\/sites.uab.pt\/cantanhede-historia-arte-e-patrimonio\/conhecer\/antonio-fernando-rodrigues-da-costa\/","title":{"rendered":"Ant\u00f3nio Fernando Rodrigues da Costa"},"content":{"rendered":"\n<p>\u00c9 Licenciado em Qu\u00edmica e Mestre em Turismo. Em 1958, apenas com 16 anos, come\u00e7ou a trabalhar na Biblioteca Municipal de Coimbra, onde colaborou com Pinto Loureiro e com Branquinho de Carvalho, investigadores not\u00e1veis.&nbsp;&nbsp;<\/p>\n\n\n\n<p>Depois de ter atingido o posto de Arquivista, passou a exercer as fun\u00e7\u00f5es de Chefe dos Servi\u00e7os de Turismo e mais tarde de Diretor do Departamento de Cultura, Desporto e Turismo da C\u00e2mara Municipal de Coimbra.&nbsp;<\/p>\n\n\n\n<p>Posteriormente direcionou a sua atividade para os setores do turismo e da hotelaria, passando a trabalhar na ESTA-Gest\u00e3o de Hot\u00e9is, Ld.\u00aa, que geria hot\u00e9is em Portugal e nos PALOP onde ocupou o lugar de Diretor de Opera\u00e7\u00f5es e, posteriormente, desempenhou o cargo de Diretor de Marketing.&nbsp;<\/p>\n\n\n\n<p>Iniciou a doc\u00eancia no Ensino Superior, em outubro de 1989, regendo a disciplina de \u201cMarketing\u201d na Escola Superior de Hotelaria e Turismo do Estoril. Dali transitou para a Universidade Internacional e, posteriormente, para a Universidade Lus\u00f3fona, onde regeu a disciplina de \u201cT\u00e9cnicas de Gest\u00e3o Hoteleira\u201d.&nbsp;<\/p>\n\n\n\n<p>Foi consultor da Organiza\u00e7\u00e3o Mundial de Turismo, com diversas miss\u00f5es realizadas em Angola e Mo\u00e7ambique, e exerceu, ainda, para empresas privadas, fun\u00e7\u00f5es de consultoria no \u00e2mbito do planeamento tur\u00edstico, quer em Portugal, quer em Angola, Guin\u00e9, S. Tom\u00e9 e Pr\u00edncipe e Cabo Verde.&nbsp;<\/p>\n\n\n\n<p>Foi deputado na Assembleia da Rep\u00fablica e na verea\u00e7\u00e3o da C\u00e2mara Municipal de Coimbra, sem esquecer, bem pelo contr\u00e1rio, a atua\u00e7\u00e3o relevante levada a cabo no campo do sindicalismo.&nbsp;<\/p>\n\n\n\n<p>Participou em numerosos congressos, publicou um sem n\u00famero de artigos e diversos livros. Nomeadamente, \u00e9 autor das obras <em>Enxof\u00e3es. Mais de mil anos de Hist\u00f3ria<\/em> (2018) e <em>Murtede. A Freguesia que \u00e9, o concelho que foi<\/em> (2021).&nbsp;<\/p>\n","protected":false},"excerpt":{"rendered":"\u00c9 Licenciado em Qu\u00edmica e Mestre em Turismo. Em 1958, apenas com 16 anos, come\u00e7ou a trabalhar na Biblioteca Municipal de Coimbra, onde colaborou com Pinto Loureiro e com Branquinho de Carvalho, investigadores not\u00e1veis.&nbsp;&nbsp; Depois de ter atingido o posto de Arquivista, passou a exercer as fun\u00e7\u00f5es de Chefe dos Servi\u00e7os de Turismo e mais [&hellip;]","protected":false},"featured_media":1001,"parent":0,"template":"","edition":[24,25,26],"group":[3],"affiliation":[],"_links":{"self":[{"href":"https:\/\/sites.uab.pt\/cantanhede-historia-arte-e-patrimonio\/wp-json\/wp\/v2\/element\/1000","targetHints":{"allow":["GET"]}}],"collection":[{"href":"https:\/\/sites.uab.pt\/cantanhede-historia-arte-e-patrimonio\/wp-json\/wp\/v2\/element"}],"about":[{"href":"https:\/\/sites.uab.pt\/cantanhede-historia-arte-e-patrimonio\/wp-json\/wp\/v2\/types\/element"}],"wp:featuredmedia":[{"embeddable":true,"href":"https:\/\/sites.uab.pt\/cantanhede-historia-arte-e-patrimonio\/wp-json\/wp\/v2\/media\/1001"}],"wp:attachment":[{"href":"https:\/\/sites.uab.pt\/cantanhede-historia-arte-e-patrimonio\/wp-json\/wp\/v2\/media?parent=1000"}],"wp:term":[{"taxonomy":"edition","embeddable":true,"href":"https:\/\/sites.uab.pt\/cantanhede-historia-arte-e-patrimonio\/wp-json\/wp\/v2\/edition?post=1000"},{"taxonomy":"group","embeddable":true,"href":"https:\/\/sites.uab.pt\/cantanhede-historia-arte-e-patrimonio\/wp-json\/wp\/v2\/group?post=1000"},{"taxonomy":"affiliation","embeddable":true,"href":"https:\/\/sites.uab.pt\/cantanhede-historia-arte-e-patrimonio\/wp-json\/wp\/v2\/affiliation?post=1000"}],"curies":[{"name":"wp","href":"https:\/\/api.w.org\/{rel}","templated":true}]}}

António Fernando Rodrigues da Costa

<p>É Licenciado em Química e Mestre em Turismo. Em 1958, apenas com 16 anos, começou a trabalhar na Biblioteca Municipal de Coimbra, onde colaborou com Pinto Loureiro e com Branquinho de Carvalho, investigadores notáveis.&nbsp;&nbsp;</p>



<p>Depois de ter atingido o posto de Arquivista, passou a exercer as funções de Chefe dos Serviços de Turismo e mais tarde de Diretor do Departamento de Cultura, Desporto e Turismo da Câmara Municipal de Coimbra.&nbsp;</p>



<p>Posteriormente direcionou a sua atividade para os setores do turismo e da hotelaria, passando a trabalhar na ESTA-Gestão de Hotéis, Ld.ª, que geria hotéis em Portugal e nos PALOP onde ocupou o lugar de Diretor de Operações e, posteriormente, desempenhou o cargo de Diretor de Marketing.&nbsp;</p>



<p>Iniciou a docência no Ensino Superior, em outubro de 1989, regendo a disciplina de “Marketing” na Escola Superior de Hotelaria e Turismo do Estoril. Dali transitou para a Universidade Internacional e, posteriormente, para a Universidade Lusófona, onde regeu a disciplina de “Técnicas de Gestão Hoteleira”.&nbsp;</p>



<p>Foi consultor da Organização Mundial de Turismo, com diversas missões realizadas em Angola e Moçambique, e exerceu, ainda, para empresas privadas, funções de consultoria no âmbito do planeamento turístico, quer em Portugal, quer em Angola, Guiné, S. Tomé e Príncipe e Cabo Verde.&nbsp;</p>



<p>Foi deputado na Assembleia da República e na vereação da Câmara Municipal de Coimbra, sem esquecer, bem pelo contrário, a atuação relevante levada a cabo no campo do sindicalismo.&nbsp;</p>



<p>Participou em numerosos congressos, publicou um sem número de artigos e diversos livros. Nomeadamente, é autor das obras <em>Enxofães. Mais de mil anos de História</em> (2018) e <em>Murtede. A Freguesia que é, o concelho que foi</em> (2021).&nbsp;</p>

É Licenciado em Química e Mestre em Turismo. Em 1958, apenas com 16 anos, começou a trabalhar na Biblioteca Municipal de Coimbra, onde colaborou com Pinto Loureiro e com Branquinho de Carvalho, investigadores notáveis.&nbsp;&nbsp; Depois de ter atingido o posto de Arquivista, passou a exercer as funções de Chefe dos Serviços de Turismo e mais [&hellip;]
