{"id":1005,"date":"2023-03-01T15:00:30","date_gmt":"2023-03-01T15:00:30","guid":{"rendered":"https:\/\/sites.uab.pt\/ii-encontro-catanhede\/?post_type=element&#038;p=1005"},"modified":"2026-03-06T11:48:54","modified_gmt":"2026-03-06T11:48:54","slug":"andre-almeida-paiva","status":"publish","type":"element","link":"https:\/\/sites.uab.pt\/cantanhede-historia-arte-e-patrimonio\/conhecer\/andre-almeida-paiva\/","title":{"rendered":"Andr\u00e9 Almeida Paiva"},"content":{"rendered":"\n<p>Licenciado em Geologia e Mestre em Geoci\u00eancias, pelo Departamento de Ci\u00eancias Terra [DCT] da Universidade de Coimbra, tendo sido aprovado respetivamente com as m\u00e9dias de 17 e\u00a0 18 valores. Presentemente, frequenta o 3\u00ba ano da licenciatura em Portugu\u00eas da Faculdade de Letras da Universidade de Coimbra.<\/p>\n\n\n\n<p>Durante o seu percurso acad\u00e9mico recebeu v\u00e1rios diplomas de m\u00e9rito e pr\u00e9mios por classifica\u00e7\u00e3o de m\u00e9dia.&nbsp; Participou em v\u00e1rios Congressos e Workshops e tem publicado artigos cient\u00edficos em revistas nacionais e internacionais<\/p>\n\n\n\n<p>Desde Mar\u00e7o de 2022 trabalha como Ge\u00f3logo na Divis\u00e3o da Cultura da C\u00e2mara de Cantanhede e Museu da Pedra.<\/p>\n","protected":false},"excerpt":{"rendered":"Licenciado em Geologia e Mestre em Geoci\u00eancias, pelo Departamento de Ci\u00eancias Terra [DCT] da Universidade de Coimbra, tendo sido aprovado respetivamente com as m\u00e9dias de 17 e\u00a0 18 valores. Presentemente, frequenta o 3\u00ba ano da licenciatura em Portugu\u00eas da Faculdade de Letras da Universidade de Coimbra. Durante o seu percurso acad\u00e9mico recebeu v\u00e1rios diplomas de [&hellip;]","protected":false},"featured_media":1006,"parent":0,"template":"","edition":[24,30],"group":[3],"affiliation":[],"_links":{"self":[{"href":"https:\/\/sites.uab.pt\/cantanhede-historia-arte-e-patrimonio\/wp-json\/wp\/v2\/element\/1005","targetHints":{"allow":["GET"]}}],"collection":[{"href":"https:\/\/sites.uab.pt\/cantanhede-historia-arte-e-patrimonio\/wp-json\/wp\/v2\/element"}],"about":[{"href":"https:\/\/sites.uab.pt\/cantanhede-historia-arte-e-patrimonio\/wp-json\/wp\/v2\/types\/element"}],"wp:featuredmedia":[{"embeddable":true,"href":"https:\/\/sites.uab.pt\/cantanhede-historia-arte-e-patrimonio\/wp-json\/wp\/v2\/media\/1006"}],"wp:attachment":[{"href":"https:\/\/sites.uab.pt\/cantanhede-historia-arte-e-patrimonio\/wp-json\/wp\/v2\/media?parent=1005"}],"wp:term":[{"taxonomy":"edition","embeddable":true,"href":"https:\/\/sites.uab.pt\/cantanhede-historia-arte-e-patrimonio\/wp-json\/wp\/v2\/edition?post=1005"},{"taxonomy":"group","embeddable":true,"href":"https:\/\/sites.uab.pt\/cantanhede-historia-arte-e-patrimonio\/wp-json\/wp\/v2\/group?post=1005"},{"taxonomy":"affiliation","embeddable":true,"href":"https:\/\/sites.uab.pt\/cantanhede-historia-arte-e-patrimonio\/wp-json\/wp\/v2\/affiliation?post=1005"}],"curies":[{"name":"wp","href":"https:\/\/api.w.org\/{rel}","templated":true}]}}

André Almeida Paiva

<p>Licenciado em Geologia e Mestre em Geociências, pelo Departamento de Ciências Terra [DCT] da Universidade de Coimbra, tendo sido aprovado respetivamente com as médias de 17 e  18 valores. Presentemente, frequenta o 3º ano da licenciatura em Português da Faculdade de Letras da Universidade de Coimbra.</p>



<p>Durante o seu percurso académico recebeu vários diplomas de mérito e prémios por classificação de média.&nbsp; Participou em vários Congressos e Workshops e tem publicado artigos científicos em revistas nacionais e internacionais</p>



<p>Desde Março de 2022 trabalha como Geólogo na Divisão da Cultura da Câmara de Cantanhede e Museu da Pedra.</p>

Licenciado em Geologia e Mestre em Geociências, pelo Departamento de Ciências Terra [DCT] da Universidade de Coimbra, tendo sido aprovado respetivamente com as médias de 17 e  18 valores. Presentemente, frequenta o 3º ano da licenciatura em Português da Faculdade de Letras da Universidade de Coimbra. Durante o seu percurso académico recebeu vários diplomas de [&hellip;]
