{"id":1007,"date":"2023-03-01T15:07:44","date_gmt":"2023-03-01T15:07:44","guid":{"rendered":"https:\/\/sites.uab.pt\/ii-encontro-catanhede\/?post_type=element&#038;p=1007"},"modified":"2024-04-29T12:36:54","modified_gmt":"2024-04-29T12:36:54","slug":"maria-alegria-fernandes-marques","status":"publish","type":"element","link":"https:\/\/sites.uab.pt\/cantanhede-historia-arte-e-patrimonio\/conhecer\/maria-alegria-fernandes-marques\/","title":{"rendered":"Maria Alegria Fernandes Marques"},"content":{"rendered":"\n<p>Professora Catedr\u00e1tica jubilada da Faculdade de Letras da Universidade de Coimbra.&nbsp;&nbsp;<\/p>\n\n\n\n<p>\u00c9 autora de v\u00e1rias obras, de tem\u00e1tica variada, onde sobressaem as institui\u00e7\u00f5es eclesi\u00e1sticas medievais, mormente os estudos mon\u00e1sticos (\u00faltimo t\u00edtulo: <strong><em>Mem\u00f3ria de um mosteiro. Lorv\u00e3o, s\u00e9culos IX-XII. Hist\u00f3ria de uma comunidade masculina<\/em><\/strong><strong>)<\/strong>; a hist\u00f3ria local, com incid\u00eancia no per\u00edodo medieval (com a publica\u00e7\u00e3o de 30 forais), e ainda a biografia, de que destaca <strong><em>D. Matilde, a primeira rainha de Portugal<\/em><\/strong><em>; <\/em><strong><em>D. Dulce, a rainha fecunda<\/em><\/strong><em>; <\/em><strong><em>As primeiras infantas de Portugal, D. Matilde, D. Teresa, D. Sancha e D. Mafalda.<\/em><\/strong><em>&nbsp;<\/em>&nbsp;<\/p>\n\n\n\n<p>Tem ainda publica\u00e7\u00f5es de tem\u00e1ticas de cronologia mais abrangente, de que destaca <strong><em>Gentes de paz em tempos de guerra. Mort\u00e1gua, 1721-<\/em><\/strong><strong><em>1810.<\/em><\/strong>&nbsp;<\/p>\n\n\n\n<p>Exerceu v\u00e1rios cargos de gest\u00e3o, de que salienta, por todos, o de Directora da&nbsp; Faculdade de Letras da U.C.; fez parte de v\u00e1rias comiss\u00f5es universit\u00e1rias e ministeriais, no \u00e2mbito do Ensino Superior.&nbsp;<\/p>\n\n\n\n<p>Foi galardoada com a medalha de m\u00e9rito cultural da C\u00e2mara Municipal de Mira e premiada pela Academia Portuguesa da Hist\u00f3ria.&nbsp;<\/p>\n\n\n\n<p>Foi palestrante em v\u00e1rios Congressos e Universidades estrangeiras (Espanha, Fran\u00e7a, Chile) e Professora convidada na Universidade de S\u00e3o Paulo, na Universidade Fluminense do Rio de Janeiro, na Universidade de S\u00e3o Lu\u00eds do Maranh\u00e3o e na Universidade de Goi\u00e2nia.&nbsp;<\/p>\n\n\n\n<p>\u00c9 acad\u00e9mica de n\u00famero da Academia Portuguesa da Hist\u00f3ria.&nbsp;<\/p>\n","protected":false},"excerpt":{"rendered":"Professora Catedr\u00e1tica jubilada da Faculdade de Letras da Universidade de Coimbra.&nbsp;&nbsp; \u00c9 autora de v\u00e1rias obras, de tem\u00e1tica variada, onde sobressaem as institui\u00e7\u00f5es eclesi\u00e1sticas medievais, mormente os estudos mon\u00e1sticos (\u00faltimo t\u00edtulo: Mem\u00f3ria de um mosteiro. Lorv\u00e3o, s\u00e9culos IX-XII. Hist\u00f3ria de uma comunidade masculina); a hist\u00f3ria local, com incid\u00eancia no per\u00edodo medieval (com a publica\u00e7\u00e3o de [&hellip;]","protected":false},"featured_media":1008,"parent":0,"template":"","edition":[24,25,26],"group":[3],"affiliation":[],"_links":{"self":[{"href":"https:\/\/sites.uab.pt\/cantanhede-historia-arte-e-patrimonio\/wp-json\/wp\/v2\/element\/1007","targetHints":{"allow":["GET"]}}],"collection":[{"href":"https:\/\/sites.uab.pt\/cantanhede-historia-arte-e-patrimonio\/wp-json\/wp\/v2\/element"}],"about":[{"href":"https:\/\/sites.uab.pt\/cantanhede-historia-arte-e-patrimonio\/wp-json\/wp\/v2\/types\/element"}],"wp:featuredmedia":[{"embeddable":true,"href":"https:\/\/sites.uab.pt\/cantanhede-historia-arte-e-patrimonio\/wp-json\/wp\/v2\/media\/1008"}],"wp:attachment":[{"href":"https:\/\/sites.uab.pt\/cantanhede-historia-arte-e-patrimonio\/wp-json\/wp\/v2\/media?parent=1007"}],"wp:term":[{"taxonomy":"edition","embeddable":true,"href":"https:\/\/sites.uab.pt\/cantanhede-historia-arte-e-patrimonio\/wp-json\/wp\/v2\/edition?post=1007"},{"taxonomy":"group","embeddable":true,"href":"https:\/\/sites.uab.pt\/cantanhede-historia-arte-e-patrimonio\/wp-json\/wp\/v2\/group?post=1007"},{"taxonomy":"affiliation","embeddable":true,"href":"https:\/\/sites.uab.pt\/cantanhede-historia-arte-e-patrimonio\/wp-json\/wp\/v2\/affiliation?post=1007"}],"curies":[{"name":"wp","href":"https:\/\/api.w.org\/{rel}","templated":true}]}}

<p>Professora Catedrática jubilada da Faculdade de Letras da Universidade de Coimbra.&nbsp;&nbsp;</p>



<p>É autora de várias obras, de temática variada, onde sobressaem as instituições eclesiásticas medievais, mormente os estudos monásticos (último título: <strong><em>Memória de um mosteiro. Lorvão, séculos IX-XII. História de uma comunidade masculina</em></strong><strong>)</strong>; a história local, com incidência no período medieval (com a publicação de 30 forais), e ainda a biografia, de que destaca <strong><em>D. Matilde, a primeira rainha de Portugal</em></strong><em>; </em><strong><em>D. Dulce, a rainha fecunda</em></strong><em>; </em><strong><em>As primeiras infantas de Portugal, D. Matilde, D. Teresa, D. Sancha e D. Mafalda.</em></strong><em>&nbsp;</em>&nbsp;</p>



<p>Tem ainda publicações de temáticas de cronologia mais abrangente, de que destaca <strong><em>Gentes de paz em tempos de guerra. Mortágua, 1721-</em></strong><strong><em>1810.</em></strong>&nbsp;</p>



<p>Exerceu vários cargos de gestão, de que salienta, por todos, o de Directora da&nbsp; Faculdade de Letras da U.C.; fez parte de várias comissões universitárias e ministeriais, no âmbito do Ensino Superior.&nbsp;</p>



<p>Foi galardoada com a medalha de mérito cultural da Câmara Municipal de Mira e premiada pela Academia Portuguesa da História.&nbsp;</p>



<p>Foi palestrante em vários Congressos e Universidades estrangeiras (Espanha, França, Chile) e Professora convidada na Universidade de São Paulo, na Universidade Fluminense do Rio de Janeiro, na Universidade de São Luís do Maranhão e na Universidade de Goiânia.&nbsp;</p>



<p>É académica de número da Academia Portuguesa da História.&nbsp;</p>

Professora Catedrática jubilada da Faculdade de Letras da Universidade de Coimbra.&nbsp;&nbsp; É autora de várias obras, de temática variada, onde sobressaem as instituições eclesiásticas medievais, mormente os estudos monásticos (último título: Memória de um mosteiro. Lorvão, séculos IX-XII. História de uma comunidade masculina); a história local, com incidência no período medieval (com a publicação de [&hellip;]
