{"id":1245,"date":"2023-11-17T06:45:59","date_gmt":"2023-11-17T06:45:59","guid":{"rendered":"https:\/\/sites.uab.pt\/cantanhede-historia-arte-e-patrimonio\/?post_type=element&#038;p=1245"},"modified":"2026-03-04T16:02:05","modified_gmt":"2026-03-04T16:02:05","slug":"sonia-valente","status":"publish","type":"element","link":"https:\/\/sites.uab.pt\/cantanhede-historia-arte-e-patrimonio\/conhecer\/sonia-valente\/","title":{"rendered":"S\u00f3nia Valente"},"content":{"rendered":"\n<p>Doutoranda em Estudos Globais e mestre em Pedagogia do e-learning pela Universidade Aberta, Licenciada em Educa\u00e7\u00e3o pela Universidade do Minho. Concluiu a P\u00f3s-Gradua\u00e7\u00e3o em Gest\u00e3o da Diversidade e Comunidades de Pr\u00e1tica no Iscte \u2013 Instituto Universit\u00e1rio de Lisboa e a P\u00f3s-Gradua\u00e7\u00e3o em Pol\u00edtica de G\u00e9nero: Igualdade e N\u00e3o Discrimina\u00e7\u00e3o da EDUWELL\/ Academia de Ci\u00eancias de Lisboa.<\/p>\n\n\n\n<p>Coordenou projetos de interven\u00e7\u00e3o social junto de crian\u00e7as, jovens e fam\u00edlias, no \u00e2mbito do extinto Instituto Portugu\u00eas das Drogas e Toxicodepend\u00eancias e do Programa Escolhas. <\/p>\n\n\n\n<p>Atualmente Coordena o Centro Local de Aprendizagem da Universidade Aberta em Cantanhede e integra os Projetos Campus Digital <a href=\"https:\/\/educonlinepris.uab.pt\/\">EducOnline@Pris<\/a> e<a href=\"https:\/\/educartenatureza.uab.pt\/\"> Educ@rteNatureza<\/a>.<\/p>\n\n\n\n<p>Coordena o Centro EUSOUDIGITAL da Universidade Aberta em Cantanhede.<\/p>\n\n\n\n<p><strong><a href=\"https:\/\/www.cienciavitae.pt\/pt\/F216-7F22-733D\">Ci\u00eancia VITAE | ID F216-7F22-733D<\/a>&nbsp;&nbsp;&nbsp;&nbsp;<\/strong><\/p>\n\n\n\n<p><strong>ORCID&nbsp;<\/strong><a rel=\"noreferrer noopener\" href=\"https:\/\/orcid.org\/0000-0002-4021-8122\" target=\"_blank\">0000-0002-4021-8122<\/a><\/p>\n","protected":false},"excerpt":{"rendered":"Centro Local de Aprendizagem da Universidade Aberta em Cantanhede","protected":false},"featured_media":1246,"parent":0,"template":"","edition":[24,25,26,30],"group":[5],"affiliation":[4],"_links":{"self":[{"href":"https:\/\/sites.uab.pt\/cantanhede-historia-arte-e-patrimonio\/wp-json\/wp\/v2\/element\/1245","targetHints":{"allow":["GET"]}}],"collection":[{"href":"https:\/\/sites.uab.pt\/cantanhede-historia-arte-e-patrimonio\/wp-json\/wp\/v2\/element"}],"about":[{"href":"https:\/\/sites.uab.pt\/cantanhede-historia-arte-e-patrimonio\/wp-json\/wp\/v2\/types\/element"}],"wp:featuredmedia":[{"embeddable":true,"href":"https:\/\/sites.uab.pt\/cantanhede-historia-arte-e-patrimonio\/wp-json\/wp\/v2\/media\/1246"}],"wp:attachment":[{"href":"https:\/\/sites.uab.pt\/cantanhede-historia-arte-e-patrimonio\/wp-json\/wp\/v2\/media?parent=1245"}],"wp:term":[{"taxonomy":"edition","embeddable":true,"href":"https:\/\/sites.uab.pt\/cantanhede-historia-arte-e-patrimonio\/wp-json\/wp\/v2\/edition?post=1245"},{"taxonomy":"group","embeddable":true,"href":"https:\/\/sites.uab.pt\/cantanhede-historia-arte-e-patrimonio\/wp-json\/wp\/v2\/group?post=1245"},{"taxonomy":"affiliation","embeddable":true,"href":"https:\/\/sites.uab.pt\/cantanhede-historia-arte-e-patrimonio\/wp-json\/wp\/v2\/affiliation?post=1245"}],"curies":[{"name":"wp","href":"https:\/\/api.w.org\/{rel}","templated":true}]}}

Sónia Valente

<p>Doutoranda em Estudos Globais e mestre em Pedagogia do e-learning pela Universidade Aberta, Licenciada em Educação pela Universidade do Minho. Concluiu a Pós-Graduação em Gestão da Diversidade e Comunidades de Prática no Iscte – Instituto Universitário de Lisboa e a Pós-Graduação em Política de Género: Igualdade e Não Discriminação da EDUWELL/ Academia de Ciências de Lisboa.</p>



<p>Coordenou projetos de intervenção social junto de crianças, jovens e famílias, no âmbito do extinto Instituto Português das Drogas e Toxicodependências e do Programa Escolhas. </p>



<p>Atualmente Coordena o Centro Local de Aprendizagem da Universidade Aberta em Cantanhede e integra os Projetos Campus Digital <a href="https://educonlinepris.uab.pt/">EducOnline@Pris</a> e<a href="https://educartenatureza.uab.pt/"> Educ@rteNatureza</a>.</p>



<p>Coordena o Centro EUSOUDIGITAL da Universidade Aberta em Cantanhede.</p>



<p><strong><a href="https://www.cienciavitae.pt/pt/F216-7F22-733D">Ciência VITAE | ID F216-7F22-733D</a>&nbsp;&nbsp;&nbsp;&nbsp;</strong></p>



<p><strong>ORCID&nbsp;</strong><a rel="noreferrer noopener" href="https://orcid.org/0000-0002-4021-8122" target="_blank">0000-0002-4021-8122</a></p>
