{"id":1258,"date":"2024-04-26T15:26:11","date_gmt":"2024-04-26T15:26:11","guid":{"rendered":"https:\/\/sites.uab.pt\/cantanhede-historia-arte-e-patrimonio\/?post_type=element&#038;p=1258"},"modified":"2026-03-04T15:16:47","modified_gmt":"2026-03-04T15:16:47","slug":"jose-eduardo-franco","status":"publish","type":"element","link":"https:\/\/sites.uab.pt\/cantanhede-historia-arte-e-patrimonio\/conhecer\/jose-eduardo-franco\/","title":{"rendered":"Jos\u00e9 Eduardo Franco"},"content":{"rendered":"\n<p>Historiador. Investigador-Coordenador com equipara\u00e7\u00e3o a Professor Catedr\u00e1tico da Universidade Aberta, Diretor do Centro de Estudos Globais da Universidade Aberta, Titular da C\u00e1tedra UNESCO de Estudos Globais\/CIPSH e membro da Academia Portuguesa da Hist\u00f3ria. Tem sido Professor-Visitador da Universidade de Paris II \u2013 Panth\u00e9on-Assas e da Universidade Federal de Sergipe. Coordena atualmente o programa de doutoramento em Estudos Globais na Universidade Aberta. <\/p>\n\n\n\n<p>Doutorou-se em \u201cHist\u00f3ria e Civiliza\u00e7\u00f5es\u201d pela EHESS de Paris em Cultura pela Universidade de Aveiro, sendo mestre em Hist\u00f3ria Moderna pela Faculdade de Letras da Universidade de Lisboa e mestre em Ci\u00eancias da Educa\u00e7\u00e3o pela Faculdade de Psicologia e Ci\u00eancias da Educa\u00e7\u00e3o da mesma Universidade de Lisboa. <\/p>\n\n\n\n<p>Entre os projetos de pesquisa em que tem participado destacam-se os seguintes: Diretor do projeto cient\u00edfico e da Cole\u00e7\u00e3o Editorial\u00a0 <em>Hist\u00f3ria Globais<\/em> em curso na C\u00e1tedra UNESCO\/CIPSH de Estudos Globais e Centro de Estudos Globais da Universidade Aberta.<\/p>\n\n\n\n<p><em>Ciencia Vitae:<\/em> <a href=\"https:\/\/www.cienciavitae.pt\/portal\/8712-5B36-6B35\">https:\/\/www.cienciavitae.pt\/portal\/8712-5B36-6B35<\/a><\/p>\n","protected":false},"excerpt":{"rendered":"Historiador. Investigador-Coordenador com equipara\u00e7\u00e3o a Professor Catedr\u00e1tico da Universidade Aberta, Diretor do Centro de Estudos Globais da Universidade Aberta, Titular da C\u00e1tedra UNESCO de Estudos Globais\/CIPSH e membro da Academia Portuguesa da Hist\u00f3ria. Tem sido Professor-Visitador da Universidade de Paris II \u2013 Panth\u00e9on-Assas e da Universidade Federal de Sergipe. Coordena atualmente o programa de doutoramento [&hellip;]","protected":false},"featured_media":1259,"parent":0,"template":"","edition":[26,30],"group":[6],"affiliation":[23],"_links":{"self":[{"href":"https:\/\/sites.uab.pt\/cantanhede-historia-arte-e-patrimonio\/wp-json\/wp\/v2\/element\/1258","targetHints":{"allow":["GET"]}}],"collection":[{"href":"https:\/\/sites.uab.pt\/cantanhede-historia-arte-e-patrimonio\/wp-json\/wp\/v2\/element"}],"about":[{"href":"https:\/\/sites.uab.pt\/cantanhede-historia-arte-e-patrimonio\/wp-json\/wp\/v2\/types\/element"}],"wp:featuredmedia":[{"embeddable":true,"href":"https:\/\/sites.uab.pt\/cantanhede-historia-arte-e-patrimonio\/wp-json\/wp\/v2\/media\/1259"}],"wp:attachment":[{"href":"https:\/\/sites.uab.pt\/cantanhede-historia-arte-e-patrimonio\/wp-json\/wp\/v2\/media?parent=1258"}],"wp:term":[{"taxonomy":"edition","embeddable":true,"href":"https:\/\/sites.uab.pt\/cantanhede-historia-arte-e-patrimonio\/wp-json\/wp\/v2\/edition?post=1258"},{"taxonomy":"group","embeddable":true,"href":"https:\/\/sites.uab.pt\/cantanhede-historia-arte-e-patrimonio\/wp-json\/wp\/v2\/group?post=1258"},{"taxonomy":"affiliation","embeddable":true,"href":"https:\/\/sites.uab.pt\/cantanhede-historia-arte-e-patrimonio\/wp-json\/wp\/v2\/affiliation?post=1258"}],"curies":[{"name":"wp","href":"https:\/\/api.w.org\/{rel}","templated":true}]}}

José Eduardo Franco

<p>Historiador. Investigador-Coordenador com equiparação a Professor Catedrático da Universidade Aberta, Diretor do Centro de Estudos Globais da Universidade Aberta, Titular da Cátedra UNESCO de Estudos Globais/CIPSH e membro da Academia Portuguesa da História. Tem sido Professor-Visitador da Universidade de Paris II – Panthéon-Assas e da Universidade Federal de Sergipe. Coordena atualmente o programa de doutoramento em Estudos Globais na Universidade Aberta. </p>



<p>Doutorou-se em “História e Civilizações” pela EHESS de Paris em Cultura pela Universidade de Aveiro, sendo mestre em História Moderna pela Faculdade de Letras da Universidade de Lisboa e mestre em Ciências da Educação pela Faculdade de Psicologia e Ciências da Educação da mesma Universidade de Lisboa. </p>



<p>Entre os projetos de pesquisa em que tem participado destacam-se os seguintes: Diretor do projeto científico e da Coleção Editorial  <em>História Globais</em> em curso na Cátedra UNESCO/CIPSH de Estudos Globais e Centro de Estudos Globais da Universidade Aberta.</p>



<p><em>Ciencia Vitae:</em> <a href="https://www.cienciavitae.pt/portal/8712-5B36-6B35">https://www.cienciavitae.pt/portal/8712-5B36-6B35</a></p>

Historiador. Investigador-Coordenador com equiparação a Professor Catedrático da Universidade Aberta, Diretor do Centro de Estudos Globais da Universidade Aberta, Titular da Cátedra UNESCO de Estudos Globais/CIPSH e membro da Academia Portuguesa da História. Tem sido Professor-Visitador da Universidade de Paris II – Panthéon-Assas e da Universidade Federal de Sergipe. Coordena atualmente o programa de doutoramento [&hellip;]
