{"id":1434,"date":"2024-07-30T15:53:19","date_gmt":"2024-07-30T15:53:19","guid":{"rendered":"https:\/\/sites.uab.pt\/cantanhede-historia-arte-e-patrimonio\/?post_type=element&#038;p=1434"},"modified":"2024-07-30T15:56:21","modified_gmt":"2024-07-30T15:56:21","slug":"renato-epifanio","status":"publish","type":"element","link":"https:\/\/sites.uab.pt\/cantanhede-historia-arte-e-patrimonio\/conhecer\/renato-epifanio\/","title":{"rendered":"Renato Epif\u00e2nio"},"content":{"rendered":"\n<p>Doutorado em Filosofia pela Universidade de Lisboa (2004), \u00e9 Investigador Integrado do Instituto de Filosofia da Universidade do Porto e Membro da Dire\u00e7\u00e3o do Instituto de Filosofia Luso-Brasileira. Dirige a NOVA \u00c1GUIA: Revista de Cultura para o S\u00e9culo XXI e preside ao MIL: Movimento Internacional Lus\u00f3fono desde a sua formaliza\u00e7\u00e3o jur\u00eddica (2010). \u00c9, desde 2021, Membro do Conselho Supremo da SHIP: Sociedade Hist\u00f3rica da Independ\u00eancia de Portugal e, desde 2022, Membro da Academia Internacional da Cultura Portuguesa e Presidente da Direc\u00e3o da PASC: Plataforma de Associa\u00e7\u00f5es da Sociedade Civil \u2013 Casa da Cidadania.<\/p>\n","protected":false},"excerpt":{"rendered":"Doutorado em Filosofia pela Universidade de Lisboa (2004), \u00e9 Investigador Integrado do Instituto de Filosofia da Universidade do Porto e Membro da Dire\u00e7\u00e3o do Instituto de Filosofia Luso-Brasileira. Dirige a NOVA \u00c1GUIA: Revista de Cultura para o S\u00e9culo XXI e preside ao MIL: Movimento Internacional Lus\u00f3fono desde a sua formaliza\u00e7\u00e3o jur\u00eddica (2010). \u00c9, desde 2021, [&hellip;]","protected":false},"featured_media":1435,"parent":0,"template":"","edition":[26],"group":[6],"affiliation":[27],"_links":{"self":[{"href":"https:\/\/sites.uab.pt\/cantanhede-historia-arte-e-patrimonio\/wp-json\/wp\/v2\/element\/1434","targetHints":{"allow":["GET"]}}],"collection":[{"href":"https:\/\/sites.uab.pt\/cantanhede-historia-arte-e-patrimonio\/wp-json\/wp\/v2\/element"}],"about":[{"href":"https:\/\/sites.uab.pt\/cantanhede-historia-arte-e-patrimonio\/wp-json\/wp\/v2\/types\/element"}],"wp:featuredmedia":[{"embeddable":true,"href":"https:\/\/sites.uab.pt\/cantanhede-historia-arte-e-patrimonio\/wp-json\/wp\/v2\/media\/1435"}],"wp:attachment":[{"href":"https:\/\/sites.uab.pt\/cantanhede-historia-arte-e-patrimonio\/wp-json\/wp\/v2\/media?parent=1434"}],"wp:term":[{"taxonomy":"edition","embeddable":true,"href":"https:\/\/sites.uab.pt\/cantanhede-historia-arte-e-patrimonio\/wp-json\/wp\/v2\/edition?post=1434"},{"taxonomy":"group","embeddable":true,"href":"https:\/\/sites.uab.pt\/cantanhede-historia-arte-e-patrimonio\/wp-json\/wp\/v2\/group?post=1434"},{"taxonomy":"affiliation","embeddable":true,"href":"https:\/\/sites.uab.pt\/cantanhede-historia-arte-e-patrimonio\/wp-json\/wp\/v2\/affiliation?post=1434"}],"curies":[{"name":"wp","href":"https:\/\/api.w.org\/{rel}","templated":true}]}}

Renato Epifânio

<p>Doutorado em Filosofia pela Universidade de Lisboa (2004), é Investigador Integrado do Instituto de Filosofia da Universidade do Porto e Membro da Direção do Instituto de Filosofia Luso-Brasileira. Dirige a NOVA ÁGUIA: Revista de Cultura para o Século XXI e preside ao MIL: Movimento Internacional Lusófono desde a sua formalização jurídica (2010). É, desde 2021, Membro do Conselho Supremo da SHIP: Sociedade Histórica da Independência de Portugal e, desde 2022, Membro da Academia Internacional da Cultura Portuguesa e Presidente da Direcão da PASC: Plataforma de Associações da Sociedade Civil – Casa da Cidadania.</p>

Doutorado em Filosofia pela Universidade de Lisboa (2004), é Investigador Integrado do Instituto de Filosofia da Universidade do Porto e Membro da Direção do Instituto de Filosofia Luso-Brasileira. Dirige a NOVA ÁGUIA: Revista de Cultura para o Século XXI e preside ao MIL: Movimento Internacional Lusófono desde a sua formalização jurídica (2010). É, desde 2021, [&hellip;]
