{"id":1436,"date":"2024-08-02T06:22:27","date_gmt":"2024-08-02T06:22:27","guid":{"rendered":"https:\/\/sites.uab.pt\/cantanhede-historia-arte-e-patrimonio\/?post_type=element&#038;p=1436"},"modified":"2024-08-02T06:25:01","modified_gmt":"2024-08-02T06:25:01","slug":"aires-de-barros","status":"publish","type":"element","link":"https:\/\/sites.uab.pt\/cantanhede-historia-arte-e-patrimonio\/conhecer\/aires-de-barros\/","title":{"rendered":"Lu\u00eds Aires de Barros"},"content":{"rendered":"\n<p>Professor catedr\u00e1tico Jubilado do Instituto Superior T\u00e9cnico e do Instituto de Hidrologia de Lisboa.<\/p>\n\n\n\n<p>Fundador e primeiro diretor (1990-1998) da Escola Superior de Conserva\u00e7\u00e3o e Restauro de Lisboa.<\/p>\n\n\n\n<p>Director do Instituto de Energia do LNETI que sucedeu \u00e0 Junta de Energia Nuclear (1983-1986).<\/p>\n\n\n\n<p>Presidente da Sociedade de Geografia de Lisboa desde 2000.<\/p>\n\n\n\n<p>Foi Presidente da Academia das Ci\u00eancias de Lisboa<\/p>\n\n\n\n<p>Acad\u00e9mico de M\u00e9rito da Academia Portuguesa da Hist\u00f3ria.<\/p>\n\n\n\n<p>Acad\u00e9mico Honor\u00e1rio da Academia Nacional de Belas Artes.<\/p>\n","protected":false},"excerpt":{"rendered":"Professor catedr\u00e1tico Jubilado do Instituto Superior T\u00e9cnico e do Instituto de Hidrologia de Lisboa. Fundador e primeiro diretor (1990-1998) da Escola Superior de Conserva\u00e7\u00e3o e Restauro de Lisboa. Director do Instituto de Energia do LNETI que sucedeu \u00e0 Junta de Energia Nuclear (1983-1986). Presidente da Sociedade de Geografia de Lisboa desde 2000. Foi Presidente da [&hellip;]","protected":false},"featured_media":1437,"parent":0,"template":"","edition":[26],"group":[6],"affiliation":[28],"_links":{"self":[{"href":"https:\/\/sites.uab.pt\/cantanhede-historia-arte-e-patrimonio\/wp-json\/wp\/v2\/element\/1436","targetHints":{"allow":["GET"]}}],"collection":[{"href":"https:\/\/sites.uab.pt\/cantanhede-historia-arte-e-patrimonio\/wp-json\/wp\/v2\/element"}],"about":[{"href":"https:\/\/sites.uab.pt\/cantanhede-historia-arte-e-patrimonio\/wp-json\/wp\/v2\/types\/element"}],"wp:featuredmedia":[{"embeddable":true,"href":"https:\/\/sites.uab.pt\/cantanhede-historia-arte-e-patrimonio\/wp-json\/wp\/v2\/media\/1437"}],"wp:attachment":[{"href":"https:\/\/sites.uab.pt\/cantanhede-historia-arte-e-patrimonio\/wp-json\/wp\/v2\/media?parent=1436"}],"wp:term":[{"taxonomy":"edition","embeddable":true,"href":"https:\/\/sites.uab.pt\/cantanhede-historia-arte-e-patrimonio\/wp-json\/wp\/v2\/edition?post=1436"},{"taxonomy":"group","embeddable":true,"href":"https:\/\/sites.uab.pt\/cantanhede-historia-arte-e-patrimonio\/wp-json\/wp\/v2\/group?post=1436"},{"taxonomy":"affiliation","embeddable":true,"href":"https:\/\/sites.uab.pt\/cantanhede-historia-arte-e-patrimonio\/wp-json\/wp\/v2\/affiliation?post=1436"}],"curies":[{"name":"wp","href":"https:\/\/api.w.org\/{rel}","templated":true}]}}

Luís Aires de Barros

<p>Professor catedrático Jubilado do Instituto Superior Técnico e do Instituto de Hidrologia de Lisboa.</p>



<p>Fundador e primeiro diretor (1990-1998) da Escola Superior de Conservação e Restauro de Lisboa.</p>



<p>Director do Instituto de Energia do LNETI que sucedeu à Junta de Energia Nuclear (1983-1986).</p>



<p>Presidente da Sociedade de Geografia de Lisboa desde 2000.</p>



<p>Foi Presidente da Academia das Ciências de Lisboa</p>



<p>Académico de Mérito da Academia Portuguesa da História.</p>



<p>Académico Honorário da Academia Nacional de Belas Artes.</p>

Professor catedrático Jubilado do Instituto Superior Técnico e do Instituto de Hidrologia de Lisboa. Fundador e primeiro diretor (1990-1998) da Escola Superior de Conservação e Restauro de Lisboa. Director do Instituto de Energia do LNETI que sucedeu à Junta de Energia Nuclear (1983-1986). Presidente da Sociedade de Geografia de Lisboa desde 2000. Foi Presidente da [&hellip;]
