{"id":599,"date":"2022-10-22T22:04:25","date_gmt":"2022-10-22T22:04:25","guid":{"rendered":"https:\/\/sites.uab.pt\/congresso-humanidades\/?post_type=element&#038;p=599"},"modified":"2026-03-04T15:24:12","modified_gmt":"2026-03-04T15:24:12","slug":"pedro-velez-unova","status":"publish","type":"element","link":"https:\/\/sites.uab.pt\/cantanhede-historia-arte-e-patrimonio\/conhecer\/pedro-velez-unova\/","title":{"rendered":"Pedro Rebelo Botelho Alfaro Velez"},"content":{"rendered":"\n<p>Licenciado em Direito pela Faculdade de Direito da Universidade Nova de Lisboa (2002). Doutor em Direito, pela mesma institui\u00e7\u00e3o, na especialidade de Ci\u00eancias Pol\u00edticas (2014). Tem-se dedicado \u00e0 investiga\u00e7\u00e3o e ao ensino, lecionando disciplinas de direito p\u00fablico e de \u00edndole hist\u00f3rico-jur\u00eddica, em diversas institui\u00e7\u00f5es do ensino superior (Universidade Europeia; Universidade Nova-Nova Direito; Universidade Cat\u00f3lica-Faculdade de Direito, no Porto; Instituto Polit\u00e9cnico de Leiria). \u00c9 professor da Universidade Europeia. As publica\u00e7\u00f5es do autor acham-se dispon\u00edveis em academia.edu. <\/p>\n","protected":false},"excerpt":{"rendered":"Licenciado em Direito pela Faculdade de Direito da Universidade Nova de Lisboa (2002). Doutor em Direito, pela mesma institui\u00e7\u00e3o, na especialidade de Ci\u00eancias Pol\u00edticas (2014). Tem-se dedicado \u00e0 investiga\u00e7\u00e3o e ao ensino, lecionando disciplinas de direito p\u00fablico e de \u00edndole hist\u00f3rico-jur\u00eddica, em diversas institui\u00e7\u00f5es do ensino superior (Universidade Europeia; Universidade Nova-Nova Direito; Universidade Cat\u00f3lica-Faculdade de [&hellip;]","protected":false},"featured_media":894,"parent":0,"template":"","edition":[24,25,26,30],"group":[6,3],"affiliation":[19],"_links":{"self":[{"href":"https:\/\/sites.uab.pt\/cantanhede-historia-arte-e-patrimonio\/wp-json\/wp\/v2\/element\/599","targetHints":{"allow":["GET"]}}],"collection":[{"href":"https:\/\/sites.uab.pt\/cantanhede-historia-arte-e-patrimonio\/wp-json\/wp\/v2\/element"}],"about":[{"href":"https:\/\/sites.uab.pt\/cantanhede-historia-arte-e-patrimonio\/wp-json\/wp\/v2\/types\/element"}],"wp:featuredmedia":[{"embeddable":true,"href":"https:\/\/sites.uab.pt\/cantanhede-historia-arte-e-patrimonio\/wp-json\/wp\/v2\/media\/894"}],"wp:attachment":[{"href":"https:\/\/sites.uab.pt\/cantanhede-historia-arte-e-patrimonio\/wp-json\/wp\/v2\/media?parent=599"}],"wp:term":[{"taxonomy":"edition","embeddable":true,"href":"https:\/\/sites.uab.pt\/cantanhede-historia-arte-e-patrimonio\/wp-json\/wp\/v2\/edition?post=599"},{"taxonomy":"group","embeddable":true,"href":"https:\/\/sites.uab.pt\/cantanhede-historia-arte-e-patrimonio\/wp-json\/wp\/v2\/group?post=599"},{"taxonomy":"affiliation","embeddable":true,"href":"https:\/\/sites.uab.pt\/cantanhede-historia-arte-e-patrimonio\/wp-json\/wp\/v2\/affiliation?post=599"}],"curies":[{"name":"wp","href":"https:\/\/api.w.org\/{rel}","templated":true}]}}

<p>Licenciado em Direito pela Faculdade de Direito da Universidade Nova de Lisboa (2002). Doutor em Direito, pela mesma instituição, na especialidade de Ciências Políticas (2014). Tem-se dedicado à investigação e ao ensino, lecionando disciplinas de direito público e de índole histórico-jurídica, em diversas instituições do ensino superior (Universidade Europeia; Universidade Nova-Nova Direito; Universidade Católica-Faculdade de Direito, no Porto; Instituto Politécnico de Leiria). É professor da Universidade Europeia. As publicações do autor acham-se disponíveis em academia.edu. </p>

Licenciado em Direito pela Faculdade de Direito da Universidade Nova de Lisboa (2002). Doutor em Direito, pela mesma instituição, na especialidade de Ciências Políticas (2014). Tem-se dedicado à investigação e ao ensino, lecionando disciplinas de direito público e de índole histórico-jurídica, em diversas instituições do ensino superior (Universidade Europeia; Universidade Nova-Nova Direito; Universidade Católica-Faculdade de [&hellip;]
