{"id":764,"date":"2022-10-23T12:29:01","date_gmt":"2022-10-23T12:29:01","guid":{"rendered":"https:\/\/sites.uab.pt\/congresso-humanidades\/?post_type=element&#038;p=764"},"modified":"2026-03-04T15:24:33","modified_gmt":"2026-03-04T15:24:33","slug":"pedro-antonio-vaz-cardoso","status":"publish","type":"element","link":"https:\/\/sites.uab.pt\/cantanhede-historia-arte-e-patrimonio\/conhecer\/pedro-antonio-vaz-cardoso\/","title":{"rendered":"Pedro Ant\u00f3nio Vaz Cardoso"},"content":{"rendered":"\n<p>Licenciado em Biologia, pela Faculdade de Ci\u00eancias e Tecnologia da Universidade de Coimbra.<\/p>\n\n\n\n<p>Vice-Presidente C\u00e2mara Municipal de Cantanhede, desde 2017, com os pelouros da Educa\u00e7\u00e3o, Cultura,&nbsp;Gest\u00e3o Urban\u00edstica e Ordenamento do Territ\u00f3rio,<br>Assuntos Jur\u00eddicos e Contencioso, Juventude.<\/p>\n\n\n\n<p>Presidente do Conselho de Administra\u00e7\u00e3o ABAP.<\/p>\n\n\n\n<p>Membro do Conselho de Administra\u00e7\u00e3o da AREAC.<\/p>\n\n\n\n<p>Vereador da C\u00e2mara Municipal de Cantanhede, em Regime de Perman\u00eancia, com Compet\u00eancias Delegadas, nas \u00e1reas Cultura, Educa\u00e7\u00e3o, Solidariedade e Ac\u00e3o Social, Feiras e Mercados, Turismo, Fiscaliza\u00e7\u00e3o e Contraordena\u00e7\u00f5es, Ambiente e Qualidade de Vida \u2013 mandato 2009-2013 e 2013-2017. Presidente da CPCJ de Cantanhede \u2013 Comiss\u00e3o de Prote\u00e7\u00e3o de Crian\u00e7as e Jovens de Cantanhede nestes mandatos.<\/p>\n\n\n\n<p>Vice-presidente da Comiss\u00e3o Executiva da EXPOFACIC 2009-2017.<\/p>\n\n\n\n<p>Vereador da C\u00e2mara Municipal de Cantanhede, em Regime de Perman\u00eancia, com Compet\u00eancias Delegadas, nas \u00e1reas da Cultura, Educa\u00e7\u00e3o, Solidariedade e Ac\u00e7\u00e3o Social, Turismo, Feiras e Mercados \u2013 mandato 2005-2009.<\/p>\n","protected":false},"excerpt":{"rendered":"Licenciado em Biologia, pela Faculdade de Ci\u00eancias e Tecnologia da Universidade de Coimbra. Vice-Presidente C\u00e2mara Municipal de Cantanhede, desde 2017, com os pelouros da Educa\u00e7\u00e3o, Cultura,&nbsp;Gest\u00e3o Urban\u00edstica e Ordenamento do Territ\u00f3rio,Assuntos Jur\u00eddicos e Contencioso, Juventude. Presidente do Conselho de Administra\u00e7\u00e3o ABAP. Membro do Conselho de Administra\u00e7\u00e3o da AREAC. Vereador da C\u00e2mara Municipal de Cantanhede, em [&hellip;]","protected":false},"featured_media":922,"parent":0,"template":"","edition":[24,25,26,30],"group":[5],"affiliation":[17],"_links":{"self":[{"href":"https:\/\/sites.uab.pt\/cantanhede-historia-arte-e-patrimonio\/wp-json\/wp\/v2\/element\/764","targetHints":{"allow":["GET"]}}],"collection":[{"href":"https:\/\/sites.uab.pt\/cantanhede-historia-arte-e-patrimonio\/wp-json\/wp\/v2\/element"}],"about":[{"href":"https:\/\/sites.uab.pt\/cantanhede-historia-arte-e-patrimonio\/wp-json\/wp\/v2\/types\/element"}],"wp:featuredmedia":[{"embeddable":true,"href":"https:\/\/sites.uab.pt\/cantanhede-historia-arte-e-patrimonio\/wp-json\/wp\/v2\/media\/922"}],"wp:attachment":[{"href":"https:\/\/sites.uab.pt\/cantanhede-historia-arte-e-patrimonio\/wp-json\/wp\/v2\/media?parent=764"}],"wp:term":[{"taxonomy":"edition","embeddable":true,"href":"https:\/\/sites.uab.pt\/cantanhede-historia-arte-e-patrimonio\/wp-json\/wp\/v2\/edition?post=764"},{"taxonomy":"group","embeddable":true,"href":"https:\/\/sites.uab.pt\/cantanhede-historia-arte-e-patrimonio\/wp-json\/wp\/v2\/group?post=764"},{"taxonomy":"affiliation","embeddable":true,"href":"https:\/\/sites.uab.pt\/cantanhede-historia-arte-e-patrimonio\/wp-json\/wp\/v2\/affiliation?post=764"}],"curies":[{"name":"wp","href":"https:\/\/api.w.org\/{rel}","templated":true}]}}

Pedro António Vaz Cardoso

<p>Licenciado em Biologia, pela Faculdade de Ciências e Tecnologia da Universidade de Coimbra.</p>



<p>Vice-Presidente Câmara Municipal de Cantanhede, desde 2017, com os pelouros da Educação, Cultura,&nbsp;Gestão Urbanística e Ordenamento do Território,<br>Assuntos Jurídicos e Contencioso, Juventude.</p>



<p>Presidente do Conselho de Administração ABAP.</p>



<p>Membro do Conselho de Administração da AREAC.</p>



<p>Vereador da Câmara Municipal de Cantanhede, em Regime de Permanência, com Competências Delegadas, nas áreas Cultura, Educação, Solidariedade e Acão Social, Feiras e Mercados, Turismo, Fiscalização e Contraordenações, Ambiente e Qualidade de Vida – mandato 2009-2013 e 2013-2017. Presidente da CPCJ de Cantanhede – Comissão de Proteção de Crianças e Jovens de Cantanhede nestes mandatos.</p>



<p>Vice-presidente da Comissão Executiva da EXPOFACIC 2009-2017.</p>



<p>Vereador da Câmara Municipal de Cantanhede, em Regime de Permanência, com Competências Delegadas, nas áreas da Cultura, Educação, Solidariedade e Acção Social, Turismo, Feiras e Mercados – mandato 2005-2009.</p>

Licenciado em Biologia, pela Faculdade de Ciências e Tecnologia da Universidade de Coimbra. Vice-Presidente Câmara Municipal de Cantanhede, desde 2017, com os pelouros da Educação, Cultura,&nbsp;Gestão Urbanística e Ordenamento do Território,Assuntos Jurídicos e Contencioso, Juventude. Presidente do Conselho de Administração ABAP. Membro do Conselho de Administração da AREAC. Vereador da Câmara Municipal de Cantanhede, em [&hellip;]
