{"id":774,"date":"2022-10-23T14:14:55","date_gmt":"2022-10-23T14:14:55","guid":{"rendered":"https:\/\/sites.uab.pt\/congresso-humanidades\/?post_type=element&#038;p=774"},"modified":"2026-03-04T15:24:45","modified_gmt":"2026-03-04T15:24:45","slug":"madalena-oudinot-larcher","status":"publish","type":"element","link":"https:\/\/sites.uab.pt\/cantanhede-historia-arte-e-patrimonio\/conhecer\/madalena-oudinot-larcher\/","title":{"rendered":"Maria Madalena G.B. Pessoa Jorge Oudinot Larcher"},"content":{"rendered":"\n<p>Licenciada em Hist\u00f3ria pela Universidade de Bras\u00edlia. Doutora em Hist\u00f3ria pela Universidade Cat\u00f3lica de Lovaina. Membro da Dire\u00e7\u00e3o do Instituto Hist\u00f3rico da Beira C\u00f4a. Investigadora integrada do CHAM-Centro de Humanidades \u2013 Universidade Nova de Lisboa. Professora de Hist\u00f3ria no Instituto Polit\u00e9cnico de Tomar.&nbsp;Tem-se dedicado \u00e0 investiga\u00e7\u00e3o no dom\u00ednio da Hist\u00f3ria Eclesi\u00e1stica, nomeadamente da Ordem de Cristo e Padroado, e organizado v\u00e1rios col\u00f3quios nacionais e internacionais nas \u00e1reas da Hist\u00f3ria Institucional e do Patrim\u00f3nio. <\/p>\n","protected":false},"excerpt":{"rendered":"Licenciada em Hist\u00f3ria pela Universidade de Bras\u00edlia. Doutora em Hist\u00f3ria pela Universidade Cat\u00f3lica de Lovaina. Membro da Dire\u00e7\u00e3o do Instituto Hist\u00f3rico da Beira C\u00f4a. Investigadora integrada do CHAM-Centro de Humanidades \u2013 Universidade Nova de Lisboa. Professora de Hist\u00f3ria no Instituto Polit\u00e9cnico de Tomar.&nbsp;Tem-se dedicado \u00e0 investiga\u00e7\u00e3o no dom\u00ednio da Hist\u00f3ria Eclesi\u00e1stica, nomeadamente da Ordem de [&hellip;]","protected":false},"featured_media":906,"parent":0,"template":"","edition":[24,25,26,30],"group":[6,5],"affiliation":[18],"_links":{"self":[{"href":"https:\/\/sites.uab.pt\/cantanhede-historia-arte-e-patrimonio\/wp-json\/wp\/v2\/element\/774","targetHints":{"allow":["GET"]}}],"collection":[{"href":"https:\/\/sites.uab.pt\/cantanhede-historia-arte-e-patrimonio\/wp-json\/wp\/v2\/element"}],"about":[{"href":"https:\/\/sites.uab.pt\/cantanhede-historia-arte-e-patrimonio\/wp-json\/wp\/v2\/types\/element"}],"wp:featuredmedia":[{"embeddable":true,"href":"https:\/\/sites.uab.pt\/cantanhede-historia-arte-e-patrimonio\/wp-json\/wp\/v2\/media\/906"}],"wp:attachment":[{"href":"https:\/\/sites.uab.pt\/cantanhede-historia-arte-e-patrimonio\/wp-json\/wp\/v2\/media?parent=774"}],"wp:term":[{"taxonomy":"edition","embeddable":true,"href":"https:\/\/sites.uab.pt\/cantanhede-historia-arte-e-patrimonio\/wp-json\/wp\/v2\/edition?post=774"},{"taxonomy":"group","embeddable":true,"href":"https:\/\/sites.uab.pt\/cantanhede-historia-arte-e-patrimonio\/wp-json\/wp\/v2\/group?post=774"},{"taxonomy":"affiliation","embeddable":true,"href":"https:\/\/sites.uab.pt\/cantanhede-historia-arte-e-patrimonio\/wp-json\/wp\/v2\/affiliation?post=774"}],"curies":[{"name":"wp","href":"https:\/\/api.w.org\/{rel}","templated":true}]}}

<p>Licenciada em História pela Universidade de Brasília. Doutora em História pela Universidade Católica de Lovaina. Membro da Direção do Instituto Histórico da Beira Côa. Investigadora integrada do CHAM-Centro de Humanidades – Universidade Nova de Lisboa. Professora de História no Instituto Politécnico de Tomar.&nbsp;Tem-se dedicado à investigação no domínio da História Eclesiástica, nomeadamente da Ordem de Cristo e Padroado, e organizado vários colóquios nacionais e internacionais nas áreas da História Institucional e do Património. </p>

Licenciada em História pela Universidade de Brasília. Doutora em História pela Universidade Católica de Lovaina. Membro da Direção do Instituto Histórico da Beira Côa. Investigadora integrada do CHAM-Centro de Humanidades – Universidade Nova de Lisboa. Professora de História no Instituto Politécnico de Tomar.&nbsp;Tem-se dedicado à investigação no domínio da História Eclesiástica, nomeadamente da Ordem de [&hellip;]
