{"id":787,"date":"2022-10-23T14:24:19","date_gmt":"2022-10-23T14:24:19","guid":{"rendered":"https:\/\/sites.uab.pt\/congresso-humanidades\/?post_type=element&#038;p=787"},"modified":"2026-03-04T15:25:38","modified_gmt":"2026-03-04T15:25:38","slug":"virgolino-ferreira-jorge","status":"publish","type":"element","link":"https:\/\/sites.uab.pt\/cantanhede-historia-arte-e-patrimonio\/conhecer\/virgolino-ferreira-jorge\/","title":{"rendered":"Virgolino Ferreira Jorge"},"content":{"rendered":"\n<p>Professor aposentado de Arquitetura, da Universidade de \u00c9vora, e membro da Academia Nacional de Belas-Artes e da Academia Portuguesa da Hist\u00f3ria.<\/p>\n\n\n\n<p>Na sua universidade, criou e dirigiu o curso de mestrado em Recupera\u00e7\u00e3o do Patrim\u00f3nio Arquitet\u00f3nico e Paisag\u00edstico e o doutoramento em Conserva\u00e7\u00e3o do Patrim\u00f3nio Arquitet\u00f3nico.<\/p>\n\n\n\n<p>&nbsp;As suas \u00e1reas de estudo principais s\u00e3o a Hidr\u00e1ulica Mon\u00e1stico-Conventual (Idade M\u00e9dia e Moderna), a Arquitetura Religiosa Medieval (mosteiros cistercienses e conventos franciscanos) e a Teoria e Hist\u00f3ria da Conserva\u00e7\u00e3o (patrim\u00f3nio arquitet\u00f3nico).<\/p>\n\n\n\n<p><\/p>\n","protected":false},"excerpt":{"rendered":"Professor aposentado de Arquitetura, da Universidade de \u00c9vora, e membro da Academia Nacional de Belas-Artes e da Academia Portuguesa da Hist\u00f3ria. Na sua universidade, criou e dirigiu o curso de mestrado em Recupera\u00e7\u00e3o do Patrim\u00f3nio Arquitet\u00f3nico e Paisag\u00edstico e o doutoramento em Conserva\u00e7\u00e3o do Patrim\u00f3nio Arquitet\u00f3nico. &nbsp;As suas \u00e1reas de estudo principais s\u00e3o a Hidr\u00e1ulica [&hellip;]","protected":false},"featured_media":896,"parent":0,"template":"","edition":[24,25,26,30],"group":[6],"affiliation":[16],"_links":{"self":[{"href":"https:\/\/sites.uab.pt\/cantanhede-historia-arte-e-patrimonio\/wp-json\/wp\/v2\/element\/787","targetHints":{"allow":["GET"]}}],"collection":[{"href":"https:\/\/sites.uab.pt\/cantanhede-historia-arte-e-patrimonio\/wp-json\/wp\/v2\/element"}],"about":[{"href":"https:\/\/sites.uab.pt\/cantanhede-historia-arte-e-patrimonio\/wp-json\/wp\/v2\/types\/element"}],"wp:featuredmedia":[{"embeddable":true,"href":"https:\/\/sites.uab.pt\/cantanhede-historia-arte-e-patrimonio\/wp-json\/wp\/v2\/media\/896"}],"wp:attachment":[{"href":"https:\/\/sites.uab.pt\/cantanhede-historia-arte-e-patrimonio\/wp-json\/wp\/v2\/media?parent=787"}],"wp:term":[{"taxonomy":"edition","embeddable":true,"href":"https:\/\/sites.uab.pt\/cantanhede-historia-arte-e-patrimonio\/wp-json\/wp\/v2\/edition?post=787"},{"taxonomy":"group","embeddable":true,"href":"https:\/\/sites.uab.pt\/cantanhede-historia-arte-e-patrimonio\/wp-json\/wp\/v2\/group?post=787"},{"taxonomy":"affiliation","embeddable":true,"href":"https:\/\/sites.uab.pt\/cantanhede-historia-arte-e-patrimonio\/wp-json\/wp\/v2\/affiliation?post=787"}],"curies":[{"name":"wp","href":"https:\/\/api.w.org\/{rel}","templated":true}]}}

<p>Professor aposentado de Arquitetura, da Universidade de Évora, e membro da Academia Nacional de Belas-Artes e da Academia Portuguesa da História.</p>



<p>Na sua universidade, criou e dirigiu o curso de mestrado em Recuperação do Património Arquitetónico e Paisagístico e o doutoramento em Conservação do Património Arquitetónico.</p>



<p>&nbsp;As suas áreas de estudo principais são a Hidráulica Monástico-Conventual (Idade Média e Moderna), a Arquitetura Religiosa Medieval (mosteiros cistercienses e conventos franciscanos) e a Teoria e História da Conservação (património arquitetónico).</p>



<p></p>

Professor aposentado de Arquitetura, da Universidade de Évora, e membro da Academia Nacional de Belas-Artes e da Academia Portuguesa da História. Na sua universidade, criou e dirigiu o curso de mestrado em Recuperação do Património Arquitetónico e Paisagístico e o doutoramento em Conservação do Património Arquitetónico. &nbsp;As suas áreas de estudo principais são a Hidráulica [&hellip;]
