{"id":789,"date":"2022-10-23T14:25:40","date_gmt":"2022-10-23T14:25:40","guid":{"rendered":"https:\/\/sites.uab.pt\/congresso-humanidades\/?post_type=element&#038;p=789"},"modified":"2026-03-04T15:24:22","modified_gmt":"2026-03-04T15:24:22","slug":"pedro-de-sa-nogueira-saraiva","status":"publish","type":"element","link":"https:\/\/sites.uab.pt\/cantanhede-historia-arte-e-patrimonio\/conhecer\/pedro-de-sa-nogueira-saraiva\/","title":{"rendered":"Pedro de S\u00e1 Nogueira Saraiva"},"content":{"rendered":"\n<p>Licenciado em Direito pela Universalidade Lisboa e com p\u00f3s-gradua\u00e7\u00e3o em Direito das Comunica\u00e7\u00f5es pela Faculdade de Direito da Universidade de Coimbra.<\/p>\n\n\n\n<p>Associado da Sociedade de Geografia de Lisboa, do Centro Nacional de Cultura, da Associa\u00e7\u00e3o dos Arquitetos&nbsp;Portugueses e da Sociedade Hist\u00f3rica da Independ\u00eancia de Portugal.<\/p>\n\n\n\n<p>Membro fundador e atual presidente da associa\u00e7\u00e3o cultural sem fins lucrativos \u201cC\u00edrculo Portugu\u00eas de Estudos Human\u00edsticos Humana.Idade XXI.<\/p>\n\n\n\n<p><\/p>\n","protected":false},"excerpt":{"rendered":"Licenciado em Direito pela Universalidade Lisboa e com p\u00f3s-gradua\u00e7\u00e3o em Direito das Comunica\u00e7\u00f5es pela Faculdade de Direito da Universidade de Coimbra. Associado da Sociedade de Geografia de Lisboa, do Centro Nacional de Cultura, da Associa\u00e7\u00e3o dos Arquitetos&nbsp;Portugueses e da Sociedade Hist\u00f3rica da Independ\u00eancia de Portugal. Membro fundador e atual presidente da associa\u00e7\u00e3o cultural sem fins [&hellip;]","protected":false},"featured_media":938,"parent":0,"template":"","edition":[24,25,26,30],"group":[5],"affiliation":[22],"_links":{"self":[{"href":"https:\/\/sites.uab.pt\/cantanhede-historia-arte-e-patrimonio\/wp-json\/wp\/v2\/element\/789","targetHints":{"allow":["GET"]}}],"collection":[{"href":"https:\/\/sites.uab.pt\/cantanhede-historia-arte-e-patrimonio\/wp-json\/wp\/v2\/element"}],"about":[{"href":"https:\/\/sites.uab.pt\/cantanhede-historia-arte-e-patrimonio\/wp-json\/wp\/v2\/types\/element"}],"wp:featuredmedia":[{"embeddable":true,"href":"https:\/\/sites.uab.pt\/cantanhede-historia-arte-e-patrimonio\/wp-json\/wp\/v2\/media\/938"}],"wp:attachment":[{"href":"https:\/\/sites.uab.pt\/cantanhede-historia-arte-e-patrimonio\/wp-json\/wp\/v2\/media?parent=789"}],"wp:term":[{"taxonomy":"edition","embeddable":true,"href":"https:\/\/sites.uab.pt\/cantanhede-historia-arte-e-patrimonio\/wp-json\/wp\/v2\/edition?post=789"},{"taxonomy":"group","embeddable":true,"href":"https:\/\/sites.uab.pt\/cantanhede-historia-arte-e-patrimonio\/wp-json\/wp\/v2\/group?post=789"},{"taxonomy":"affiliation","embeddable":true,"href":"https:\/\/sites.uab.pt\/cantanhede-historia-arte-e-patrimonio\/wp-json\/wp\/v2\/affiliation?post=789"}],"curies":[{"name":"wp","href":"https:\/\/api.w.org\/{rel}","templated":true}]}}

Pedro de Sá Nogueira Saraiva

<p>Licenciado em Direito pela Universalidade Lisboa e com pós-graduação em Direito das Comunicações pela Faculdade de Direito da Universidade de Coimbra.</p>



<p>Associado da Sociedade de Geografia de Lisboa, do Centro Nacional de Cultura, da Associação dos Arquitetos&nbsp;Portugueses e da Sociedade Histórica da Independência de Portugal.</p>



<p>Membro fundador e atual presidente da associação cultural sem fins lucrativos “Círculo Português de Estudos Humanísticos Humana.Idade XXI.</p>



<p></p>

Licenciado em Direito pela Universalidade Lisboa e com pós-graduação em Direito das Comunicações pela Faculdade de Direito da Universidade de Coimbra. Associado da Sociedade de Geografia de Lisboa, do Centro Nacional de Cultura, da Associação dos Arquitetos&nbsp;Portugueses e da Sociedade Histórica da Independência de Portugal. Membro fundador e atual presidente da associação cultural sem fins [&hellip;]
