{"id":139,"date":"2022-10-19T22:41:51","date_gmt":"2022-10-19T22:41:51","guid":{"rendered":"https:\/\/sites.uab.pt\/congresso-humanidades\/?page_id=139"},"modified":"2026-03-06T13:56:06","modified_gmt":"2026-03-06T13:56:06","slug":"apresentacao","status":"publish","type":"page","link":"https:\/\/sites.uab.pt\/cantanhede-historia-arte-e-patrimonio\/","title":{"rendered":"Apresenta\u00e7\u00e3o"},"content":{"rendered":"\n<h2 class=\"wp-block-heading has-text-color has-large-font-size\" style=\"color:#942626\"><a>Encontros&nbsp;Cantanhede, Hist\u00f3ria, Arte e Patrim\u00f3nio<\/a><\/h2>\n\n\n\n<p class=\"has-medium-font-size\"><\/p>\n\n\n\n<p>A hist\u00f3ria, a arte e o patrim\u00f3nio constituem express\u00f5es maiores da mem\u00f3ria de uma comunidade. Uma mem\u00f3ria que, em sentido pleno, se constr\u00f3i na rela\u00e7\u00e3o entre o tempo vivido, a experi\u00eancia partilhada e o devir. \u00c9 soma de viv\u00eancias, registo de realidades plurais e tecido de afetividades que atravessam gera\u00e7\u00f5es.<\/p>\n\n\n\n<p>Foi neste esp\u00edrito que se realizou, em 2022, o<a href=\"https:\/\/sites.uab.pt\/cantanhede-historia-arte-e-patrimonio\/encontros\/retrospetiva\/\"> I Encontro Cantanhede<\/a> \u2013 Hist\u00f3ria, Arte e Patrim\u00f3nio, desde logo assim designado por nascer com voca\u00e7\u00e3o de continuidade. Essa inten\u00e7\u00e3o confirmou-se em 2023, quando o <a href=\"https:\/\/sites.uab.pt\/cantanhede-historia-arte-e-patrimonio\/encontros\/ii-encontro\/ii-encontro\/\">II Encontro<\/a> trouxe a reflex\u00e3o e o debate a Cantanhede e a An\u00e7\u00e3. Em 2025, sob o mote Cantanhede na Expans\u00e3o, o <a href=\"https:\/\/sites.uab.pt\/cantanhede-historia-arte-e-patrimonio\/iii-encontro\/\">III Encontro<\/a> alargou horizontes, decorrendo em Cantanhede, An\u00e7\u00e3 e Lisboa.<\/p>\n\n\n\n<p>O cruzamento do percurso de Jo\u00e3o de Ru\u00e3o com Cantanhede surge agora como est\u00edmulo e desafio para que o <strong>IV Encontro \u2013 Cantanhede, Hist\u00f3ria, Arte e Patrim\u00f3nio<\/strong> adote, em 2026, o tema <strong>Revisitando Jo\u00e3o de Ru\u00e3o<\/strong>, convidando \u00e0 reinterpreta\u00e7\u00e3o cr\u00edtica e contempor\u00e2nea de uma figura maior da nossa hist\u00f3ria art\u00edstica e patrimonial, nos dias <strong>27 de mar\u00e7o<\/strong> (Cantanhede), <strong>28 de mar\u00e7o<\/strong> (Coimbra) e <strong>15 de abril<\/strong> (Lisboa).<\/p>\n\n\n\n<p>Foi presumivelmente pela m\u00e3o de D.Jorge de Meneses, senhor de Cantanhede, que o artista, que o sobrenome topon\u00edmico denuncia como ruanense, recentemente chegado a Portugal, se deslocou das cercanias do Tejo para as do Mondego, para lavrar o ret\u00e1bulo da Varziela, antec\u00e2mara dos seus trabalhos em Coimbra. E a Cantanhede voltaria, agora pela m\u00e3o desse edificador que foi D.Jo\u00e3o de Meneses, que sucedera no senhorio de Cantanhede em 1533, para, como testemunha o alvar\u00e1 do primeiro de junho de 1542, obrar no pante\u00e3o dos Meneses, a capela situada do lado da Ep\u00edstola da cabeceira da Matriz de Cantanhede.<\/p>\n\n\n\n<p>A aten\u00e7\u00e3o historiogr\u00e1fica que tem merecido este artista multifacetado, figura central do Renascimento, tem-se incentivado, mas n\u00e3o sem colmatar quest\u00f5es que permanecem em aberto.<\/p>\n\n\n\n<p>Da\u00ed justificar-se esta revisita\u00e7\u00e3o de Jo\u00e3o de Ru\u00e3o, que re\u00fane uma dezena de estudiosos para quem a figura era j\u00e1 conhecida.<\/p>\n\n\n\n<p>Revisitar-se-\u00e3o a personalidade e os seus la\u00e7os familiares, a g\u00e9nese da obra, a transversalidade dos modelos compositivos, as tipologias e modelos formais e estil\u00edsticos, a aplica\u00e7\u00e3o de princ\u00edpios geom\u00e9tricos e matem\u00e1ticos. Percorrer-se-\u00e3o os trabalhos em Cantanhede, Coimbra, na S\u00e9 Velha e em Santa Cruz, e em Sta.Iria de Tomar. Enunciar-se-\u00e3o quest\u00f5es, tecer-se-\u00e3o hip\u00f3teses, corroborar-se-\u00e3o elementos.<\/p>\n\n\n\n<p>Espa\u00e7os que o artista percorreu, Cantanhede, a S\u00e9 Velha de Coimbra e o Mosteiro de Santa Cruz, com o seu jardim da Manga ser\u00e3o o espa\u00e7o desta revisita\u00e7\u00e3o|. Depois, rememorando seu filho Jer\u00f3nimo, que herdou a voca\u00e7\u00e3o arquitet\u00f3nica paterna, estender-se-\u00e1 o itiner\u00e1rio a Lisboa, a Igreja da Luz e o Mosteiro de Santa Maria de Bel\u00e9m, cujos altares-mores tra\u00e7ou.<\/p>\n\n\n\n<p><strong>Programa: <a href=\"https:\/\/sites.uab.pt\/cantanhede-historia-arte-e-patrimonio\/programa-iv-encontro\/\">https:\/\/sites.uab.pt\/cantanhede-historia-arte-e-patrimonio\/programa-iv-encontro\/<\/a><\/strong><\/p>\n\n\n\n<p><strong>Inscri\u00e7\u00f5es:<\/strong> <a href=\"https:\/\/forms.gle\/7DHrocfB6czqFEM56\"><strong>https:\/\/forms.gle\/7DHrocfB6czqFEM56<\/strong><\/a><\/p>\n\n\n\n<h2 class=\"wp-block-heading has-luminous-vivid-amber-color has-text-color has-medium-font-size\"><strong>COMISS\u00c3O ORGANIZADORA<\/strong><\/h2>\n\n\n\n        \n\n    <div class=\"\">\n        <ul class=\"elements row list-unstyled justify-content-center\">\n            \t\t\t\t<li class=\" flex-column col-12 col-lg-6  d-flex align-items-center element py-3\">\n\t\t\t\t\t<a href=\"https:\/\/sites.uab.pt\/cantanhede-historia-arte-e-patrimonio\/conhecer\/fernando-oudinot-larcher\/\"  class=\"d-flex flex-column align-items-center text-decoration-none\" title=\"Saber mais sobre Fernando Oudinot Larcher\">\n\t\t\t\t\t\t\t\t\t\t\t\t\t\t\t\t\t\t<div class=\"entry-thumbnail-wrapper-bg\"><div class=\"entry-thumbnail-wrapper\"><img decoding=\"async\" src=\"https:\/\/sites.uab.pt\/cantanhede-historia-arte-e-patrimonio\/wp-content\/uploads\/sites\/22\/2022\/10\/IMG_20221210_181144-1-e1675179681431.jpg\" width=\"1982\" height=\"1982\" class=\"attachment-news-list-thumbnails-size size-news-list-thumbnails-size block entry-thumbnail img-fluid\" alt=\"Fernando Oudinot Larcher\" srcset=\"https:\/\/sites.uab.pt\/cantanhede-historia-arte-e-patrimonio\/wp-content\/uploads\/sites\/22\/2022\/10\/IMG_20221210_181144-1-e1675179681431.jpg 1982w, https:\/\/sites.uab.pt\/cantanhede-historia-arte-e-patrimonio\/wp-content\/uploads\/sites\/22\/2022\/10\/IMG_20221210_181144-1-e1675179681431-300x300.jpg 300w, https:\/\/sites.uab.pt\/cantanhede-historia-arte-e-patrimonio\/wp-content\/uploads\/sites\/22\/2022\/10\/IMG_20221210_181144-1-e1675179681431-1024x1024.jpg 1024w, https:\/\/sites.uab.pt\/cantanhede-historia-arte-e-patrimonio\/wp-content\/uploads\/sites\/22\/2022\/10\/IMG_20221210_181144-1-e1675179681431-150x150.jpg 150w, https:\/\/sites.uab.pt\/cantanhede-historia-arte-e-patrimonio\/wp-content\/uploads\/sites\/22\/2022\/10\/IMG_20221210_181144-1-e1675179681431-768x768.jpg 768w, https:\/\/sites.uab.pt\/cantanhede-historia-arte-e-patrimonio\/wp-content\/uploads\/sites\/22\/2022\/10\/IMG_20221210_181144-1-e1675179681431-1536x1536.jpg 1536w\" sizes=\"auto, (max-width: 1982px) 100vw, 1982px\"  loading=\"lazy\"><\/div><\/div>\n\t\t\t\t\t\t\n\t\t\t\t\t\t<div class=\"element-info\">\n\t\t\t\t\t\t\t<div class=\"title\">Fernando Oudinot Larcher<\/div>\n\t\t\t\t\t\t\t\n\t\t\t\t\t\t\t\t\t\t\t\t\t\t\t\t\t\t\t\t\t\t<dl class=\"affiliation-wrapper\"><dt class=\"affiliation-label visually-hidden\">Afilia\u00e7\u00e3o: <\/dt><dd class=\"affiliation-value\">C\u00edrculo Portugu\u00eas de Estudos Human\u00edsticos<\/dd><\/dl>\n\t\t\t\t\t\t\t\n\t\t\t\t\t\t\t\t\t\t\t\t\t<\/div>\n\t\t\t\t\t<\/a>\n\t\t\t\t<\/li>\n            \t\t\t\t<li class=\" flex-column col-12 col-lg-6  d-flex align-items-center element py-3\">\n\t\t\t\t\t<a href=\"https:\/\/sites.uab.pt\/cantanhede-historia-arte-e-patrimonio\/conhecer\/guilhermina-mota\/\"  class=\"d-flex flex-column align-items-center text-decoration-none\" title=\"Saber mais sobre Guilhermina Mota\">\n\t\t\t\t\t\t\t\t\t\t\t\t\t\t\t\t\t\t<div class=\"entry-thumbnail-wrapper-bg\"><div class=\"entry-thumbnail-wrapper\"><img decoding=\"async\" src=\"https:\/\/sites.uab.pt\/cantanhede-historia-arte-e-patrimonio\/wp-content\/uploads\/sites\/22\/2022\/10\/thumbnail_guimota-e1671187440523.jpg\" width=\"590\" height=\"709\" class=\"attachment-news-list-thumbnails-size size-news-list-thumbnails-size block entry-thumbnail img-fluid\" alt=\"Guilhermina Mota\" srcset=\"https:\/\/sites.uab.pt\/cantanhede-historia-arte-e-patrimonio\/wp-content\/uploads\/sites\/22\/2022\/10\/thumbnail_guimota-e1671187440523.jpg 590w, https:\/\/sites.uab.pt\/cantanhede-historia-arte-e-patrimonio\/wp-content\/uploads\/sites\/22\/2022\/10\/thumbnail_guimota-e1671187440523-250x300.jpg 250w\" sizes=\"auto, (max-width: 590px) 100vw, 590px\"  loading=\"lazy\"><\/div><\/div>\n\t\t\t\t\t\t\n\t\t\t\t\t\t<div class=\"element-info\">\n\t\t\t\t\t\t\t<div class=\"title\">Guilhermina Mota<\/div>\n\t\t\t\t\t\t\t\n\t\t\t\t\t\t\t\t\t\t\t\t\t\t\t\t\t\t\t\t\t\t<dl class=\"affiliation-wrapper\"><dt class=\"affiliation-label visually-hidden\">Afilia\u00e7\u00e3o: <\/dt><dd class=\"affiliation-value\">Professora Aposentada da Universidade de Coimbra<\/dd><\/dl>\n\t\t\t\t\t\t\t\n\t\t\t\t\t\t\t\t\t\t\t\t\t<\/div>\n\t\t\t\t\t<\/a>\n\t\t\t\t<\/li>\n            \t\t\t\t<li class=\" flex-column col-12 col-lg-6  d-flex align-items-center element py-3\">\n\t\t\t\t\t<a href=\"https:\/\/sites.uab.pt\/cantanhede-historia-arte-e-patrimonio\/conhecer\/nunc-dictum\/\"  class=\"d-flex flex-column align-items-center text-decoration-none\" title=\"Saber mais sobre Jo\u00e3o da Cunha Matos\u00a0\">\n\t\t\t\t\t\t\t\t\t\t\t\t\t\t\t\t\t\t<div class=\"entry-thumbnail-wrapper-bg\"><div class=\"entry-thumbnail-wrapper\"><img decoding=\"async\" src=\"https:\/\/sites.uab.pt\/cantanhede-historia-arte-e-patrimonio\/wp-content\/uploads\/sites\/22\/2022\/10\/FOTO-Joao-C.-Matos.jpg\" width=\"428\" height=\"612\" class=\"attachment-news-list-thumbnails-size size-news-list-thumbnails-size block entry-thumbnail img-fluid\" alt=\"Jo\u00e3o da Cunha Matos\" srcset=\"https:\/\/sites.uab.pt\/cantanhede-historia-arte-e-patrimonio\/wp-content\/uploads\/sites\/22\/2022\/10\/FOTO-Joao-C.-Matos.jpg 428w, https:\/\/sites.uab.pt\/cantanhede-historia-arte-e-patrimonio\/wp-content\/uploads\/sites\/22\/2022\/10\/FOTO-Joao-C.-Matos-210x300.jpg 210w\" sizes=\"auto, (max-width: 428px) 100vw, 428px\"  loading=\"lazy\"><\/div><\/div>\n\t\t\t\t\t\t\n\t\t\t\t\t\t<div class=\"element-info\">\n\t\t\t\t\t\t\t<div class=\"title\">Jo\u00e3o da Cunha Matos\u00a0<\/div>\n\t\t\t\t\t\t\t\n\t\t\t\t\t\t\t\t\t\t\t\t\t\t\t\t\t\t\t\t\t\t<dl class=\"affiliation-wrapper\"><dt class=\"affiliation-label visually-hidden\">Afilia\u00e7\u00e3o: <\/dt><dd class=\"affiliation-value\">Professor Aposentado do Instituto Polit\u00e9cnico de Tomar<\/dd><\/dl>\n\t\t\t\t\t\t\t\n\t\t\t\t\t\t\t\t\t\t\t\t\t<\/div>\n\t\t\t\t\t<\/a>\n\t\t\t\t<\/li>\n            \t\t\t\t<li class=\" flex-column col-12 col-lg-6  d-flex align-items-center element py-3\">\n\t\t\t\t\t<a href=\"https:\/\/sites.uab.pt\/cantanhede-historia-arte-e-patrimonio\/conhecer\/jose-das-candeias-sales\/\"  class=\"d-flex flex-column align-items-center text-decoration-none\" title=\"Saber mais sobre Jos\u00e9 das Candeias Sales\">\n\t\t\t\t\t\t\t\t\t\t\t\t\t\t\t\t\t\t<div class=\"entry-thumbnail-wrapper-bg\"><div class=\"entry-thumbnail-wrapper\"><img decoding=\"async\" src=\"https:\/\/sites.uab.pt\/cantanhede-historia-arte-e-patrimonio\/wp-content\/uploads\/sites\/22\/2022\/10\/JSALES_FOTO_300dpi.jpg\" width=\"591\" height=\"839\" class=\"attachment-news-list-thumbnails-size size-news-list-thumbnails-size block entry-thumbnail img-fluid\" alt=\"Prof. Doutor Jos\u00e9 das Candeias Sales\" srcset=\"https:\/\/sites.uab.pt\/cantanhede-historia-arte-e-patrimonio\/wp-content\/uploads\/sites\/22\/2022\/10\/JSALES_FOTO_300dpi.jpg 591w, https:\/\/sites.uab.pt\/cantanhede-historia-arte-e-patrimonio\/wp-content\/uploads\/sites\/22\/2022\/10\/JSALES_FOTO_300dpi-211x300.jpg 211w\" sizes=\"auto, (max-width: 591px) 100vw, 591px\"  loading=\"lazy\"><\/div><\/div>\n\t\t\t\t\t\t\n\t\t\t\t\t\t<div class=\"element-info\">\n\t\t\t\t\t\t\t<div class=\"title\">Jos\u00e9 das Candeias Sales<\/div>\n\t\t\t\t\t\t\t\n\t\t\t\t\t\t\t\t\t\t\t\t\t\t\t\t\t\t\t\t\t\t<dl class=\"affiliation-wrapper\"><dt class=\"affiliation-label visually-hidden\">Afilia\u00e7\u00e3o: <\/dt><dd class=\"affiliation-value\">Universidade Aberta<\/dd><\/dl>\n\t\t\t\t\t\t\t\n\t\t\t\t\t\t\t\t\t\t\t\t\t<\/div>\n\t\t\t\t\t<\/a>\n\t\t\t\t<\/li>\n            \t\t\t\t<li class=\" flex-column col-12 col-lg-6  d-flex align-items-center element py-3\">\n\t\t\t\t\t<a href=\"https:\/\/sites.uab.pt\/cantanhede-historia-arte-e-patrimonio\/conhecer\/madalena-oudinot-larcher\/\"  class=\"d-flex flex-column align-items-center text-decoration-none\" title=\"Saber mais sobre Maria Madalena G.B. Pessoa Jorge Oudinot Larcher\">\n\t\t\t\t\t\t\t\t\t\t\t\t\t\t\t\t\t\t<div class=\"entry-thumbnail-wrapper-bg\"><div class=\"entry-thumbnail-wrapper\"><img decoding=\"async\" src=\"https:\/\/sites.uab.pt\/cantanhede-historia-arte-e-patrimonio\/wp-content\/uploads\/sites\/22\/2022\/10\/IMG_20221210_173031-scaled.jpg\" width=\"2538\" height=\"2560\" class=\"attachment-news-list-thumbnails-size size-news-list-thumbnails-size block entry-thumbnail img-fluid\" alt=\"Maria Madalena Oudinot Larcher\" srcset=\"https:\/\/sites.uab.pt\/cantanhede-historia-arte-e-patrimonio\/wp-content\/uploads\/sites\/22\/2022\/10\/IMG_20221210_173031-scaled.jpg 2538w, https:\/\/sites.uab.pt\/cantanhede-historia-arte-e-patrimonio\/wp-content\/uploads\/sites\/22\/2022\/10\/IMG_20221210_173031-297x300.jpg 297w, https:\/\/sites.uab.pt\/cantanhede-historia-arte-e-patrimonio\/wp-content\/uploads\/sites\/22\/2022\/10\/IMG_20221210_173031-1015x1024.jpg 1015w, https:\/\/sites.uab.pt\/cantanhede-historia-arte-e-patrimonio\/wp-content\/uploads\/sites\/22\/2022\/10\/IMG_20221210_173031-150x150.jpg 150w, https:\/\/sites.uab.pt\/cantanhede-historia-arte-e-patrimonio\/wp-content\/uploads\/sites\/22\/2022\/10\/IMG_20221210_173031-768x775.jpg 768w, https:\/\/sites.uab.pt\/cantanhede-historia-arte-e-patrimonio\/wp-content\/uploads\/sites\/22\/2022\/10\/IMG_20221210_173031-1523x1536.jpg 1523w, https:\/\/sites.uab.pt\/cantanhede-historia-arte-e-patrimonio\/wp-content\/uploads\/sites\/22\/2022\/10\/IMG_20221210_173031-2030x2048.jpg 2030w\" sizes=\"auto, (max-width: 2538px) 100vw, 2538px\"  loading=\"lazy\"><\/div><\/div>\n\t\t\t\t\t\t\n\t\t\t\t\t\t<div class=\"element-info\">\n\t\t\t\t\t\t\t<div class=\"title\">Maria Madalena G.B. Pessoa Jorge Oudinot Larcher<\/div>\n\t\t\t\t\t\t\t\n\t\t\t\t\t\t\t\t\t\t\t\t\t\t\t\t\t\t\t\t\t\t<dl class=\"affiliation-wrapper\"><dt class=\"affiliation-label visually-hidden\">Afilia\u00e7\u00e3o: <\/dt><dd class=\"affiliation-value\">C\u00edrculo Portugu\u00eas de Estudos Human\u00edsticos<\/dd><\/dl>\n\t\t\t\t\t\t\t\n\t\t\t\t\t\t\t\t\t\t\t\t\t<\/div>\n\t\t\t\t\t<\/a>\n\t\t\t\t<\/li>\n            \t\t\t\t<li class=\" flex-column col-12 col-lg-6  d-flex align-items-center element py-3\">\n\t\t\t\t\t<a href=\"https:\/\/sites.uab.pt\/cantanhede-historia-arte-e-patrimonio\/conhecer\/pedro-antonio-vaz-cardoso\/\"  class=\"d-flex flex-column align-items-center text-decoration-none\" title=\"Saber mais sobre Pedro Ant\u00f3nio Vaz Cardoso\">\n\t\t\t\t\t\t\t\t\t\t\t\t\t\t\t\t\t\t<div class=\"entry-thumbnail-wrapper-bg\"><div class=\"entry-thumbnail-wrapper\"><img decoding=\"async\" src=\"https:\/\/sites.uab.pt\/cantanhede-historia-arte-e-patrimonio\/wp-content\/uploads\/sites\/22\/2022\/10\/pedrocardoso.png\" width=\"877\" height=\"913\" class=\"attachment-news-list-thumbnails-size size-news-list-thumbnails-size block entry-thumbnail img-fluid\" alt=\"Pedro Ant\u00f3nio Vaz Cardoso\" srcset=\"https:\/\/sites.uab.pt\/cantanhede-historia-arte-e-patrimonio\/wp-content\/uploads\/sites\/22\/2022\/10\/pedrocardoso.png 877w, https:\/\/sites.uab.pt\/cantanhede-historia-arte-e-patrimonio\/wp-content\/uploads\/sites\/22\/2022\/10\/pedrocardoso-288x300.png 288w, https:\/\/sites.uab.pt\/cantanhede-historia-arte-e-patrimonio\/wp-content\/uploads\/sites\/22\/2022\/10\/pedrocardoso-768x800.png 768w\" sizes=\"auto, (max-width: 877px) 100vw, 877px\"  loading=\"lazy\"><\/div><\/div>\n\t\t\t\t\t\t\n\t\t\t\t\t\t<div class=\"element-info\">\n\t\t\t\t\t\t\t<div class=\"title\">Pedro Ant\u00f3nio Vaz Cardoso<\/div>\n\t\t\t\t\t\t\t\n\t\t\t\t\t\t\t\t\t\t\t\t\t\t\t\t\t\t\t\t\t\t<dl class=\"affiliation-wrapper\"><dt class=\"affiliation-label visually-hidden\">Afilia\u00e7\u00e3o: <\/dt><dd class=\"affiliation-value\">C\u00e2mara Municipal de Cantanhede<\/dd><\/dl>\n\t\t\t\t\t\t\t\n\t\t\t\t\t\t\t\t\t\t\t\t\t<\/div>\n\t\t\t\t\t<\/a>\n\t\t\t\t<\/li>\n            \t\t\t\t<li class=\" flex-column col-12 col-lg-6  d-flex align-items-center element py-3\">\n\t\t\t\t\t<a href=\"https:\/\/sites.uab.pt\/cantanhede-historia-arte-e-patrimonio\/conhecer\/pedro-de-sa-nogueira-saraiva\/\"  class=\"d-flex flex-column align-items-center text-decoration-none\" title=\"Saber mais sobre Pedro de S\u00e1 Nogueira Saraiva\">\n\t\t\t\t\t\t\t\t\t\t\t\t\t\t\t\t\t\t<div class=\"entry-thumbnail-wrapper-bg\"><div class=\"entry-thumbnail-wrapper\"><img decoding=\"async\" src=\"https:\/\/sites.uab.pt\/cantanhede-historia-arte-e-patrimonio\/wp-content\/uploads\/sites\/22\/2022\/10\/PSaraiva.jpg\" width=\"1133\" height=\"1045\" class=\"attachment-news-list-thumbnails-size size-news-list-thumbnails-size block entry-thumbnail img-fluid\" alt=\"Pedro Saraiva\" srcset=\"https:\/\/sites.uab.pt\/cantanhede-historia-arte-e-patrimonio\/wp-content\/uploads\/sites\/22\/2022\/10\/PSaraiva.jpg 1133w, https:\/\/sites.uab.pt\/cantanhede-historia-arte-e-patrimonio\/wp-content\/uploads\/sites\/22\/2022\/10\/PSaraiva-300x277.jpg 300w, https:\/\/sites.uab.pt\/cantanhede-historia-arte-e-patrimonio\/wp-content\/uploads\/sites\/22\/2022\/10\/PSaraiva-1024x944.jpg 1024w, https:\/\/sites.uab.pt\/cantanhede-historia-arte-e-patrimonio\/wp-content\/uploads\/sites\/22\/2022\/10\/PSaraiva-768x708.jpg 768w\" sizes=\"auto, (max-width: 1133px) 100vw, 1133px\"  loading=\"lazy\"><\/div><\/div>\n\t\t\t\t\t\t\n\t\t\t\t\t\t<div class=\"element-info\">\n\t\t\t\t\t\t\t<div class=\"title\">Pedro de S\u00e1 Nogueira Saraiva<\/div>\n\t\t\t\t\t\t\t\n\t\t\t\t\t\t\t\t\t\t\t\t\t\t\t\t\t\t\t\t\t\t<dl class=\"affiliation-wrapper\"><dt class=\"affiliation-label visually-hidden\">Afilia\u00e7\u00e3o: <\/dt><dd class=\"affiliation-value\">C\u00edrculo Portugu\u00eas de Estudos Human\u00edsticos &#8211; Humana.Idade XXI<\/dd><\/dl>\n\t\t\t\t\t\t\t\n\t\t\t\t\t\t\t\t\t\t\t\t\t<\/div>\n\t\t\t\t\t<\/a>\n\t\t\t\t<\/li>\n            \t\t\t\t<li class=\" flex-column col-12 col-lg-6  d-flex align-items-center element py-3\">\n\t\t\t\t\t<a href=\"https:\/\/sites.uab.pt\/cantanhede-historia-arte-e-patrimonio\/conhecer\/sonia-valente\/\"  class=\"d-flex flex-column align-items-center text-decoration-none\" title=\"Saber mais sobre S\u00f3nia Valente\">\n\t\t\t\t\t\t\t\t\t\t\t\t\t\t\t\t\t\t<div class=\"entry-thumbnail-wrapper-bg\"><div class=\"entry-thumbnail-wrapper\"><img decoding=\"async\" src=\"https:\/\/sites.uab.pt\/cantanhede-historia-arte-e-patrimonio\/wp-content\/uploads\/sites\/22\/2023\/11\/Educacao-para-que-Competencias-do-Seculo-XXI.png\" width=\"940\" height=\"788\" class=\"attachment-news-list-thumbnails-size size-news-list-thumbnails-size block entry-thumbnail img-fluid\" alt=\"S\u00f3nia Valente - Coordenadora do CLA Cantanhede\" srcset=\"https:\/\/sites.uab.pt\/cantanhede-historia-arte-e-patrimonio\/wp-content\/uploads\/sites\/22\/2023\/11\/Educacao-para-que-Competencias-do-Seculo-XXI.png 940w, https:\/\/sites.uab.pt\/cantanhede-historia-arte-e-patrimonio\/wp-content\/uploads\/sites\/22\/2023\/11\/Educacao-para-que-Competencias-do-Seculo-XXI-300x251.png 300w, https:\/\/sites.uab.pt\/cantanhede-historia-arte-e-patrimonio\/wp-content\/uploads\/sites\/22\/2023\/11\/Educacao-para-que-Competencias-do-Seculo-XXI-768x644.png 768w\" sizes=\"auto, (max-width: 940px) 100vw, 940px\"  loading=\"lazy\"><\/div><\/div>\n\t\t\t\t\t\t\n\t\t\t\t\t\t<div class=\"element-info\">\n\t\t\t\t\t\t\t<div class=\"title\">S\u00f3nia Valente<\/div>\n\t\t\t\t\t\t\t\n\t\t\t\t\t\t\t\t\t\t\t\t\t\t\t\t\t\t\t\t\t\t<dl class=\"affiliation-wrapper\"><dt class=\"affiliation-label visually-hidden\">Afilia\u00e7\u00e3o: <\/dt><dd class=\"affiliation-value\">Universidade Aberta<\/dd><\/dl>\n\t\t\t\t\t\t\t\n\t\t\t\t\t\t\t\t\t\t\t\t\t\t<div class=\"entry-bio\">Centro Local de Aprendizagem da Universidade Aberta em Cantanhede<\/div>\t\t\t\t\t\t\t\t\t\t\t\t\t<\/div>\n\t\t\t\t\t<\/a>\n\t\t\t\t<\/li>\n                    <\/ul>\n    <\/div>\n    <div class=\"clearfix\"><\/div>\n\n\n\n<p><\/p>\n","protected":false},"excerpt":{"rendered":"Encontros&nbsp;Cantanhede, Hist\u00f3ria, Arte e Patrim\u00f3nio A hist\u00f3ria, a arte e o patrim\u00f3nio constituem express\u00f5es maiores da mem\u00f3ria de uma comunidade. Uma mem\u00f3ria que, em sentido pleno, se constr\u00f3i na rela\u00e7\u00e3o entre o tempo vivido, a experi\u00eancia partilhada e o devir. \u00c9 soma de viv\u00eancias, registo de realidades plurais e tecido de afetividades que atravessam gera\u00e7\u00f5es. [&hellip;]","protected":false},"author":9,"featured_media":1179,"parent":0,"menu_order":10,"comment_status":"closed","ping_status":"closed","template":"","meta":{"footnotes":""},"class_list":["post-139","page","type-page","status-publish","has-post-thumbnail","hentry"],"_links":{"self":[{"href":"https:\/\/sites.uab.pt\/cantanhede-historia-arte-e-patrimonio\/wp-json\/wp\/v2\/pages\/139","targetHints":{"allow":["GET"]}}],"collection":[{"href":"https:\/\/sites.uab.pt\/cantanhede-historia-arte-e-patrimonio\/wp-json\/wp\/v2\/pages"}],"about":[{"href":"https:\/\/sites.uab.pt\/cantanhede-historia-arte-e-patrimonio\/wp-json\/wp\/v2\/types\/page"}],"author":[{"embeddable":true,"href":"https:\/\/sites.uab.pt\/cantanhede-historia-arte-e-patrimonio\/wp-json\/wp\/v2\/users\/9"}],"replies":[{"embeddable":true,"href":"https:\/\/sites.uab.pt\/cantanhede-historia-arte-e-patrimonio\/wp-json\/wp\/v2\/comments?post=139"}],"version-history":[{"count":14,"href":"https:\/\/sites.uab.pt\/cantanhede-historia-arte-e-patrimonio\/wp-json\/wp\/v2\/pages\/139\/revisions"}],"predecessor-version":[{"id":1605,"href":"https:\/\/sites.uab.pt\/cantanhede-historia-arte-e-patrimonio\/wp-json\/wp\/v2\/pages\/139\/revisions\/1605"}],"wp:featuredmedia":[{"embeddable":true,"href":"https:\/\/sites.uab.pt\/cantanhede-historia-arte-e-patrimonio\/wp-json\/wp\/v2\/media\/1179"}],"wp:attachment":[{"href":"https:\/\/sites.uab.pt\/cantanhede-historia-arte-e-patrimonio\/wp-json\/wp\/v2\/media?parent=139"}],"curies":[{"name":"wp","href":"https:\/\/api.w.org\/{rel}","templated":true}]}}