{"id":148,"date":"2022-10-20T10:45:31","date_gmt":"2022-10-20T10:45:31","guid":{"rendered":"https:\/\/sites.uab.pt\/congresso-humanidades\/?page_id=148"},"modified":"2024-04-29T12:46:02","modified_gmt":"2024-04-29T12:46:02","slug":"programa","status":"publish","type":"page","link":"https:\/\/sites.uab.pt\/cantanhede-historia-arte-e-patrimonio\/encontros\/ii-encontro\/programa\/","title":{"rendered":"Programa"},"content":{"rendered":"\n<h2 class=\"wp-block-heading\">31 de mar\u00e7o | Biblioteca Municipal de Cantanhede<\/h2>\n\n\n\n<div class=\"wp-block-c3-framew-gutenbergblocks-timeline schedule\"><div class=\"gbt-timeline-title-wrapper\"><div class=\"gbt-timeline-title tt-title\"><\/div><\/div><ul class=\"gbt-timeline-content-wrapper\">\n<li style=\"--timeline-color:#abb8c3\"><div class=\"gbt-timeline-event-title-wrapper\"><div class=\"gbt-timeline-event-title time-title\"><strong>09h30 &#8211; Sess\u00e3o de Abertura<\/strong><\/div><\/div><div class=\"gbt-timeline-event-content-wrapper\">\n<p>Dra. Helena Teod\u00f3sio, Presidente da C\u00e2mara Municipal de Cantanhede<\/p>\n\n\n\n<p>Prof. Cat. Jos\u00e9 Sales, Vice-Reitor da Universidade Aberta<\/p>\n\n\n\n<p>Dr. Pedro Saraiva, Presidente do C\u00edrculo Portugu\u00eas de Estudos Human\u00edsticos. Humana.Idade.XXI<\/p>\n\n\n\n<p>Mestre Teot\u00f3nio Cavaco, Diretor do Centro de Forma\u00e7\u00e3o de Associa\u00e7\u00e3o de Escolas Beira-Mar<\/p>\n\n\n\n<p>Prof. Doutor Fernando Larcher, Comiss\u00e3o Organizadora<\/p>\n<\/div><\/li>\n\n\n\n<li style=\"--timeline-color:#cf2e2e\"><div class=\"gbt-timeline-event-title-wrapper\"><div class=\"gbt-timeline-event-title time-title\"><strong>10h00<\/strong> &#8211;<strong> <strong>1\u00ba <em>FORUM<\/em>, <em>Arte, Mem\u00f3ria e Patrim\u00f3nio<\/em><\/strong><\/strong><\/div><\/div><div class=\"gbt-timeline-event-content-wrapper\">\n<p>Moderador: Prof. Cat. Virgolino Jorge, <em>Apos. Univ. \u00c9vora<\/em><\/p>\n\n\n\n<p><strong>&#8211; Umas mem\u00f3rias corogr\u00e1ficas in\u00e9ditas: A&nbsp;<em>Breve Descrip\u00e7\u00e3o da Villa de Cantanhede&nbsp;<\/em>de Manuel Joaquim de Oliveira Almeida Vidal<\/strong><\/p>\n\n\n\n<p>&nbsp;&nbsp;&nbsp;&nbsp;&nbsp;&nbsp;&nbsp;&nbsp; Prof.Doutor Fernando Larcher, <em>CPEH<\/em> \/ <em>Inst.Pol.Tomar \/ CHAM &#8211; Univ.Nova<\/em><\/p>\n\n\n\n<p><strong>&#8211; S. Marcos no s\u00e9c. XX portugu\u00eas: dos Meneses aos Bragan\u00e7as<\/strong><\/p>\n\n\n\n<p>&nbsp;&nbsp;&nbsp;&nbsp;&nbsp;&nbsp;&nbsp;&nbsp; Prof.Doutor Pedro Rebelo Botelho Alfaro Velez, <em>Univ. Europeia \/ IURIS, Fac.Dir.Lisboa<\/em><\/p>\n\n\n\n<p>Debate<\/p>\n<\/div><\/li>\n\n\n\n<li style=\"--timeline-color:#fcb900\"><div class=\"gbt-timeline-event-title-wrapper\"><div class=\"gbt-timeline-event-title time-title\"><strong>11h20<\/strong> &#8211; <strong>Pausa para caf\u00e9<\/strong><\/div><\/div><div class=\"gbt-timeline-event-content-wrapper\"><\/div><\/li>\n\n\n\n<li style=\"--timeline-color:#cf2e2e\"><div class=\"gbt-timeline-event-title-wrapper\"><div class=\"gbt-timeline-event-title time-title\"><strong>11h30<\/strong> &#8211;<strong> 2\u00ba <em>FORUM<\/em>, <em>Figuras ilustres<\/em><\/strong><\/div><\/div><div class=\"gbt-timeline-event-content-wrapper\">\n<p>Moderador: Prof. Doutor Duarte Nuno Chaves, <em>Univ.dos A\u00e7ores \/ CHAM &#8211; Univ.Nova e Univ.A\u00e7ores<\/em><\/p>\n\n\n\n<p><strong>&#8211; O Marqu\u00eas de Marialva e a sua escola de arte equestre, de Lisboa a Quioto<\/strong><\/p>\n\n\n\n<p>&nbsp;&nbsp;&nbsp;&nbsp;&nbsp;&nbsp;&nbsp;&nbsp; Prof. Doutor Carlos Pereira, <em>Sorbonne Nouvelle \u2013 Paris 3 \/ <\/em>Soc.Fran\u00e7.de Zoos\u00e9miotique \/ Inst.de primatologie de l\u2019Univ.de Kyoto<em> &nbsp;<\/em><\/p>\n\n\n\n<p><\/p>\n\n\n\n<p><strong>&#8211; Duas figuras ilustres e esquecidas em Cantanhede: Ant\u00f3nio e Matias de Carvalho e Vasconcelos&nbsp;<\/strong><\/p>\n\n\n\n<p>&nbsp; &nbsp;&nbsp;&nbsp;&nbsp;&nbsp;&nbsp; Prof. Doutora Maria Madalena Pess\u00f4a Jorge Oudinot Larcher, <a><em>CPEH \/ Inst.Pol.Tomar \/ CHAM &#8211; Univ.Nova<\/em><\/a><\/p>\n\n\n\n<p>-Debate- <\/p>\n<\/div><\/li>\n\n\n\n<li style=\"--timeline-color:#fcb900\"><div class=\"gbt-timeline-event-title-wrapper\"><div class=\"gbt-timeline-event-title time-title\"><strong>13h00<\/strong> &#8211; <strong>Pausa para almo\u00e7o<\/strong><\/div><\/div><div class=\"gbt-timeline-event-content-wrapper\"><\/div><\/li>\n\n\n\n<li style=\"--timeline-color:#abb8c3\"><div class=\"gbt-timeline-event-title-wrapper\"><div class=\"gbt-timeline-event-title time-title\"><strong>14h30<\/strong> &#8211;<strong>Evoca\u00e7\u00e3o da Dra. Ana Elvira Rocha da Silva Poiares<\/strong><\/div><\/div><div class=\"gbt-timeline-event-content-wrapper\">\n<p>Prof. Doutor Fernando Larcher, <em>CPEH <\/em>\/ <em>Inst.Pol.Tomar \/ CHAM &#8211; Univ.Nova<\/em><\/p>\n<\/div><\/li>\n\n\n\n<li style=\"--timeline-color:#abb8c3\"><div class=\"gbt-timeline-event-title-wrapper\"><div class=\"gbt-timeline-event-title time-title\"><strong>15h00<\/strong> <strong><strong>Apresenta\u00e7\u00e3o da mostra do esp\u00f3lio recuperado das Irmandades de Murtede e de Enxof\u00e3es\u00a0exposto no \u00e1trio da Biblioteca Municipal <\/strong><\/strong><\/div><\/div><div class=\"gbt-timeline-event-content-wrapper\">\n<p>Mestre Ant\u00f3nio Fernando Rodrigues da Costa, <em>Apos. Esc. Superior de Hot. e Turismo \/ Univ.Lus\u00f3fona<\/em><\/p>\n<\/div><\/li>\n\n\n\n<li style=\"--timeline-color:#cf2e2e\"><div class=\"gbt-timeline-event-title-wrapper\"><div class=\"gbt-timeline-event-title time-title\"><strong>15h10<\/strong> &#8211;<strong> 3\u00ba <em>FORUM<\/em><\/strong>, <strong><em>Para a hist\u00f3ria das freguesias do concelho de Cantanhede<\/em><\/strong><\/div><\/div><div class=\"gbt-timeline-event-content-wrapper\">\n<p>Moderador: Prof. Coord. Jo\u00e3o da Cunha Matos, <em>Apos. Inst. Pol. Tomar<\/em><\/p>\n\n\n\n<p><strong>&#8211; Popula\u00e7\u00e3o e fam\u00edlia em Murtede nos in\u00edcios de Oitocentos<\/strong><\/p>\n\n\n\n<p>&nbsp;&nbsp;&nbsp;&nbsp;&nbsp; &nbsp;&nbsp;&nbsp;&nbsp;&nbsp;&nbsp;&nbsp;&nbsp; Prof. Doutora Guilhermina Mota, <em>Apos. Univ. Coimbra<\/em><\/p>\n\n\n\n<p><strong>&#8211; Murtede e Enxof\u00e3es, ou da urg\u00eancia em salvaguardar o patrim\u00f3nio ali existente<\/strong><\/p>\n\n\n\n<p>&nbsp;&nbsp;&nbsp;&nbsp;&nbsp;&nbsp;&nbsp;&nbsp; <a>&nbsp;&nbsp;&nbsp;&nbsp;&nbsp; Mestre Ant\u00f3nio Fernando Rodrigues da Costa<\/a>, <em>Apos. Esc. Superior de Hot. e Turismo \/ Univ.Lus\u00f3fona<\/em><\/p>\n\n\n\n<p><strong>&#8211;&nbsp; Valorizar e (Re) descobrir o Hospital Col\u00f3nia Rovisco Pais&nbsp;<\/strong><\/p>\n\n\n\n<p>&nbsp; &nbsp;&nbsp;&nbsp;&nbsp;&nbsp;&nbsp;&nbsp;Dra. Cristina Nogueira, <em>N\u00facleo Museolog. do Centro de Medicina de Reabilita\u00e7\u00e3o da Regi\u00e3o Centro \u2013 Rovisco Pais, CulturAge<\/em><em><\/em><\/p>\n\n\n\n<p class=\"has-text-align-left\">-Debate-<\/p>\n<\/div><\/li>\n\n\n\n<li style=\"--timeline-color:#fcb900\"><div class=\"gbt-timeline-event-title-wrapper\"><div class=\"gbt-timeline-event-title time-title\"><strong>17h30<\/strong> &#8211; <strong>Pausa para caf\u00e9 e abertura da exposi\u00e7\u00e3o \u201cGravetos da G\u00e2ndara\u201d<\/strong><\/div><\/div><div class=\"gbt-timeline-event-content-wrapper\"><\/div><\/li>\n\n\n\n<li style=\"--timeline-color:#abb8c3\"><div class=\"gbt-timeline-event-title-wrapper\"><div class=\"gbt-timeline-event-title time-title\"><strong>18h00<\/strong> &#8211;<strong> Apresenta\u00e7\u00e3o do livro <em>Gravetos da G\u00e2ndara<\/em> de Ant\u00f3nio Castelo Branco<\/strong><\/div><\/div><div class=\"gbt-timeline-event-content-wrapper\">\n<p>Palavras do Autor, Dr. Ant\u00f3nio Castelo Branco<\/p>\n\n\n\n<p>Apresenta\u00e7\u00e3o pelo Prof. Cat. Jos\u00e9 Ribeiro Ferreira, <em>Univ. Coimbra<\/em><\/p>\n\n\n\n<p>Cantanhede de Honra<\/p>\n<\/div><\/li>\n<\/ul><\/div>\n\n\n\n<h2 class=\"wp-block-heading\">01 de Abril | Quintal da Fonte &#8211; An\u00e7\u00e3<\/h2>\n\n\n\n<div class=\"wp-block-c3-framew-gutenbergblocks-timeline schedule\"><div class=\"gbt-timeline-title-wrapper\"><div class=\"gbt-timeline-title tt-title\"><\/div><\/div><ul class=\"gbt-timeline-content-wrapper\">\n<li style=\"--timeline-color:#abb8c3\"><div class=\"gbt-timeline-event-title-wrapper\"><div class=\"gbt-timeline-event-title time-title\"><strong>10h00 &#8211; Sess\u00e3o de Abertura<\/strong><\/div><\/div><div class=\"gbt-timeline-event-content-wrapper\">\n<p>Dr. Pedro Cardoso, Vice-Presidente da C\u00e2mara Municipal de Cantanhede<\/p>\n\n\n\n<p>Dr. Cl\u00e1udio Cardoso, Presidente da Junta de Freguesia de An\u00e7\u00e3<\/p>\n<\/div><\/li>\n\n\n\n<li style=\"--timeline-color:#cf2e2e\"><div class=\"gbt-timeline-event-title-wrapper\"><div class=\"gbt-timeline-event-title time-title\"><strong>10h30 &#8211; 4\u00ba <em>FORUM<\/em>, <em>An\u00e7\u00e3, na pedra, na hist\u00f3ria e na imprensa<\/em><\/strong><\/div><\/div><div class=\"gbt-timeline-event-content-wrapper\">\n<p>Moderador: Dr. Pedro Cardoso, <em>C\u00e2mara Municipal de Cantanhede<\/em><\/p>\n\n\n\n<p><strong>&#8211; Tempo e paisagem: a pedra e o homem. Uma viagem pelo mesozoico de An\u00e7\u00e3<\/strong><\/p>\n\n\n\n<p>Eng. Andr\u00e9 Almeida Paiva,<em> Museu da Pedra, Div. da Cultura da C.M.Cantanhede<\/em><\/p>\n\n\n\n<p><strong>&#8211; Retalhos da hist\u00f3ria de An\u00e7\u00e3<\/strong><\/p>\n\n\n\n<p>Prof. Cat. Maria Alegria Marques, <em>Apos. Univ. Coimbra<\/em><\/p>\n\n\n\n<p><strong>&#8211; An\u00e7\u00e3, terra de cultos e folgan\u00e7as<\/strong><\/p>\n\n\n\n<p>Mestre Manuel Cidalino Madaleno, <em>Apos., Univ. Lille<\/em><\/p>\n\n\n\n<p class=\"has-text-align-left\">-Debate-<\/p>\n<\/div><\/li>\n\n\n\n<li style=\"--timeline-color:#fcb900\"><div class=\"gbt-timeline-event-title-wrapper\"><div class=\"gbt-timeline-event-title time-title\"><strong>13h00<\/strong> &#8211; <strong>Pausa para almo\u00e7o<\/strong><\/div><\/div><div class=\"gbt-timeline-event-content-wrapper\"><\/div><\/li>\n\n\n\n<li style=\"--timeline-color:#abb8c3\"><div class=\"gbt-timeline-event-title-wrapper\"><div class=\"gbt-timeline-event-title time-title\"><strong>15h00<\/strong> <strong>\u2013<\/strong> <strong>Visita guiada a An\u00e7\u00e3<\/strong>, pelo Investigador Doutor Roger Lee de Jesus, Universidade de Leibniz, Hannover <\/div><\/div><div class=\"gbt-timeline-event-content-wrapper\">\n<p><\/p>\n<\/div><\/li>\n<\/ul><\/div>\n\n\n\n<p><\/p>\n","protected":false},"excerpt":{"rendered":"31 de mar\u00e7o | Biblioteca Municipal de Cantanhede 01 de Abril | Quintal da Fonte &#8211; An\u00e7\u00e3","protected":false},"author":1,"featured_media":1105,"parent":1184,"menu_order":30,"comment_status":"closed","ping_status":"closed","template":"","meta":{"footnotes":""},"class_list":["post-148","page","type-page","status-publish","has-post-thumbnail","hentry"],"_links":{"self":[{"href":"https:\/\/sites.uab.pt\/cantanhede-historia-arte-e-patrimonio\/wp-json\/wp\/v2\/pages\/148","targetHints":{"allow":["GET"]}}],"collection":[{"href":"https:\/\/sites.uab.pt\/cantanhede-historia-arte-e-patrimonio\/wp-json\/wp\/v2\/pages"}],"about":[{"href":"https:\/\/sites.uab.pt\/cantanhede-historia-arte-e-patrimonio\/wp-json\/wp\/v2\/types\/page"}],"author":[{"embeddable":true,"href":"https:\/\/sites.uab.pt\/cantanhede-historia-arte-e-patrimonio\/wp-json\/wp\/v2\/users\/1"}],"replies":[{"embeddable":true,"href":"https:\/\/sites.uab.pt\/cantanhede-historia-arte-e-patrimonio\/wp-json\/wp\/v2\/comments?post=148"}],"version-history":[{"count":3,"href":"https:\/\/sites.uab.pt\/cantanhede-historia-arte-e-patrimonio\/wp-json\/wp\/v2\/pages\/148\/revisions"}],"predecessor-version":[{"id":1110,"href":"https:\/\/sites.uab.pt\/cantanhede-historia-arte-e-patrimonio\/wp-json\/wp\/v2\/pages\/148\/revisions\/1110"}],"up":[{"embeddable":true,"href":"https:\/\/sites.uab.pt\/cantanhede-historia-arte-e-patrimonio\/wp-json\/wp\/v2\/pages\/1184"}],"wp:featuredmedia":[{"embeddable":true,"href":"https:\/\/sites.uab.pt\/cantanhede-historia-arte-e-patrimonio\/wp-json\/wp\/v2\/media\/1105"}],"wp:attachment":[{"href":"https:\/\/sites.uab.pt\/cantanhede-historia-arte-e-patrimonio\/wp-json\/wp\/v2\/media?parent=148"}],"curies":[{"name":"wp","href":"https:\/\/api.w.org\/{rel}","templated":true}]}}

<h2 class="wp-block-heading">31 de março | Biblioteca Municipal de Cantanhede</h2>



<div class="wp-block-c3-framew-gutenbergblocks-timeline schedule"><div class="gbt-timeline-title-wrapper"><div class="gbt-timeline-title tt-title"></div></div><ul class="gbt-timeline-content-wrapper">
<li style="--timeline-color:#abb8c3"><div class="gbt-timeline-event-title-wrapper"><div class="gbt-timeline-event-title time-title"><strong>09h30 &#8211; Sessão de Abertura</strong></div></div><div class="gbt-timeline-event-content-wrapper">
<p>Dra. Helena Teodósio, Presidente da Câmara Municipal de Cantanhede</p>



<p>Prof. Cat. José Sales, Vice-Reitor da Universidade Aberta</p>



<p>Dr. Pedro Saraiva, Presidente do Círculo Português de Estudos Humanísticos. Humana.Idade.XXI</p>



<p>Mestre Teotónio Cavaco, Diretor do Centro de Formação de Associação de Escolas Beira-Mar</p>



<p>Prof. Doutor Fernando Larcher, Comissão Organizadora</p>
</div></li>



<li style="--timeline-color:#cf2e2e"><div class="gbt-timeline-event-title-wrapper"><div class="gbt-timeline-event-title time-title"><strong>10h00</strong> &#8211;<strong> <strong>1º <em>FORUM</em>, <em>Arte, Memória e Património</em></strong></strong></div></div><div class="gbt-timeline-event-content-wrapper">
<p>Moderador: Prof. Cat. Virgolino Jorge, <em>Apos. Univ. Évora</em></p>



<p><strong>&#8211; Umas memórias corográficas inéditas: A&nbsp;<em>Breve Descripção da Villa de Cantanhede&nbsp;</em>de Manuel Joaquim de Oliveira Almeida Vidal</strong></p>



<p>&nbsp;&nbsp;&nbsp;&nbsp;&nbsp;&nbsp;&nbsp;&nbsp; Prof.Doutor Fernando Larcher, <em>CPEH</em> / <em>Inst.Pol.Tomar / CHAM &#8211; Univ.Nova</em></p>



<p><strong>&#8211; S. Marcos no séc. XX português: dos Meneses aos Braganças</strong></p>



<p>&nbsp;&nbsp;&nbsp;&nbsp;&nbsp;&nbsp;&nbsp;&nbsp; Prof.Doutor Pedro Rebelo Botelho Alfaro Velez, <em>Univ. Europeia / IURIS, Fac.Dir.Lisboa</em></p>



<p>Debate</p>
</div></li>



<li style="--timeline-color:#fcb900"><div class="gbt-timeline-event-title-wrapper"><div class="gbt-timeline-event-title time-title"><strong>11h20</strong> &#8211; <strong>Pausa para café</strong></div></div><div class="gbt-timeline-event-content-wrapper"></div></li>



<li style="--timeline-color:#cf2e2e"><div class="gbt-timeline-event-title-wrapper"><div class="gbt-timeline-event-title time-title"><strong>11h30</strong> &#8211;<strong> 2º <em>FORUM</em>, <em>Figuras ilustres</em></strong></div></div><div class="gbt-timeline-event-content-wrapper">
<p>Moderador: Prof. Doutor Duarte Nuno Chaves, <em>Univ.dos Açores / CHAM &#8211; Univ.Nova e Univ.Açores</em></p>



<p><strong>&#8211; O Marquês de Marialva e a sua escola de arte equestre, de Lisboa a Quioto</strong></p>



<p>&nbsp;&nbsp;&nbsp;&nbsp;&nbsp;&nbsp;&nbsp;&nbsp; Prof. Doutor Carlos Pereira, <em>Sorbonne Nouvelle – Paris 3 / </em>Soc.Franç.de Zoosémiotique / Inst.de primatologie de l’Univ.de Kyoto<em> &nbsp;</em></p>



<p></p>



<p><strong>&#8211; Duas figuras ilustres e esquecidas em Cantanhede: António e Matias de Carvalho e Vasconcelos&nbsp;</strong></p>



<p>&nbsp; &nbsp;&nbsp;&nbsp;&nbsp;&nbsp;&nbsp; Prof. Doutora Maria Madalena Pessôa Jorge Oudinot Larcher, <a><em>CPEH / Inst.Pol.Tomar / CHAM &#8211; Univ.Nova</em></a></p>



<p>-Debate- </p>
</div></li>



<li style="--timeline-color:#fcb900"><div class="gbt-timeline-event-title-wrapper"><div class="gbt-timeline-event-title time-title"><strong>13h00</strong> &#8211; <strong>Pausa para almoço</strong></div></div><div class="gbt-timeline-event-content-wrapper"></div></li>



<li style="--timeline-color:#abb8c3"><div class="gbt-timeline-event-title-wrapper"><div class="gbt-timeline-event-title time-title"><strong>14h30</strong> &#8211;<strong>Evocação da Dra. Ana Elvira Rocha da Silva Poiares</strong></div></div><div class="gbt-timeline-event-content-wrapper">
<p>Prof. Doutor Fernando Larcher, <em>CPEH </em>/ <em>Inst.Pol.Tomar / CHAM &#8211; Univ.Nova</em></p>
</div></li>



<li style="--timeline-color:#abb8c3"><div class="gbt-timeline-event-title-wrapper"><div class="gbt-timeline-event-title time-title"><strong>15h00</strong> <strong><strong>Apresentação da mostra do espólio recuperado das Irmandades de Murtede e de Enxofães exposto no átrio da Biblioteca Municipal </strong></strong></div></div><div class="gbt-timeline-event-content-wrapper">
<p>Mestre António Fernando Rodrigues da Costa, <em>Apos. Esc. Superior de Hot. e Turismo / Univ.Lusófona</em></p>
</div></li>



<li style="--timeline-color:#cf2e2e"><div class="gbt-timeline-event-title-wrapper"><div class="gbt-timeline-event-title time-title"><strong>15h10</strong> &#8211;<strong> 3º <em>FORUM</em></strong>, <strong><em>Para a história das freguesias do concelho de Cantanhede</em></strong></div></div><div class="gbt-timeline-event-content-wrapper">
<p>Moderador: Prof. Coord. João da Cunha Matos, <em>Apos. Inst. Pol. Tomar</em></p>



<p><strong>&#8211; População e família em Murtede nos inícios de Oitocentos</strong></p>



<p>&nbsp;&nbsp;&nbsp;&nbsp;&nbsp; &nbsp;&nbsp;&nbsp;&nbsp;&nbsp;&nbsp;&nbsp;&nbsp; Prof. Doutora Guilhermina Mota, <em>Apos. Univ. Coimbra</em></p>



<p><strong>&#8211; Murtede e Enxofães, ou da urgência em salvaguardar o património ali existente</strong></p>



<p>&nbsp;&nbsp;&nbsp;&nbsp;&nbsp;&nbsp;&nbsp;&nbsp; <a>&nbsp;&nbsp;&nbsp;&nbsp;&nbsp; Mestre António Fernando Rodrigues da Costa</a>, <em>Apos. Esc. Superior de Hot. e Turismo / Univ.Lusófona</em></p>



<p><strong>&#8211;&nbsp; Valorizar e (Re) descobrir o Hospital Colónia Rovisco Pais&nbsp;</strong></p>



<p>&nbsp; &nbsp;&nbsp;&nbsp;&nbsp;&nbsp;&nbsp;&nbsp;Dra. Cristina Nogueira, <em>Núcleo Museolog. do Centro de Medicina de Reabilitação da Região Centro – Rovisco Pais, CulturAge</em><em></em></p>



<p class="has-text-align-left">-Debate-</p>
</div></li>



<li style="--timeline-color:#fcb900"><div class="gbt-timeline-event-title-wrapper"><div class="gbt-timeline-event-title time-title"><strong>17h30</strong> &#8211; <strong>Pausa para café e abertura da exposição “Gravetos da Gândara”</strong></div></div><div class="gbt-timeline-event-content-wrapper"></div></li>



<li style="--timeline-color:#abb8c3"><div class="gbt-timeline-event-title-wrapper"><div class="gbt-timeline-event-title time-title"><strong>18h00</strong> &#8211;<strong> Apresentação do livro <em>Gravetos da Gândara</em> de António Castelo Branco</strong></div></div><div class="gbt-timeline-event-content-wrapper">
<p>Palavras do Autor, Dr. António Castelo Branco</p>



<p>Apresentação pelo Prof. Cat. José Ribeiro Ferreira, <em>Univ. Coimbra</em></p>



<p>Cantanhede de Honra</p>
</div></li>
</ul></div>



<h2 class="wp-block-heading">01 de Abril | Quintal da Fonte &#8211; Ançã</h2>



<div class="wp-block-c3-framew-gutenbergblocks-timeline schedule"><div class="gbt-timeline-title-wrapper"><div class="gbt-timeline-title tt-title"></div></div><ul class="gbt-timeline-content-wrapper">
<li style="--timeline-color:#abb8c3"><div class="gbt-timeline-event-title-wrapper"><div class="gbt-timeline-event-title time-title"><strong>10h00 &#8211; Sessão de Abertura</strong></div></div><div class="gbt-timeline-event-content-wrapper">
<p>Dr. Pedro Cardoso, Vice-Presidente da Câmara Municipal de Cantanhede</p>



<p>Dr. Cláudio Cardoso, Presidente da Junta de Freguesia de Ançã</p>
</div></li>



<li style="--timeline-color:#cf2e2e"><div class="gbt-timeline-event-title-wrapper"><div class="gbt-timeline-event-title time-title"><strong>10h30 &#8211; 4º <em>FORUM</em>, <em>Ançã, na pedra, na história e na imprensa</em></strong></div></div><div class="gbt-timeline-event-content-wrapper">
<p>Moderador: Dr. Pedro Cardoso, <em>Câmara Municipal de Cantanhede</em></p>



<p><strong>&#8211; Tempo e paisagem: a pedra e o homem. Uma viagem pelo mesozoico de Ançã</strong></p>



<p>Eng. André Almeida Paiva,<em> Museu da Pedra, Div. da Cultura da C.M.Cantanhede</em></p>



<p><strong>&#8211; Retalhos da história de Ançã</strong></p>



<p>Prof. Cat. Maria Alegria Marques, <em>Apos. Univ. Coimbra</em></p>



<p><strong>&#8211; Ançã, terra de cultos e folganças</strong></p>



<p>Mestre Manuel Cidalino Madaleno, <em>Apos., Univ. Lille</em></p>



<p class="has-text-align-left">-Debate-</p>
</div></li>



<li style="--timeline-color:#fcb900"><div class="gbt-timeline-event-title-wrapper"><div class="gbt-timeline-event-title time-title"><strong>13h00</strong> &#8211; <strong>Pausa para almoço</strong></div></div><div class="gbt-timeline-event-content-wrapper"></div></li>



<li style="--timeline-color:#abb8c3"><div class="gbt-timeline-event-title-wrapper"><div class="gbt-timeline-event-title time-title"><strong>15h00</strong> <strong>–</strong> <strong>Visita guiada a Ançã</strong>, pelo Investigador Doutor Roger Lee de Jesus, Universidade de Leibniz, Hannover </div></div><div class="gbt-timeline-event-content-wrapper">
<p></p>
</div></li>
</ul></div>



<p></p>

31 de março | Biblioteca Municipal de Cantanhede 01 de Abril | Quintal da Fonte &#8211; Ançã
