{"id":1491,"date":"2026-02-13T16:22:05","date_gmt":"2026-02-13T16:22:05","guid":{"rendered":"https:\/\/sites.uab.pt\/cantanhede-historia-arte-e-patrimonio\/?page_id=1491"},"modified":"2026-03-04T16:13:36","modified_gmt":"2026-03-04T16:13:36","slug":"iii-encontro","status":"publish","type":"page","link":"https:\/\/sites.uab.pt\/cantanhede-historia-arte-e-patrimonio\/iii-encontro\/","title":{"rendered":"III Encontro"},"content":{"rendered":"\n<p class=\"has-vivid-red-color has-text-color has-link-color wp-elements-a1a49462bd53d72318426b87167a749a\" style=\"font-size:23px\"><strong>III Encontro: Cantanhede \u2013 Hist\u00f3ria, Arte e Patrim\u00f3nio | Cantanhede na Expans\u00e3o<\/strong><\/p>\n\n\n\n<p class=\"has-medium-font-size\"><strong>Cantanhede, 28 de fevereiro | An\u00e7\u00e3,  1 de mar\u00e7o | Lisboa, 12 de mar\u00e7o<\/strong> [2025]<\/p>\n\n\n\n<p class=\"has-medium-font-size\">Ir\u00e1 realizar-se, nos pr\u00f3ximos dias 28 de fevereiro, 1 e 12 de mar\u00e7o, respetivamente em Cantanhede, An\u00e7\u00e3 e Lisboa, o III Encontro Cantanhede \u2013 Hist\u00f3ria, Arte e Patrim\u00f3nio, que este ano versar\u00e1 sobre Cantanhede na Expans\u00e3o, conforme o programa junto.<br>Rememorar Cantanhede na realidade do seu patrim\u00f3nio, seja o constru\u00eddo pelo homem, quer pelas suas m\u00e3os quer pelas manifesta\u00e7\u00f5es do esp\u00edrito, seja o natural que a natureza lhe deu para lar, \u00e9 a finalidade destes Encontros, que procuram numa reuni\u00e3o anual ser rumo de uma converg\u00eancia de estudos e investiga\u00e7\u00f5es \u2013 institucionais, econ\u00f3micos e culturais -, e esteio para a sua publica\u00e7\u00e3o e divulga\u00e7\u00e3o cient\u00edfica.<br>\u00c9 o encontro com a miscel\u00e2nea de uma longa jornada. Dos vest\u00edgios arqueol\u00f3gicos, da malha urbana onde se irmanam os edif\u00edcios religiosos e laicos, das edifica\u00e7\u00f5es vetustas e simb\u00f3licas \u00e0s constru\u00e7\u00f5es mais comuns, do patrim\u00f3nio que o esp\u00edrito teceu da escrita \u00e0 m\u00fasica erudita e popular. Das gentes comuns e das figuras ilustres. Das marcas etnol\u00f3gicas. E seguramente, tamb\u00e9m, do patrim\u00f3nio natural, dessa terra que Deus deu e o que o homem tamb\u00e9m trabalhou e modelou.<br>Resguardada das rotas mais movimentadas, Cantanhede constituiu, n\u00e3o longe destas, uma identidade singular, no encontro da arenosa G\u00e2ndara com a argilosa Bairrada, marcada institucional e socialmente pela secular perman\u00eancia do Senhorio da Casa de Cantanhede-Marialva, at\u00e9 que o liberalismo tenha decisivamente uniformizado a administra\u00e7\u00e3o nacional.<br>Mas n\u00e3o se restringe \u00e0 singularidade o dom\u00ednio dos Encontros. Prop\u00f5em-se ser t\u00e3o vastos como as pluralidades que a hist\u00f3ria tra\u00e7ou a Cantanhede:<br>&#8211; o da sua integra\u00e7\u00e3o externa, num mundo mais vasto, olhando extramuros a proje\u00e7\u00e3o que esta terra e gentes tiveram mais al\u00e9m, atrav\u00e9s dos seus naturais, que tra\u00e7aram rotas quer no Portugal de antanho e nos seus dom\u00ednios al\u00e9m-mar, quer nos tempos recentes, e dos seus produtos, da pedra mole de An\u00e7\u00e3, com que se erigiram alguns dos simb\u00f3licos padr\u00f5es da nacionalidade, \u00e0 afamada produ\u00e7\u00e3o vin\u00edcola, que j\u00e1 h\u00e1 quase um s\u00e9culo volvido levou a que as armas de Cantanhede inclu\u00edssem nas suas pe\u00e7as her\u00e1ldicas dois cachos de uvas.  <br>&#8211; o da pluralidade interna do seu concelho, nomeadamente a que o liberalismo trouxe, com as reformas administrativas que legislou e que os novos tempos impuseram. Reformou-se o poder e a configura\u00e7\u00e3o do concelho, que hoje alberga no seu seio v\u00e1rios antigos munic\u00edpios, alguns com a mem\u00f3ria reduzida a reminisc\u00eancias que aguardam ressuscitar da pesada sonol\u00eancia. Trabalhos recentemente surgidos auguram o despontar de uma vitalidade da historiografia das freguesias.<br><\/p>\n\n\n\n<p><strong>Inscri\u00e7\u00f5es<\/strong>: <a href=\"https:\/\/forms.gle\/y4JY7D4K6WPJoc7H6\"> https:\/\/forms.gle\/y4JY7D4K6WPJoc7H6  <\/a><\/p>\n\n\n<div class=\"wp-block-image\">\n<figure class=\"aligncenter size-large\"><img loading=\"lazy\" decoding=\"async\" width=\"724\" height=\"1024\" src=\"https:\/\/sites.uab.pt\/cantanhede-historia-arte-e-patrimonio\/wp-content\/uploads\/sites\/22\/2025\/01\/Untitled-design-2-724x1024.png\" alt=\"\" class=\"wp-image-1451\" srcset=\"https:\/\/sites.uab.pt\/cantanhede-historia-arte-e-patrimonio\/wp-content\/uploads\/sites\/22\/2025\/01\/Untitled-design-2-724x1024.png 724w, https:\/\/sites.uab.pt\/cantanhede-historia-arte-e-patrimonio\/wp-content\/uploads\/sites\/22\/2025\/01\/Untitled-design-2-212x300.png 212w, https:\/\/sites.uab.pt\/cantanhede-historia-arte-e-patrimonio\/wp-content\/uploads\/sites\/22\/2025\/01\/Untitled-design-2-768x1086.png 768w, https:\/\/sites.uab.pt\/cantanhede-historia-arte-e-patrimonio\/wp-content\/uploads\/sites\/22\/2025\/01\/Untitled-design-2-1086x1536.png 1086w, https:\/\/sites.uab.pt\/cantanhede-historia-arte-e-patrimonio\/wp-content\/uploads\/sites\/22\/2025\/01\/Untitled-design-2.png 1414w\" sizes=\"auto, (max-width: 724px) 100vw, 724px\" \/><\/figure>\n<\/div>\n\n\n<h2 class=\"wp-block-heading has-luminous-vivid-amber-color has-text-color has-link-color has-medium-font-size wp-elements-e0936308e6d0648bc8c27834da6a94f4\"><strong>COMISS\u00c3O ORGANIZADORA<\/strong><\/h2>\n\n\n\n        \n\n    <div class=\"\">\n        <ul class=\"elements row list-unstyled justify-content-center\">\n            \t\t\t\t<li class=\" flex-column col-12 col-lg-6  d-flex align-items-center element py-3\">\n\t\t\t\t\t<a href=\"https:\/\/sites.uab.pt\/cantanhede-historia-arte-e-patrimonio\/conhecer\/fernando-oudinot-larcher\/\"  class=\"d-flex flex-column align-items-center text-decoration-none\" title=\"Saber mais sobre Fernando Oudinot Larcher\">\n\t\t\t\t\t\t\t\t\t\t\t\t\t\t\t\t\t\t<div class=\"entry-thumbnail-wrapper-bg\"><div class=\"entry-thumbnail-wrapper\"><img decoding=\"async\" src=\"https:\/\/sites.uab.pt\/cantanhede-historia-arte-e-patrimonio\/wp-content\/uploads\/sites\/22\/2022\/10\/IMG_20221210_181144-1-e1675179681431.jpg\" width=\"1982\" height=\"1982\" class=\"attachment-news-list-thumbnails-size size-news-list-thumbnails-size block entry-thumbnail img-fluid\" alt=\"Fernando Oudinot Larcher\" srcset=\"https:\/\/sites.uab.pt\/cantanhede-historia-arte-e-patrimonio\/wp-content\/uploads\/sites\/22\/2022\/10\/IMG_20221210_181144-1-e1675179681431.jpg 1982w, https:\/\/sites.uab.pt\/cantanhede-historia-arte-e-patrimonio\/wp-content\/uploads\/sites\/22\/2022\/10\/IMG_20221210_181144-1-e1675179681431-300x300.jpg 300w, https:\/\/sites.uab.pt\/cantanhede-historia-arte-e-patrimonio\/wp-content\/uploads\/sites\/22\/2022\/10\/IMG_20221210_181144-1-e1675179681431-1024x1024.jpg 1024w, https:\/\/sites.uab.pt\/cantanhede-historia-arte-e-patrimonio\/wp-content\/uploads\/sites\/22\/2022\/10\/IMG_20221210_181144-1-e1675179681431-150x150.jpg 150w, https:\/\/sites.uab.pt\/cantanhede-historia-arte-e-patrimonio\/wp-content\/uploads\/sites\/22\/2022\/10\/IMG_20221210_181144-1-e1675179681431-768x768.jpg 768w, https:\/\/sites.uab.pt\/cantanhede-historia-arte-e-patrimonio\/wp-content\/uploads\/sites\/22\/2022\/10\/IMG_20221210_181144-1-e1675179681431-1536x1536.jpg 1536w\" sizes=\"auto, (max-width: 1982px) 100vw, 1982px\"  loading=\"lazy\"><\/div><\/div>\n\t\t\t\t\t\t\n\t\t\t\t\t\t<div class=\"element-info\">\n\t\t\t\t\t\t\t<div class=\"title\">Fernando Oudinot Larcher<\/div>\n\t\t\t\t\t\t\t\n\t\t\t\t\t\t\t\t\t\t\t\t\t\t\t\t\t\t\t\t\t\t<dl class=\"affiliation-wrapper\"><dt class=\"affiliation-label visually-hidden\">Afilia\u00e7\u00e3o: <\/dt><dd class=\"affiliation-value\">C\u00edrculo Portugu\u00eas de Estudos Human\u00edsticos<\/dd><\/dl>\n\t\t\t\t\t\t\t\n\t\t\t\t\t\t\t\t\t\t\t\t\t<\/div>\n\t\t\t\t\t<\/a>\n\t\t\t\t<\/li>\n            \t\t\t\t<li class=\" flex-column col-12 col-lg-6  d-flex align-items-center element py-3\">\n\t\t\t\t\t<a href=\"https:\/\/sites.uab.pt\/cantanhede-historia-arte-e-patrimonio\/conhecer\/guilhermina-mota\/\"  class=\"d-flex flex-column align-items-center text-decoration-none\" title=\"Saber mais sobre Guilhermina Mota\">\n\t\t\t\t\t\t\t\t\t\t\t\t\t\t\t\t\t\t<div class=\"entry-thumbnail-wrapper-bg\"><div class=\"entry-thumbnail-wrapper\"><img decoding=\"async\" src=\"https:\/\/sites.uab.pt\/cantanhede-historia-arte-e-patrimonio\/wp-content\/uploads\/sites\/22\/2022\/10\/thumbnail_guimota-e1671187440523.jpg\" width=\"590\" height=\"709\" class=\"attachment-news-list-thumbnails-size size-news-list-thumbnails-size block entry-thumbnail img-fluid\" alt=\"Guilhermina Mota\" srcset=\"https:\/\/sites.uab.pt\/cantanhede-historia-arte-e-patrimonio\/wp-content\/uploads\/sites\/22\/2022\/10\/thumbnail_guimota-e1671187440523.jpg 590w, https:\/\/sites.uab.pt\/cantanhede-historia-arte-e-patrimonio\/wp-content\/uploads\/sites\/22\/2022\/10\/thumbnail_guimota-e1671187440523-250x300.jpg 250w\" sizes=\"auto, (max-width: 590px) 100vw, 590px\"  loading=\"lazy\"><\/div><\/div>\n\t\t\t\t\t\t\n\t\t\t\t\t\t<div class=\"element-info\">\n\t\t\t\t\t\t\t<div class=\"title\">Guilhermina Mota<\/div>\n\t\t\t\t\t\t\t\n\t\t\t\t\t\t\t\t\t\t\t\t\t\t\t\t\t\t\t\t\t\t<dl class=\"affiliation-wrapper\"><dt class=\"affiliation-label visually-hidden\">Afilia\u00e7\u00e3o: <\/dt><dd class=\"affiliation-value\">Professora Aposentada da Universidade de Coimbra<\/dd><\/dl>\n\t\t\t\t\t\t\t\n\t\t\t\t\t\t\t\t\t\t\t\t\t<\/div>\n\t\t\t\t\t<\/a>\n\t\t\t\t<\/li>\n            \t\t\t\t<li class=\" flex-column col-12 col-lg-6  d-flex align-items-center element py-3\">\n\t\t\t\t\t<a href=\"https:\/\/sites.uab.pt\/cantanhede-historia-arte-e-patrimonio\/conhecer\/nunc-dictum\/\"  class=\"d-flex flex-column align-items-center text-decoration-none\" title=\"Saber mais sobre Jo\u00e3o da Cunha Matos\u00a0\">\n\t\t\t\t\t\t\t\t\t\t\t\t\t\t\t\t\t\t<div class=\"entry-thumbnail-wrapper-bg\"><div class=\"entry-thumbnail-wrapper\"><img decoding=\"async\" src=\"https:\/\/sites.uab.pt\/cantanhede-historia-arte-e-patrimonio\/wp-content\/uploads\/sites\/22\/2022\/10\/FOTO-Joao-C.-Matos.jpg\" width=\"428\" height=\"612\" class=\"attachment-news-list-thumbnails-size size-news-list-thumbnails-size block entry-thumbnail img-fluid\" alt=\"Jo\u00e3o da Cunha Matos\" srcset=\"https:\/\/sites.uab.pt\/cantanhede-historia-arte-e-patrimonio\/wp-content\/uploads\/sites\/22\/2022\/10\/FOTO-Joao-C.-Matos.jpg 428w, https:\/\/sites.uab.pt\/cantanhede-historia-arte-e-patrimonio\/wp-content\/uploads\/sites\/22\/2022\/10\/FOTO-Joao-C.-Matos-210x300.jpg 210w\" sizes=\"auto, (max-width: 428px) 100vw, 428px\"  loading=\"lazy\"><\/div><\/div>\n\t\t\t\t\t\t\n\t\t\t\t\t\t<div class=\"element-info\">\n\t\t\t\t\t\t\t<div class=\"title\">Jo\u00e3o da Cunha Matos\u00a0<\/div>\n\t\t\t\t\t\t\t\n\t\t\t\t\t\t\t\t\t\t\t\t\t\t\t\t\t\t\t\t\t\t<dl class=\"affiliation-wrapper\"><dt class=\"affiliation-label visually-hidden\">Afilia\u00e7\u00e3o: <\/dt><dd class=\"affiliation-value\">Professor Aposentado do Instituto Polit\u00e9cnico de Tomar<\/dd><\/dl>\n\t\t\t\t\t\t\t\n\t\t\t\t\t\t\t\t\t\t\t\t\t<\/div>\n\t\t\t\t\t<\/a>\n\t\t\t\t<\/li>\n            \t\t\t\t<li class=\" flex-column col-12 col-lg-6  d-flex align-items-center element py-3\">\n\t\t\t\t\t<a href=\"https:\/\/sites.uab.pt\/cantanhede-historia-arte-e-patrimonio\/conhecer\/jose-das-candeias-sales\/\"  class=\"d-flex flex-column align-items-center text-decoration-none\" title=\"Saber mais sobre Jos\u00e9 das Candeias Sales\">\n\t\t\t\t\t\t\t\t\t\t\t\t\t\t\t\t\t\t<div class=\"entry-thumbnail-wrapper-bg\"><div class=\"entry-thumbnail-wrapper\"><img decoding=\"async\" src=\"https:\/\/sites.uab.pt\/cantanhede-historia-arte-e-patrimonio\/wp-content\/uploads\/sites\/22\/2022\/10\/JSALES_FOTO_300dpi.jpg\" width=\"591\" height=\"839\" class=\"attachment-news-list-thumbnails-size size-news-list-thumbnails-size block entry-thumbnail img-fluid\" alt=\"Prof. Doutor Jos\u00e9 das Candeias Sales\" srcset=\"https:\/\/sites.uab.pt\/cantanhede-historia-arte-e-patrimonio\/wp-content\/uploads\/sites\/22\/2022\/10\/JSALES_FOTO_300dpi.jpg 591w, https:\/\/sites.uab.pt\/cantanhede-historia-arte-e-patrimonio\/wp-content\/uploads\/sites\/22\/2022\/10\/JSALES_FOTO_300dpi-211x300.jpg 211w\" sizes=\"auto, (max-width: 591px) 100vw, 591px\"  loading=\"lazy\"><\/div><\/div>\n\t\t\t\t\t\t\n\t\t\t\t\t\t<div class=\"element-info\">\n\t\t\t\t\t\t\t<div class=\"title\">Jos\u00e9 das Candeias Sales<\/div>\n\t\t\t\t\t\t\t\n\t\t\t\t\t\t\t\t\t\t\t\t\t\t\t\t\t\t\t\t\t\t<dl class=\"affiliation-wrapper\"><dt class=\"affiliation-label visually-hidden\">Afilia\u00e7\u00e3o: <\/dt><dd class=\"affiliation-value\">Universidade Aberta<\/dd><\/dl>\n\t\t\t\t\t\t\t\n\t\t\t\t\t\t\t\t\t\t\t\t\t<\/div>\n\t\t\t\t\t<\/a>\n\t\t\t\t<\/li>\n            \t\t\t\t<li class=\" flex-column col-12 col-lg-6  d-flex align-items-center element py-3\">\n\t\t\t\t\t<a href=\"https:\/\/sites.uab.pt\/cantanhede-historia-arte-e-patrimonio\/conhecer\/madalena-oudinot-larcher\/\"  class=\"d-flex flex-column align-items-center text-decoration-none\" title=\"Saber mais sobre Maria Madalena G.B. Pessoa Jorge Oudinot Larcher\">\n\t\t\t\t\t\t\t\t\t\t\t\t\t\t\t\t\t\t<div class=\"entry-thumbnail-wrapper-bg\"><div class=\"entry-thumbnail-wrapper\"><img decoding=\"async\" src=\"https:\/\/sites.uab.pt\/cantanhede-historia-arte-e-patrimonio\/wp-content\/uploads\/sites\/22\/2022\/10\/IMG_20221210_173031-scaled.jpg\" width=\"2538\" height=\"2560\" class=\"attachment-news-list-thumbnails-size size-news-list-thumbnails-size block entry-thumbnail img-fluid\" alt=\"Maria Madalena Oudinot Larcher\" srcset=\"https:\/\/sites.uab.pt\/cantanhede-historia-arte-e-patrimonio\/wp-content\/uploads\/sites\/22\/2022\/10\/IMG_20221210_173031-scaled.jpg 2538w, https:\/\/sites.uab.pt\/cantanhede-historia-arte-e-patrimonio\/wp-content\/uploads\/sites\/22\/2022\/10\/IMG_20221210_173031-297x300.jpg 297w, https:\/\/sites.uab.pt\/cantanhede-historia-arte-e-patrimonio\/wp-content\/uploads\/sites\/22\/2022\/10\/IMG_20221210_173031-1015x1024.jpg 1015w, https:\/\/sites.uab.pt\/cantanhede-historia-arte-e-patrimonio\/wp-content\/uploads\/sites\/22\/2022\/10\/IMG_20221210_173031-150x150.jpg 150w, https:\/\/sites.uab.pt\/cantanhede-historia-arte-e-patrimonio\/wp-content\/uploads\/sites\/22\/2022\/10\/IMG_20221210_173031-768x775.jpg 768w, https:\/\/sites.uab.pt\/cantanhede-historia-arte-e-patrimonio\/wp-content\/uploads\/sites\/22\/2022\/10\/IMG_20221210_173031-1523x1536.jpg 1523w, https:\/\/sites.uab.pt\/cantanhede-historia-arte-e-patrimonio\/wp-content\/uploads\/sites\/22\/2022\/10\/IMG_20221210_173031-2030x2048.jpg 2030w\" sizes=\"auto, (max-width: 2538px) 100vw, 2538px\"  loading=\"lazy\"><\/div><\/div>\n\t\t\t\t\t\t\n\t\t\t\t\t\t<div class=\"element-info\">\n\t\t\t\t\t\t\t<div class=\"title\">Maria Madalena G.B. Pessoa Jorge Oudinot Larcher<\/div>\n\t\t\t\t\t\t\t\n\t\t\t\t\t\t\t\t\t\t\t\t\t\t\t\t\t\t\t\t\t\t<dl class=\"affiliation-wrapper\"><dt class=\"affiliation-label visually-hidden\">Afilia\u00e7\u00e3o: <\/dt><dd class=\"affiliation-value\">C\u00edrculo Portugu\u00eas de Estudos Human\u00edsticos<\/dd><\/dl>\n\t\t\t\t\t\t\t\n\t\t\t\t\t\t\t\t\t\t\t\t\t<\/div>\n\t\t\t\t\t<\/a>\n\t\t\t\t<\/li>\n            \t\t\t\t<li class=\" flex-column col-12 col-lg-6  d-flex align-items-center element py-3\">\n\t\t\t\t\t<a href=\"https:\/\/sites.uab.pt\/cantanhede-historia-arte-e-patrimonio\/conhecer\/pedro-antonio-vaz-cardoso\/\"  class=\"d-flex flex-column align-items-center text-decoration-none\" title=\"Saber mais sobre Pedro Ant\u00f3nio Vaz Cardoso\">\n\t\t\t\t\t\t\t\t\t\t\t\t\t\t\t\t\t\t<div class=\"entry-thumbnail-wrapper-bg\"><div class=\"entry-thumbnail-wrapper\"><img decoding=\"async\" src=\"https:\/\/sites.uab.pt\/cantanhede-historia-arte-e-patrimonio\/wp-content\/uploads\/sites\/22\/2022\/10\/pedrocardoso.png\" width=\"877\" height=\"913\" class=\"attachment-news-list-thumbnails-size size-news-list-thumbnails-size block entry-thumbnail img-fluid\" alt=\"Pedro Ant\u00f3nio Vaz Cardoso\" srcset=\"https:\/\/sites.uab.pt\/cantanhede-historia-arte-e-patrimonio\/wp-content\/uploads\/sites\/22\/2022\/10\/pedrocardoso.png 877w, https:\/\/sites.uab.pt\/cantanhede-historia-arte-e-patrimonio\/wp-content\/uploads\/sites\/22\/2022\/10\/pedrocardoso-288x300.png 288w, https:\/\/sites.uab.pt\/cantanhede-historia-arte-e-patrimonio\/wp-content\/uploads\/sites\/22\/2022\/10\/pedrocardoso-768x800.png 768w\" sizes=\"auto, (max-width: 877px) 100vw, 877px\"  loading=\"lazy\"><\/div><\/div>\n\t\t\t\t\t\t\n\t\t\t\t\t\t<div class=\"element-info\">\n\t\t\t\t\t\t\t<div class=\"title\">Pedro Ant\u00f3nio Vaz Cardoso<\/div>\n\t\t\t\t\t\t\t\n\t\t\t\t\t\t\t\t\t\t\t\t\t\t\t\t\t\t\t\t\t\t<dl class=\"affiliation-wrapper\"><dt class=\"affiliation-label visually-hidden\">Afilia\u00e7\u00e3o: <\/dt><dd class=\"affiliation-value\">C\u00e2mara Municipal de Cantanhede<\/dd><\/dl>\n\t\t\t\t\t\t\t\n\t\t\t\t\t\t\t\t\t\t\t\t\t<\/div>\n\t\t\t\t\t<\/a>\n\t\t\t\t<\/li>\n            \t\t\t\t<li class=\" flex-column col-12 col-lg-6  d-flex align-items-center element py-3\">\n\t\t\t\t\t<a href=\"https:\/\/sites.uab.pt\/cantanhede-historia-arte-e-patrimonio\/conhecer\/pedro-de-sa-nogueira-saraiva\/\"  class=\"d-flex flex-column align-items-center text-decoration-none\" title=\"Saber mais sobre Pedro de S\u00e1 Nogueira Saraiva\">\n\t\t\t\t\t\t\t\t\t\t\t\t\t\t\t\t\t\t<div class=\"entry-thumbnail-wrapper-bg\"><div class=\"entry-thumbnail-wrapper\"><img decoding=\"async\" src=\"https:\/\/sites.uab.pt\/cantanhede-historia-arte-e-patrimonio\/wp-content\/uploads\/sites\/22\/2022\/10\/PSaraiva.jpg\" width=\"1133\" height=\"1045\" class=\"attachment-news-list-thumbnails-size size-news-list-thumbnails-size block entry-thumbnail img-fluid\" alt=\"Pedro Saraiva\" srcset=\"https:\/\/sites.uab.pt\/cantanhede-historia-arte-e-patrimonio\/wp-content\/uploads\/sites\/22\/2022\/10\/PSaraiva.jpg 1133w, https:\/\/sites.uab.pt\/cantanhede-historia-arte-e-patrimonio\/wp-content\/uploads\/sites\/22\/2022\/10\/PSaraiva-300x277.jpg 300w, https:\/\/sites.uab.pt\/cantanhede-historia-arte-e-patrimonio\/wp-content\/uploads\/sites\/22\/2022\/10\/PSaraiva-1024x944.jpg 1024w, https:\/\/sites.uab.pt\/cantanhede-historia-arte-e-patrimonio\/wp-content\/uploads\/sites\/22\/2022\/10\/PSaraiva-768x708.jpg 768w\" sizes=\"auto, (max-width: 1133px) 100vw, 1133px\"  loading=\"lazy\"><\/div><\/div>\n\t\t\t\t\t\t\n\t\t\t\t\t\t<div class=\"element-info\">\n\t\t\t\t\t\t\t<div class=\"title\">Pedro de S\u00e1 Nogueira Saraiva<\/div>\n\t\t\t\t\t\t\t\n\t\t\t\t\t\t\t\t\t\t\t\t\t\t\t\t\t\t\t\t\t\t<dl class=\"affiliation-wrapper\"><dt class=\"affiliation-label visually-hidden\">Afilia\u00e7\u00e3o: <\/dt><dd class=\"affiliation-value\">C\u00edrculo Portugu\u00eas de Estudos Human\u00edsticos &#8211; Humana.Idade XXI<\/dd><\/dl>\n\t\t\t\t\t\t\t\n\t\t\t\t\t\t\t\t\t\t\t\t\t<\/div>\n\t\t\t\t\t<\/a>\n\t\t\t\t<\/li>\n            \t\t\t\t<li class=\" flex-column col-12 col-lg-6  d-flex align-items-center element py-3\">\n\t\t\t\t\t<a href=\"https:\/\/sites.uab.pt\/cantanhede-historia-arte-e-patrimonio\/conhecer\/sonia-valente\/\"  class=\"d-flex flex-column align-items-center text-decoration-none\" title=\"Saber mais sobre S\u00f3nia Valente\">\n\t\t\t\t\t\t\t\t\t\t\t\t\t\t\t\t\t\t<div class=\"entry-thumbnail-wrapper-bg\"><div class=\"entry-thumbnail-wrapper\"><img decoding=\"async\" src=\"https:\/\/sites.uab.pt\/cantanhede-historia-arte-e-patrimonio\/wp-content\/uploads\/sites\/22\/2023\/11\/Educacao-para-que-Competencias-do-Seculo-XXI.png\" width=\"940\" height=\"788\" class=\"attachment-news-list-thumbnails-size size-news-list-thumbnails-size block entry-thumbnail img-fluid\" alt=\"S\u00f3nia Valente - Coordenadora do CLA Cantanhede\" srcset=\"https:\/\/sites.uab.pt\/cantanhede-historia-arte-e-patrimonio\/wp-content\/uploads\/sites\/22\/2023\/11\/Educacao-para-que-Competencias-do-Seculo-XXI.png 940w, https:\/\/sites.uab.pt\/cantanhede-historia-arte-e-patrimonio\/wp-content\/uploads\/sites\/22\/2023\/11\/Educacao-para-que-Competencias-do-Seculo-XXI-300x251.png 300w, https:\/\/sites.uab.pt\/cantanhede-historia-arte-e-patrimonio\/wp-content\/uploads\/sites\/22\/2023\/11\/Educacao-para-que-Competencias-do-Seculo-XXI-768x644.png 768w\" sizes=\"auto, (max-width: 940px) 100vw, 940px\"  loading=\"lazy\"><\/div><\/div>\n\t\t\t\t\t\t\n\t\t\t\t\t\t<div class=\"element-info\">\n\t\t\t\t\t\t\t<div class=\"title\">S\u00f3nia Valente<\/div>\n\t\t\t\t\t\t\t\n\t\t\t\t\t\t\t\t\t\t\t\t\t\t\t\t\t\t\t\t\t\t<dl class=\"affiliation-wrapper\"><dt class=\"affiliation-label visually-hidden\">Afilia\u00e7\u00e3o: <\/dt><dd class=\"affiliation-value\">Universidade Aberta<\/dd><\/dl>\n\t\t\t\t\t\t\t\n\t\t\t\t\t\t\t\t\t\t\t\t\t\t<div class=\"entry-bio\">Centro Local de Aprendizagem da Universidade Aberta em Cantanhede<\/div>\t\t\t\t\t\t\t\t\t\t\t\t\t<\/div>\n\t\t\t\t\t<\/a>\n\t\t\t\t<\/li>\n                    <\/ul>\n    <\/div>\n    <div class=\"clearfix\"><\/div>\n","protected":false},"excerpt":{"rendered":"III Encontro: Cantanhede \u2013 Hist\u00f3ria, Arte e Patrim\u00f3nio | Cantanhede na Expans\u00e3o Cantanhede, 28 de fevereiro | An\u00e7\u00e3, 1 de mar\u00e7o | Lisboa, 12 de mar\u00e7o [2025] Ir\u00e1 realizar-se, nos pr\u00f3ximos dias 28 de fevereiro, 1 e 12 de mar\u00e7o, respetivamente em Cantanhede, An\u00e7\u00e3 e Lisboa, o III Encontro Cantanhede \u2013 Hist\u00f3ria, Arte e Patrim\u00f3nio, [&hellip;]","protected":false},"author":9,"featured_media":1472,"parent":0,"menu_order":0,"comment_status":"closed","ping_status":"closed","template":"","meta":{"footnotes":""},"class_list":["post-1491","page","type-page","status-publish","has-post-thumbnail","hentry"],"_links":{"self":[{"href":"https:\/\/sites.uab.pt\/cantanhede-historia-arte-e-patrimonio\/wp-json\/wp\/v2\/pages\/1491","targetHints":{"allow":["GET"]}}],"collection":[{"href":"https:\/\/sites.uab.pt\/cantanhede-historia-arte-e-patrimonio\/wp-json\/wp\/v2\/pages"}],"about":[{"href":"https:\/\/sites.uab.pt\/cantanhede-historia-arte-e-patrimonio\/wp-json\/wp\/v2\/types\/page"}],"author":[{"embeddable":true,"href":"https:\/\/sites.uab.pt\/cantanhede-historia-arte-e-patrimonio\/wp-json\/wp\/v2\/users\/9"}],"replies":[{"embeddable":true,"href":"https:\/\/sites.uab.pt\/cantanhede-historia-arte-e-patrimonio\/wp-json\/wp\/v2\/comments?post=1491"}],"version-history":[{"count":9,"href":"https:\/\/sites.uab.pt\/cantanhede-historia-arte-e-patrimonio\/wp-json\/wp\/v2\/pages\/1491\/revisions"}],"predecessor-version":[{"id":1551,"href":"https:\/\/sites.uab.pt\/cantanhede-historia-arte-e-patrimonio\/wp-json\/wp\/v2\/pages\/1491\/revisions\/1551"}],"wp:featuredmedia":[{"embeddable":true,"href":"https:\/\/sites.uab.pt\/cantanhede-historia-arte-e-patrimonio\/wp-json\/wp\/v2\/media\/1472"}],"wp:attachment":[{"href":"https:\/\/sites.uab.pt\/cantanhede-historia-arte-e-patrimonio\/wp-json\/wp\/v2\/media?parent=1491"}],"curies":[{"name":"wp","href":"https:\/\/api.w.org\/{rel}","templated":true}]}}