{"id":2176,"date":"2024-03-12T15:08:15","date_gmt":"2024-03-12T15:08:15","guid":{"rendered":"https:\/\/sites.uab.pt\/congresso-beira-coa\/?post_type=element&#038;p=2176"},"modified":"2024-03-28T09:22:09","modified_gmt":"2024-03-28T09:22:09","slug":"jose-candeias-sales","status":"publish","type":"element","link":"https:\/\/sites.uab.pt\/congresso-beira-coa\/conhecer\/jose-candeias-sales\/","title":{"rendered":"Jos\u00e9 Candeias Sales"},"content":{"rendered":"\n<p>Professor Catedr\u00e1tico de Hist\u00f3ria na Universidade Aberta.<\/p>\n\n\n\n<p>Vice-Reitor para o Ensino e Assuntos Acad\u00e9micos da Universidade Aberta.&nbsp;<\/p>\n\n\n\n<p>Membro do Grupo de Investiga\u00e7\u00e3o \u00abHist\u00f3ria e Mem\u00f3ria Global: Temas e Abordagens\u00bb do Centro de Estudos Globais da Universidade Aberta.<\/p>\n","protected":false},"excerpt":{"rendered":"Professor Catedr\u00e1tico de Hist\u00f3ria na Universidade Aberta. Vice-Reitor para o Ensino e Assuntos Acad\u00e9micos da Universidade Aberta.&nbsp; Membro do Grupo de Investiga\u00e7\u00e3o \u00abHist\u00f3ria e Mem\u00f3ria Global: Temas e Abordagens\u00bb do Centro de Estudos Globais da Universidade Aberta.","protected":false},"featured_media":2187,"parent":0,"template":"","meta":{"custompostfields_order":"20"},"edition":[9,11],"group":[2,3],"affiliation":[5],"_links":{"self":[{"href":"https:\/\/sites.uab.pt\/congresso-beira-coa\/wp-json\/wp\/v2\/element\/2176","targetHints":{"allow":["GET"]}}],"collection":[{"href":"https:\/\/sites.uab.pt\/congresso-beira-coa\/wp-json\/wp\/v2\/element"}],"about":[{"href":"https:\/\/sites.uab.pt\/congresso-beira-coa\/wp-json\/wp\/v2\/types\/element"}],"wp:featuredmedia":[{"embeddable":true,"href":"https:\/\/sites.uab.pt\/congresso-beira-coa\/wp-json\/wp\/v2\/media\/2187"}],"wp:attachment":[{"href":"https:\/\/sites.uab.pt\/congresso-beira-coa\/wp-json\/wp\/v2\/media?parent=2176"}],"wp:term":[{"taxonomy":"edition","embeddable":true,"href":"https:\/\/sites.uab.pt\/congresso-beira-coa\/wp-json\/wp\/v2\/edition?post=2176"},{"taxonomy":"group","embeddable":true,"href":"https:\/\/sites.uab.pt\/congresso-beira-coa\/wp-json\/wp\/v2\/group?post=2176"},{"taxonomy":"affiliation","embeddable":true,"href":"https:\/\/sites.uab.pt\/congresso-beira-coa\/wp-json\/wp\/v2\/affiliation?post=2176"}],"curies":[{"name":"wp","href":"https:\/\/api.w.org\/{rel}","templated":true}]}}

José Candeias Sales

<p>Professor Catedrático de História na Universidade Aberta.</p>



<p>Vice-Reitor para o Ensino e Assuntos Académicos da Universidade Aberta.&nbsp;</p>



<p>Membro do Grupo de Investigação «História e Memória Global: Temas e Abordagens» do Centro de Estudos Globais da Universidade Aberta.</p>

Professor Catedrático de História na Universidade Aberta. Vice-Reitor para o Ensino e Assuntos Académicos da Universidade Aberta.&nbsp; Membro do Grupo de Investigação «História e Memória Global: Temas e Abordagens» do Centro de Estudos Globais da Universidade Aberta.
