{"id":2186,"date":"2024-03-12T18:22:11","date_gmt":"2024-03-12T18:22:11","guid":{"rendered":"https:\/\/sites.uab.pt\/congresso-beira-coa\/?post_type=element&#038;p=2186"},"modified":"2024-04-29T08:37:07","modified_gmt":"2024-04-29T08:37:07","slug":"antonio-vermelho-do-corral","status":"publish","type":"element","link":"https:\/\/sites.uab.pt\/congresso-beira-coa\/conhecer\/antonio-vermelho-do-corral\/","title":{"rendered":"Ant\u00f3nio Vermelho do Corral"},"content":{"rendered":"\n<p>Forma\u00e7\u00e3o acad\u00e9mica e profissional: Administra\u00e7\u00e3o Ultramarina; Ci\u00eancias Sociais e Pol\u00edticas; Ci\u00eancias Antropol\u00f3gicas e Etnol\u00f3gicas; cursos complementares acad\u00e9micos e de forma\u00e7\u00e3o profissional.<\/p>\n\n\n\n<p>Assistente e Assistente convidado da Faculdade de Ci\u00eancias Sociais e Humanas da Universidade Nova de Lisboa (FCSH\/UNL).<\/p>\n\n\n\n<p>Professor Auxiliar convidado e Secret\u00e1rio-Geral: Universidade Internacional (UI); Instituto Superior Polit\u00e9cnico Internacional (ISPI); Universidade Internacional da Figueira da Foz (UIFF).<\/p>\n\n\n\n<p>Coordenador do Instituto de Investiga\u00e7\u00e3o Cient\u00edfica e de P\u00f3s-Gradua\u00e7\u00e3o da UI.<\/p>\n\n\n\n<p>Docente na Universidade Lus\u00f3fona de Humanidades e Tecnologias (actualmente).<\/p>\n\n\n\n<p>Gestor Executivo do Projecto de Assist\u00eancia Jur\u00eddica assinado entre o Governo Portugu\u00eas (MAI) e o Alto Comissariado das Na\u00e7\u00f5es Unidas Para os Refugiados (ACNUR-ONU); Membro de Grupos de trabalho preparat\u00f3rios em \u00e1reas espec\u00edficas para a entrada de Portugal na CEE; Participa\u00e7\u00e3o posterior em Grupos de trabalho por \u00e1reas espec\u00edficas inclusive a primeira Presid\u00eancia de Portugal na CEE (hoje UE) no primeiro Semestre de 1992; Membro do Grupo de trabalho para os aspectos operacionais e de coordena\u00e7\u00e3o para execu\u00e7\u00e3o do Tratado sobre For\u00e7as Convencionais na Europa (CFE) ligado ao processo da Confer\u00eancia de Seguran\u00e7a e de Coopera\u00e7\u00e3o na Europa (CSCE); Director da Direc\u00e7\u00e3o Regional de Faro do SEF\/MAI.<\/p>\n\n\n\n<p><\/p>\n","protected":false},"excerpt":{"rendered":"Forma\u00e7\u00e3o acad\u00e9mica e profissional: Administra\u00e7\u00e3o Ultramarina; Ci\u00eancias Sociais e Pol\u00edticas; Ci\u00eancias Antropol\u00f3gicas e Etnol\u00f3gicas; cursos complementares acad\u00e9micos e de forma\u00e7\u00e3o profissional. Assistente e Assistente convidado da Faculdade de Ci\u00eancias Sociais e Humanas da Universidade Nova de Lisboa (FCSH\/UNL). Professor Auxiliar convidado e Secret\u00e1rio-Geral: Universidade Internacional (UI); Instituto Superior Polit\u00e9cnico Internacional (ISPI); Universidade Internacional da Figueira [&hellip;]","protected":false},"featured_media":2028,"parent":0,"template":"","meta":{"custompostfields_order":"40"},"edition":[9,11],"group":[2,3],"affiliation":[13],"_links":{"self":[{"href":"https:\/\/sites.uab.pt\/congresso-beira-coa\/wp-json\/wp\/v2\/element\/2186","targetHints":{"allow":["GET"]}}],"collection":[{"href":"https:\/\/sites.uab.pt\/congresso-beira-coa\/wp-json\/wp\/v2\/element"}],"about":[{"href":"https:\/\/sites.uab.pt\/congresso-beira-coa\/wp-json\/wp\/v2\/types\/element"}],"wp:featuredmedia":[{"embeddable":true,"href":"https:\/\/sites.uab.pt\/congresso-beira-coa\/wp-json\/wp\/v2\/media\/2028"}],"wp:attachment":[{"href":"https:\/\/sites.uab.pt\/congresso-beira-coa\/wp-json\/wp\/v2\/media?parent=2186"}],"wp:term":[{"taxonomy":"edition","embeddable":true,"href":"https:\/\/sites.uab.pt\/congresso-beira-coa\/wp-json\/wp\/v2\/edition?post=2186"},{"taxonomy":"group","embeddable":true,"href":"https:\/\/sites.uab.pt\/congresso-beira-coa\/wp-json\/wp\/v2\/group?post=2186"},{"taxonomy":"affiliation","embeddable":true,"href":"https:\/\/sites.uab.pt\/congresso-beira-coa\/wp-json\/wp\/v2\/affiliation?post=2186"}],"curies":[{"name":"wp","href":"https:\/\/api.w.org\/{rel}","templated":true}]}}

António Vermelho do Corral

<p>Formação académica e profissional: Administração Ultramarina; Ciências Sociais e Políticas; Ciências Antropológicas e Etnológicas; cursos complementares académicos e de formação profissional.</p>



<p>Assistente e Assistente convidado da Faculdade de Ciências Sociais e Humanas da Universidade Nova de Lisboa (FCSH/UNL).</p>



<p>Professor Auxiliar convidado e Secretário-Geral: Universidade Internacional (UI); Instituto Superior Politécnico Internacional (ISPI); Universidade Internacional da Figueira da Foz (UIFF).</p>



<p>Coordenador do Instituto de Investigação Científica e de Pós-Graduação da UI.</p>



<p>Docente na Universidade Lusófona de Humanidades e Tecnologias (actualmente).</p>



<p>Gestor Executivo do Projecto de Assistência Jurídica assinado entre o Governo Português (MAI) e o Alto Comissariado das Nações Unidas Para os Refugiados (ACNUR-ONU); Membro de Grupos de trabalho preparatórios em áreas específicas para a entrada de Portugal na CEE; Participação posterior em Grupos de trabalho por áreas específicas inclusive a primeira Presidência de Portugal na CEE (hoje UE) no primeiro Semestre de 1992; Membro do Grupo de trabalho para os aspectos operacionais e de coordenação para execução do Tratado sobre Forças Convencionais na Europa (CFE) ligado ao processo da Conferência de Segurança e de Cooperação na Europa (CSCE); Director da Direcção Regional de Faro do SEF/MAI.</p>



<p></p>

Formação académica e profissional: Administração Ultramarina; Ciências Sociais e Políticas; Ciências Antropológicas e Etnológicas; cursos complementares académicos e de formação profissional. Assistente e Assistente convidado da Faculdade de Ciências Sociais e Humanas da Universidade Nova de Lisboa (FCSH/UNL). Professor Auxiliar convidado e Secretário-Geral: Universidade Internacional (UI); Instituto Superior Politécnico Internacional (ISPI); Universidade Internacional da Figueira [&hellip;]
