{"id":2193,"date":"2024-03-12T18:32:39","date_gmt":"2024-03-12T18:32:39","guid":{"rendered":"https:\/\/sites.uab.pt\/congresso-beira-coa\/?post_type=element&#038;p=2193"},"modified":"2024-03-28T09:28:03","modified_gmt":"2024-03-28T09:28:03","slug":"maria-madalena-oudinot-larcher","status":"publish","type":"element","link":"https:\/\/sites.uab.pt\/congresso-beira-coa\/conhecer\/maria-madalena-oudinot-larcher\/","title":{"rendered":"Maria Madalena Pess\u00f4a Jorge Oudinot Larcher"},"content":{"rendered":"\n<p>Licenciada em Hist\u00f3ria pela Universidade de Bras\u00edlia \u2013 UnB, em 1981, doutorou-se na Universidade Cat\u00f3lica de Lovaina em 1997, com uma tese sobre a Diocese de S\u00e3o Lu\u00eds do Maranh\u00e3o, de 1677 a 1720, que abrangia a Amaz\u00f3nia. Membro do Centro de Humanidades \u2013 CHAM &#8211; Universidade Nova desde 1998, e professora desde o ano seguinte no Instituto Polit\u00e9cnico de Tomar, organizou com Fernando Larcher, atrav\u00e9s da Sociedade de Geografia e em coorganiza\u00e7\u00e3o com diversas universidades e centro de investiga\u00e7\u00e3o, v\u00e1rios congressos internacionais e nacionais, entre os quais seis sobre a Hist\u00f3ria de diversas ordens religiosas no Mundo Luso-Hisp\u00e2nco, sob o prisma da Hist\u00f3ria, Arte e Patrim\u00f3nio.&nbsp;<\/p>\n\n\n\n<p>\u00c9 Directora do Instituto Hist\u00f3rico da Beira C\u00f4a, e integrou, de 2011 a 2022, o Conselho de Administra\u00e7\u00e3o do CREDIC &#8211; <em>Centre de Recherches et d&#8217;Echanges sur la Diffusion et l&#8217;Inculturation du Christianisme, <\/em>que re\u00fane historiadores das miss\u00f5es cat\u00f3licas e protestantes, tendo coorganizado com o Prof.Doutor Hugues Didier, em 2011, o col\u00f3quio anual dessa institui\u00e7\u00e3o em Lisboa, na Sociedade de Geografia, de 31 de Agosto a 3 de Setembro de 2011.&nbsp;<\/p>\n\n\n\n<p>Na investiga\u00e7\u00e3o, dedica-se principalmente a temas da Hist\u00f3ria Eclesi\u00e1stica, com destaque para a Hist\u00f3ria da Ordem de Cristo e do Padroado entre os s\u00e9culos XV e a segunda metade do s\u00e9culo XVIII. \u00a0Maria <\/p>\n","protected":false},"excerpt":{"rendered":"Licenciada em Hist\u00f3ria pela Universidade de Bras\u00edlia \u2013 UnB, em 1981, doutorou-se na Universidade Cat\u00f3lica de Lovaina em 1997, com uma tese sobre a Diocese de S\u00e3o Lu\u00eds do Maranh\u00e3o, de 1677 a 1720, que abrangia a Amaz\u00f3nia. Membro do Centro de Humanidades \u2013 CHAM &#8211; Universidade Nova desde 1998, e professora desde o ano [&hellip;]","protected":false},"featured_media":2029,"parent":0,"template":"","meta":{"custompostfields_order":"50"},"edition":[9,11],"group":[2,3],"affiliation":[16,10],"_links":{"self":[{"href":"https:\/\/sites.uab.pt\/congresso-beira-coa\/wp-json\/wp\/v2\/element\/2193","targetHints":{"allow":["GET"]}}],"collection":[{"href":"https:\/\/sites.uab.pt\/congresso-beira-coa\/wp-json\/wp\/v2\/element"}],"about":[{"href":"https:\/\/sites.uab.pt\/congresso-beira-coa\/wp-json\/wp\/v2\/types\/element"}],"wp:featuredmedia":[{"embeddable":true,"href":"https:\/\/sites.uab.pt\/congresso-beira-coa\/wp-json\/wp\/v2\/media\/2029"}],"wp:attachment":[{"href":"https:\/\/sites.uab.pt\/congresso-beira-coa\/wp-json\/wp\/v2\/media?parent=2193"}],"wp:term":[{"taxonomy":"edition","embeddable":true,"href":"https:\/\/sites.uab.pt\/congresso-beira-coa\/wp-json\/wp\/v2\/edition?post=2193"},{"taxonomy":"group","embeddable":true,"href":"https:\/\/sites.uab.pt\/congresso-beira-coa\/wp-json\/wp\/v2\/group?post=2193"},{"taxonomy":"affiliation","embeddable":true,"href":"https:\/\/sites.uab.pt\/congresso-beira-coa\/wp-json\/wp\/v2\/affiliation?post=2193"}],"curies":[{"name":"wp","href":"https:\/\/api.w.org\/{rel}","templated":true}]}}

Maria Madalena Pessôa Jorge Oudinot Larcher

<p>Licenciada em História pela Universidade de Brasília – UnB, em 1981, doutorou-se na Universidade Católica de Lovaina em 1997, com uma tese sobre a Diocese de São Luís do Maranhão, de 1677 a 1720, que abrangia a Amazónia. Membro do Centro de Humanidades – CHAM &#8211; Universidade Nova desde 1998, e professora desde o ano seguinte no Instituto Politécnico de Tomar, organizou com Fernando Larcher, através da Sociedade de Geografia e em coorganização com diversas universidades e centro de investigação, vários congressos internacionais e nacionais, entre os quais seis sobre a História de diversas ordens religiosas no Mundo Luso-Hispânco, sob o prisma da História, Arte e Património.&nbsp;</p>



<p>É Directora do Instituto Histórico da Beira Côa, e integrou, de 2011 a 2022, o Conselho de Administração do CREDIC &#8211; <em>Centre de Recherches et d&#8217;Echanges sur la Diffusion et l&#8217;Inculturation du Christianisme, </em>que reúne historiadores das missões católicas e protestantes, tendo coorganizado com o Prof.Doutor Hugues Didier, em 2011, o colóquio anual dessa instituição em Lisboa, na Sociedade de Geografia, de 31 de Agosto a 3 de Setembro de 2011.&nbsp;</p>



<p>Na investigação, dedica-se principalmente a temas da História Eclesiástica, com destaque para a História da Ordem de Cristo e do Padroado entre os séculos XV e a segunda metade do século XVIII.  Maria </p>

Licenciada em História pela Universidade de Brasília – UnB, em 1981, doutorou-se na Universidade Católica de Lovaina em 1997, com uma tese sobre a Diocese de São Luís do Maranhão, de 1677 a 1720, que abrangia a Amazónia. Membro do Centro de Humanidades – CHAM &#8211; Universidade Nova desde 1998, e professora desde o ano [&hellip;]
