{"id":2155,"date":"2024-03-12T14:37:38","date_gmt":"2024-03-12T14:37:38","guid":{"rendered":"https:\/\/sites.uab.pt\/congresso-beira-coa\/?page_id=2155"},"modified":"2024-03-12T18:36:32","modified_gmt":"2024-03-12T18:36:32","slug":"comissoes-2","status":"publish","type":"page","link":"https:\/\/sites.uab.pt\/congresso-beira-coa\/edicoes-anteriores\/edicao-2023\/comissoes-2\/","title":{"rendered":"Comiss\u00f5es"},"content":{"rendered":"\n<h2 class=\"wp-block-heading\">Comiss\u00e3o Organizadora<\/h2>\n\n\n\n<div style=\"height:50px\" aria-hidden=\"true\" class=\"wp-block-spacer\"><\/div>\n\n\n\n        \n\n    <div class=\"\">\n        <ul class=\"elements row list-unstyled justify-content-center\">\n            \t\t\t\t<li class=\" flex-column col-12 col-lg-6  d-flex align-items-center element py-3\">\n\t\t\t\t\t<a href=\"https:\/\/sites.uab.pt\/congresso-beira-coa\/conhecer\/fernando-larcher-coord\/\"  class=\"d-flex flex-column align-items-center text-decoration-none\" title=\"Saber mais sobre Fernando Larcher (Coord.)\">\n\t\t\t\t\t\t\t\t\t\t\t\t\t\t\t\t\t\t<div class=\"entry-thumbnail-wrapper-bg\"><div class=\"entry-thumbnail-wrapper\"><img decoding=\"async\" src=\"https:\/\/sites.uab.pt\/congresso-beira-coa\/wp-content\/uploads\/sites\/39\/2023\/09\/IMG_20221210_181144-1-e1710256485532.jpg\" width=\"400\" height=\"400\" class=\"attachment-news-list-thumbnails-size size-news-list-thumbnails-size block entry-thumbnail img-fluid\" alt=\"\"  loading=\"lazy\"><\/div><\/div>\n\t\t\t\t\t\t\n\t\t\t\t\t\t<div class=\"element-info\">\n\t\t\t\t\t\t\t<div class=\"title\">Fernando Larcher (Coord.)<\/div>\n\t\t\t\t\t\t\t\n\t\t\t\t\t\t\t\t\t\t\t\t\t\t\t\t\t\t\t\t\t\t<dl class=\"affiliation-wrapper\"><dt class=\"affiliation-label visually-hidden\">Afilia\u00e7\u00e3o: <\/dt><dd class=\"affiliation-value\">Instituto Hist\u00f3rico da Beira C\u00f4a, Instituto Polit\u00e9cnico de Tomar<\/dd><\/dl>\n\t\t\t\t\t\t\t\n\t\t\t\t\t\t\t\t\t\t\t\t\t<\/div>\n\t\t\t\t\t<\/a>\n\t\t\t\t<\/li>\n            \t\t\t\t<li class=\" flex-column col-12 col-lg-6  d-flex align-items-center element py-3\">\n\t\t\t\t\t<a href=\"https:\/\/sites.uab.pt\/congresso-beira-coa\/conhecer\/jose-candeias-sales\/\"  class=\"d-flex flex-column align-items-center text-decoration-none\" title=\"Saber mais sobre Jos\u00e9 Candeias Sales\">\n\t\t\t\t\t\t\t\t\t\t\t\t\t\t\t\t\t\t<div class=\"entry-thumbnail-wrapper-bg\"><div class=\"entry-thumbnail-wrapper\"><img decoding=\"async\" src=\"https:\/\/sites.uab.pt\/congresso-beira-coa\/wp-content\/uploads\/sites\/39\/2024\/03\/Jose_sales-2-e1710256210525.jpg\" width=\"180\" height=\"180\" class=\"attachment-news-list-thumbnails-size size-news-list-thumbnails-size block entry-thumbnail img-fluid\" alt=\"\" srcset=\"https:\/\/sites.uab.pt\/congresso-beira-coa\/wp-content\/uploads\/sites\/39\/2024\/03\/Jose_sales-2-e1710256210525.jpg 180w, https:\/\/sites.uab.pt\/congresso-beira-coa\/wp-content\/uploads\/sites\/39\/2024\/03\/Jose_sales-2-e1710256210525-150x150.jpg 150w\" sizes=\"auto, (max-width: 180px) 100vw, 180px\"  loading=\"lazy\"><\/div><\/div>\n\t\t\t\t\t\t\n\t\t\t\t\t\t<div class=\"element-info\">\n\t\t\t\t\t\t\t<div class=\"title\">Jos\u00e9 Candeias Sales<\/div>\n\t\t\t\t\t\t\t\n\t\t\t\t\t\t\t\t\t\t\t\t\t\t\t\t\t\t\t\t\t\t<dl class=\"affiliation-wrapper\"><dt class=\"affiliation-label visually-hidden\">Afilia\u00e7\u00e3o: <\/dt><dd class=\"affiliation-value\">Universidade Aberta<\/dd><\/dl>\n\t\t\t\t\t\t\t\n\t\t\t\t\t\t\t\t\t\t\t\t\t<\/div>\n\t\t\t\t\t<\/a>\n\t\t\t\t<\/li>\n            \t\t\t\t<li class=\" flex-column col-12 col-lg-6  d-flex align-items-center element py-3\">\n\t\t\t\t\t<a href=\"https:\/\/sites.uab.pt\/congresso-beira-coa\/conhecer\/jose-morais-arnaud\/\"  class=\"d-flex flex-column align-items-center text-decoration-none\" title=\"Saber mais sobre Jos\u00e9 Morais Arnaud\">\n\t\t\t\t\t\t\t\t\t\t\t\t\t\t\t\t\t\t<div class=\"entry-thumbnail-wrapper-bg\"><div class=\"entry-thumbnail-wrapper\"><img decoding=\"async\" src=\"https:\/\/sites.uab.pt\/congresso-beira-coa\/wp-content\/uploads\/sites\/39\/2023\/09\/Jose-Arnaud-e1710256420219.jpg\" width=\"400\" height=\"400\" class=\"attachment-news-list-thumbnails-size size-news-list-thumbnails-size block entry-thumbnail img-fluid\" alt=\"\"  loading=\"lazy\"><\/div><\/div>\n\t\t\t\t\t\t\n\t\t\t\t\t\t<div class=\"element-info\">\n\t\t\t\t\t\t\t<div class=\"title\">Jos\u00e9 Morais Arnaud<\/div>\n\t\t\t\t\t\t\t\n\t\t\t\t\t\t\t\t\t\t\t\t\t\t\t\t\t\t\t\t\t\t<dl class=\"affiliation-wrapper\"><dt class=\"affiliation-label visually-hidden\">Afilia\u00e7\u00e3o: <\/dt><dd class=\"affiliation-value\">Associa\u00e7\u00e3o dos Arque\u00f3logos Portugueses<\/dd><\/dl>\n\t\t\t\t\t\t\t\n\t\t\t\t\t\t\t\t\t\t\t\t\t<\/div>\n\t\t\t\t\t<\/a>\n\t\t\t\t<\/li>\n            \t\t\t\t<li class=\" flex-column col-12 col-lg-6  d-flex align-items-center element py-3\">\n\t\t\t\t\t<a href=\"https:\/\/sites.uab.pt\/congresso-beira-coa\/conhecer\/antonio-vermelho-do-corral\/\"  class=\"d-flex flex-column align-items-center text-decoration-none\" title=\"Saber mais sobre Ant\u00f3nio Vermelho do Corral\">\n\t\t\t\t\t\t\t\t\t\t\t\t\t\t\t\t\t\t<div class=\"entry-thumbnail-wrapper-bg\"><div class=\"entry-thumbnail-wrapper\"><img decoding=\"async\" src=\"https:\/\/sites.uab.pt\/congresso-beira-coa\/wp-content\/uploads\/sites\/39\/2023\/09\/006-Large-e1710267719287.jpg\" width=\"400\" height=\"400\" class=\"attachment-news-list-thumbnails-size size-news-list-thumbnails-size block entry-thumbnail img-fluid\" alt=\"\"  loading=\"lazy\"><\/div><\/div>\n\t\t\t\t\t\t\n\t\t\t\t\t\t<div class=\"element-info\">\n\t\t\t\t\t\t\t<div class=\"title\">Ant\u00f3nio Vermelho do Corral<\/div>\n\t\t\t\t\t\t\t\n\t\t\t\t\t\t\t\t\t\t\t\t\t\t\t\t\t\t\t\t\t\t<dl class=\"affiliation-wrapper\"><dt class=\"affiliation-label visually-hidden\">Afilia\u00e7\u00e3o: <\/dt><dd class=\"affiliation-value\">Universidade Lus\u00f3fona<\/dd><\/dl>\n\t\t\t\t\t\t\t\n\t\t\t\t\t\t\t\t\t\t\t\t\t<\/div>\n\t\t\t\t\t<\/a>\n\t\t\t\t<\/li>\n            \t\t\t\t<li class=\" flex-column col-12 col-lg-6  d-flex align-items-center element py-3\">\n\t\t\t\t\t<a href=\"https:\/\/sites.uab.pt\/congresso-beira-coa\/conhecer\/maria-madalena-oudinot-larcher\/\"  class=\"d-flex flex-column align-items-center text-decoration-none\" title=\"Saber mais sobre Maria Madalena Pess\u00f4a Jorge Oudinot Larcher\">\n\t\t\t\t\t\t\t\t\t\t\t\t\t\t\t\t\t\t<div class=\"entry-thumbnail-wrapper-bg\"><div class=\"entry-thumbnail-wrapper\"><img decoding=\"async\" src=\"https:\/\/sites.uab.pt\/congresso-beira-coa\/wp-content\/uploads\/sites\/39\/2023\/09\/IMG_20221210_173031-scaled-1-e1710268350556.jpg\" width=\"400\" height=\"400\" class=\"attachment-news-list-thumbnails-size size-news-list-thumbnails-size block entry-thumbnail img-fluid\" alt=\"\"  loading=\"lazy\"><\/div><\/div>\n\t\t\t\t\t\t\n\t\t\t\t\t\t<div class=\"element-info\">\n\t\t\t\t\t\t\t<div class=\"title\">Maria Madalena Pess\u00f4a Jorge Oudinot Larcher<\/div>\n\t\t\t\t\t\t\t\n\t\t\t\t\t\t\t\t\t\t\t\t\t\t\t\t\t\t\t\t\t\t<dl class=\"affiliation-wrapper\"><dt class=\"affiliation-label visually-hidden\">Afilia\u00e7\u00e3o: <\/dt><dd class=\"affiliation-value\">Instituto Hist\u00f3rico da Beira C\u00f4a, Instituto Polit\u00e9cnico de Tomar<\/dd><\/dl>\n\t\t\t\t\t\t\t\n\t\t\t\t\t\t\t\t\t\t\t\t\t<\/div>\n\t\t\t\t\t<\/a>\n\t\t\t\t<\/li>\n            \t\t\t\t<li class=\" flex-column col-12 col-lg-6  d-flex align-items-center element py-3\">\n\t\t\t\t\t<a href=\"https:\/\/sites.uab.pt\/congresso-beira-coa\/conhecer\/amalia-fonseca\/\"  class=\"d-flex flex-column align-items-center text-decoration-none\" title=\"Saber mais sobre Am\u00e1lia Gon\u00e7alves Fonseca\">\n\t\t\t\t\t\t\t\t\t\t\t\t\t\t\t\t\t\t<div class=\"entry-thumbnail-wrapper-bg\"><div class=\"entry-thumbnail-wrapper\"><img decoding=\"async\" src=\"https:\/\/sites.uab.pt\/congresso-beira-coa\/wp-content\/uploads\/sites\/39\/2023\/09\/Foto-Amalia-Fonseca-e1710268419198.jpg\" width=\"400\" height=\"400\" class=\"attachment-news-list-thumbnails-size size-news-list-thumbnails-size block entry-thumbnail img-fluid\" alt=\"\"  loading=\"lazy\"><\/div><\/div>\n\t\t\t\t\t\t\n\t\t\t\t\t\t<div class=\"element-info\">\n\t\t\t\t\t\t\t<div class=\"title\">Am\u00e1lia Gon\u00e7alves Fonseca<\/div>\n\t\t\t\t\t\t\t\n\t\t\t\t\t\t\t\t\t\t\t\t\t\t\t\t\t\t\t\t\t\t<dl class=\"affiliation-wrapper\"><dt class=\"affiliation-label visually-hidden\">Afilia\u00e7\u00e3o: <\/dt><dd class=\"affiliation-value\">Centro Local de Aprendizagem do Sabugal<\/dd><\/dl>\n\t\t\t\t\t\t\t\n\t\t\t\t\t\t\t\t\t\t\t\t\t<\/div>\n\t\t\t\t\t<\/a>\n\t\t\t\t<\/li>\n            \t\t\t\t<li class=\" flex-column col-12 col-lg-6  d-flex align-items-center element py-3\">\n\t\t\t\t\t<a href=\"https:\/\/sites.uab.pt\/congresso-beira-coa\/conhecer\/manuela-oliveira\/\"  class=\"d-flex flex-column align-items-center text-decoration-none\" title=\"Saber mais sobre Manuela Alexandra Ramos Oliveira\">\n\t\t\t\t\t\t\t\t\t\t\t\t\t\t\t\t\t\t<div class=\"entry-thumbnail-wrapper-bg\"><div class=\"entry-thumbnail-wrapper\"><img decoding=\"async\" src=\"https:\/\/sites.uab.pt\/congresso-beira-coa\/wp-content\/uploads\/sites\/39\/2024\/04\/WhatsApp-Image-2024-04-29-at-09.41.00-e1714380245865.jpeg\" width=\"1536\" height=\"2048\" class=\"attachment-news-list-thumbnails-size size-news-list-thumbnails-size block entry-thumbnail img-fluid\" alt=\"\"  loading=\"lazy\"><\/div><\/div>\n\t\t\t\t\t\t\n\t\t\t\t\t\t<div class=\"element-info\">\n\t\t\t\t\t\t\t<div class=\"title\">Manuela Alexandra Ramos Oliveira<\/div>\n\t\t\t\t\t\t\t\n\t\t\t\t\t\t\t\t\t\t\t\t\t\t\t\t\t\t\t\t\t\t<dl class=\"affiliation-wrapper\"><dt class=\"affiliation-label visually-hidden\">Afilia\u00e7\u00e3o: <\/dt><dd class=\"affiliation-value\">Centro Local de Aprendizagem na M\u00eada<\/dd><\/dl>\n\t\t\t\t\t\t\t\n\t\t\t\t\t\t\t\t\t\t\t\t\t<\/div>\n\t\t\t\t\t<\/a>\n\t\t\t\t<\/li>\n                    <\/ul>\n    <\/div>\n    <div class=\"clearfix\"><\/div>\n\n\n\n<div style=\"height:10px\" aria-hidden=\"true\" class=\"wp-block-spacer\"><\/div>\n\n\n\n<div style=\"height:50px\" aria-hidden=\"true\" class=\"wp-block-spacer\"><\/div>\n\n\n\n<div class=\"wp-block-columns is-layout-flex wp-container-core-columns-is-layout-9d6595d7 wp-block-columns-is-layout-flex\">\n<div class=\"wp-block-column is-layout-flow wp-block-column-is-layout-flow\" style=\"flex-basis:450px\">\n<h2 class=\"wp-block-heading\">Comiss\u00e3o Cient\u00edfica<\/h2>\n\n\n\n<p>Lu\u00eds Aires de Barros (Pres.)<\/p>\n\n\n\n<p>Ant\u00f3nio Vermelho do Corral<\/p>\n\n\n\n<p>Augusto Moutinho Borges<\/p>\n\n\n\n<p>Fernando Larcher<\/p>\n\n\n\n<p>Jo\u00e3o da Cunha Matos<\/p>\n\n\n\n<p>Jos\u00e9 das Candeias Sales<\/p>\n\n\n\n<p>Jos\u00e9 Morais Arnaut<\/p>\n\n\n\n<p>Maria Isabel Soares de Albergaria<\/p>\n\n\n\n<p>Maria Madalena Oudinot Larcher<\/p>\n\n\n\n<p>Pedro Velez<\/p>\n<\/div>\n\n\n\n<div class=\"wp-block-column is-layout-flow wp-block-column-is-layout-flow\" style=\"flex-basis:450px\">\n<h2 class=\"wp-block-heading\">Institui\u00e7\u00f5es Co-Organizadoras<\/h2>\n\n\n\n<p>Sociedade de Geografia de Lisboa<\/p>\n\n\n\n<p>Instituto Hist\u00f3rico da Beira C\u00f4a<\/p>\n\n\n\n<p>Universidade Aberta (CLA de M\u00eada e Sabugal)<\/p>\n\n\n\n<p>CHAM &#8211; Centro de Humanidades\/Universidade Nova<\/p>\n\n\n\n<p>Universidade dos A\u00e7ores<\/p>\n\n\n\n<p>Associa\u00e7\u00e3o dos Arque\u00f3logos Portugueses <\/p>\n\n\n\n<p>Colabora\u00e7\u00e3o da Casa Mem\u00f3ria S. Jo\u00e3o da Pra\u00e7a (Almeida)<\/p>\n<\/div>\n<\/div>\n","protected":false},"excerpt":{"rendered":"Comiss\u00e3o Organizadora Comiss\u00e3o Cient\u00edfica Lu\u00eds Aires de Barros (Pres.) Ant\u00f3nio Vermelho do Corral Augusto Moutinho Borges Fernando Larcher Jo\u00e3o da Cunha Matos Jos\u00e9 das Candeias Sales Jos\u00e9 Morais Arnaut Maria Isabel Soares de Albergaria Maria Madalena Oudinot Larcher Pedro Velez Institui\u00e7\u00f5es Co-Organizadoras Sociedade de Geografia de Lisboa Instituto Hist\u00f3rico da Beira C\u00f4a Universidade Aberta (CLA [&hellip;]","protected":false},"author":1,"featured_media":0,"parent":2152,"menu_order":20,"comment_status":"closed","ping_status":"closed","template":"","meta":{"footnotes":""},"class_list":["post-2155","page","type-page","status-publish","hentry"],"_links":{"self":[{"href":"https:\/\/sites.uab.pt\/congresso-beira-coa\/wp-json\/wp\/v2\/pages\/2155","targetHints":{"allow":["GET"]}}],"collection":[{"href":"https:\/\/sites.uab.pt\/congresso-beira-coa\/wp-json\/wp\/v2\/pages"}],"about":[{"href":"https:\/\/sites.uab.pt\/congresso-beira-coa\/wp-json\/wp\/v2\/types\/page"}],"author":[{"embeddable":true,"href":"https:\/\/sites.uab.pt\/congresso-beira-coa\/wp-json\/wp\/v2\/users\/1"}],"replies":[{"embeddable":true,"href":"https:\/\/sites.uab.pt\/congresso-beira-coa\/wp-json\/wp\/v2\/comments?post=2155"}],"version-history":[{"count":4,"href":"https:\/\/sites.uab.pt\/congresso-beira-coa\/wp-json\/wp\/v2\/pages\/2155\/revisions"}],"predecessor-version":[{"id":2200,"href":"https:\/\/sites.uab.pt\/congresso-beira-coa\/wp-json\/wp\/v2\/pages\/2155\/revisions\/2200"}],"up":[{"embeddable":true,"href":"https:\/\/sites.uab.pt\/congresso-beira-coa\/wp-json\/wp\/v2\/pages\/2152"}],"wp:attachment":[{"href":"https:\/\/sites.uab.pt\/congresso-beira-coa\/wp-json\/wp\/v2\/media?parent=2155"}],"curies":[{"name":"wp","href":"https:\/\/api.w.org\/{rel}","templated":true}]}}