{"id":2206,"date":"2024-03-15T09:56:38","date_gmt":"2024-03-15T09:56:38","guid":{"rendered":"https:\/\/sites.uab.pt\/congresso-beira-coa\/?page_id=2206"},"modified":"2024-09-09T14:30:50","modified_gmt":"2024-09-09T14:30:50","slug":"programa-2024-2","status":"publish","type":"page","link":"https:\/\/sites.uab.pt\/congresso-beira-coa\/programa-2024-2\/","title":{"rendered":"Programa 2024"},"content":{"rendered":"\n<div class=\"wp-block-c3-framew-gutenbergblocks-timeline schedule\"><div class=\"gbt-timeline-title-wrapper\"><div class=\"gbt-timeline-title tt-title\"><strong>Dia 20 de setembro &#8211; LISBOA, SOCIEDADE DE GEOGRAFIA DE LISBOA (sess\u00e3o h\u00edbrida)<\/strong><br><\/div><\/div><ul class=\"gbt-timeline-content-wrapper\">\n<li style=\"--timeline-color:#ffffff\"><div class=\"gbt-timeline-event-title-wrapper\"><div class=\"gbt-timeline-event-title time-title\"><strong>Link da sess\u00e3o:<\/strong><\/div><\/div><div class=\"gbt-timeline-event-content-wrapper\">\n<p><a href=\"https:\/\/us06web.zoom.us\/j\/86253322183?pwd=aAnC2DGvguP2fvsy7D2YKOalWRLNwb.1\">https:\/\/us06web.zoom.us\/j\/83459904226?pwd=V9YkRAdpYIHPAYL1Yy8IDPWpAZTltL.1<\/a><\/p>\n<\/div><\/li>\n\n\n\n<li style=\"--timeline-color:#7bdcb5\"><div class=\"gbt-timeline-event-title-wrapper\"><div class=\"gbt-timeline-event-title time-title\"><strong>10h00 &#8211; Sess\u00e3o de abertura<\/strong><\/div><\/div><div class=\"gbt-timeline-event-content-wrapper\">\n<p><\/p>\n<\/div><\/li>\n\n\n\n<li style=\"--timeline-color:#fcb900\"><div class=\"gbt-timeline-event-title-wrapper\"><div class=\"gbt-timeline-event-title time-title\"><strong>10h15 &#8211; 1\u00aa Sess\u00e3o &#8211; <em>Castelo Rodrigo e Santa Maria de Aguiar<\/em><\/strong><\/div><\/div><div class=\"gbt-timeline-event-content-wrapper\">\n<p>Moderador: Prof. Doutor Jos\u00e9 das Candeias Sales <\/p>\n\n\n\n<p>ANT\u00d3NIO VERMELHO DO CORRAL, <em>Castelo Rodrigo \u2013 Figueira de Castelo Rodrigo. Mudan\u00e7a de Estatuto Jur\u00eddico, de sede e dos \u00f3rg\u00e3os do poder.<\/em><\/p>\n\n\n\n<p>REGINA RAICK, <em>Reflex\u00f5es a respeito da localiza\u00e7\u00e3o, constru\u00e7\u00e3o e influ\u00eancia do Mosteiro de Santa Maria de Aguiar na forma\u00e7\u00e3o da fronteira portuguesa.<\/em><\/p>\n<\/div><\/li>\n\n\n\n<li style=\"--timeline-color:#f78da7\"><div class=\"gbt-timeline-event-title-wrapper\"><div class=\"gbt-timeline-event-title time-title\"><strong>11h30 &#8211; Apresenta\u00e7\u00e3o da Mostra do artista ilustrador Bruno Maio \u201cPatrim\u00f3nio de Pinhel, nos 250 anos da eleva\u00e7\u00e3o a cidade, I\u201d.<\/strong><\/div><\/div><div class=\"gbt-timeline-event-content-wrapper\">\n<p><\/p>\n<\/div><\/li>\n\n\n\n<li style=\"--timeline-color:#313131\"><div class=\"gbt-timeline-event-title-wrapper\"><div class=\"gbt-timeline-event-title time-title\"><strong>Pausa para caf\u00e9<\/strong><\/div><\/div><div class=\"gbt-timeline-event-content-wrapper\">\n<p><\/p>\n<\/div><\/li>\n\n\n\n<li style=\"--timeline-color:#ff6900\"><div class=\"gbt-timeline-event-title-wrapper\"><div class=\"gbt-timeline-event-title time-title\"><strong>12h00 &#8211; 2\u00aa Sess\u00e3o &#8211; <em>A Beira C\u00f4a nos finais do Antigo Regime<\/em><\/strong><\/div><\/div><div class=\"gbt-timeline-event-content-wrapper\">\n<p>Moderador: Prof. Doutor Ant\u00f3nio Vermelho do Corral<\/p>\n\n\n\n<p>NUNO RESENDE, <em>Um portugu\u00eas na Esc\u00f3cia ou um escoc\u00eas em Portugal: registos da Beira C\u00f4a entre finais do s\u00e9culo XVIII e o primeiro quartel do s\u00e9culo XIX.<\/em><\/p>\n\n\n\n<p><br>LILIANA FILIPA BR\u00c1S SANTOS, <em>A Cultura da Seda na Beira C\u00f4a.<\/em><\/p>\n\n\n\n<p><br>FERNANDO LARCHER, <em>Os Alcaides Mores de Pinhel no Final do Antigo Regime.<\/em><\/p>\n<\/div><\/li>\n\n\n\n<li style=\"--timeline-color:#313131\"><div class=\"gbt-timeline-event-title-wrapper\"><div class=\"gbt-timeline-event-title time-title\"><strong>13h00 &#8211; Almo\u00e7o livre*<\/strong><\/div><\/div><div class=\"gbt-timeline-event-content-wrapper\">\n<p><\/p>\n<\/div><\/li>\n\n\n\n<li style=\"--timeline-color:#0693e3\"><div class=\"gbt-timeline-event-title-wrapper\"><div class=\"gbt-timeline-event-title time-title\"><strong>14h45 &#8211; 3\u00aa Sess\u00e3o &#8211; <em>Em torno do Patrim\u00f3nio de Foz C\u00f4a<\/em><\/strong><\/div><\/div><div class=\"gbt-timeline-event-content-wrapper\">\n<p>Moderador: Prof. Doutora Maria Madalena Oudinot Larcher<br><\/p>\n\n\n\n<p>CARLOS PEREIRA,<em> Cavalos e touros em Foz C\u00f4a.<\/em><br><\/p>\n\n\n\n<p>ALLYNEANHY ALVES OLIVEIRA, <em>A Contribui\u00e7\u00e3o da Realidade Virtual para Preserva\u00e7\u00e3o das Gravuras Rupestres de Beira C\u00f4a.<\/em><\/p>\n<\/div><\/li>\n\n\n\n<li style=\"--timeline-color:#cf2e2e\"><div class=\"gbt-timeline-event-title-wrapper\"><div class=\"gbt-timeline-event-title time-title\"><strong>15h30 &#8211; 4\u00aa Sess\u00e3o &#8211; <em>Ecologia e Imprensa<\/em><\/strong><\/div><\/div><div class=\"gbt-timeline-event-content-wrapper\">\n<p>Moderador: Prof. Doutor Pedro Velez<\/p>\n\n\n\n<p><br>ANT\u00d3NIO MONTEIRO,<em> A renaturaliza\u00e7\u00e3o do Vale do C\u00f4a: uma avalia\u00e7\u00e3o dos seus efeitos ecol\u00f3gicos nas popula\u00e7\u00f5es de aves e dos seus impactos em termos de conserva\u00e7\u00e3o da natureza.<\/em><\/p>\n\n\n\n<p><br>RENATO EPIF\u00c2NIO, <em>A Beira C\u00f4a na \u201cNova \u00c1guia\u201d.<\/em><\/p>\n<\/div><\/li>\n<\/ul><\/div>\n\n\n\n<div style=\"height:100px\" aria-hidden=\"true\" class=\"wp-block-spacer\"><\/div>\n\n\n\n<div class=\"wp-block-c3-framew-gutenbergblocks-timeline schedule\"><div class=\"gbt-timeline-title-wrapper\"><div class=\"gbt-timeline-title tt-title\"><strong>Dia 28 de setembro &#8211; ALMEIDA, SOLAR S\u00c3O JO\u00c3O &#8211; CASA MEM\u00d3RIA (sess\u00e3o presencial)<\/strong><br><\/div><\/div><ul class=\"gbt-timeline-content-wrapper\">\n<li style=\"--timeline-color:#7bdcb5\"><div class=\"gbt-timeline-event-title-wrapper\"><div class=\"gbt-timeline-event-title time-title\"><strong>10h15 &#8211; Sess\u00e3o de abertura<\/strong><\/div><\/div><div class=\"gbt-timeline-event-content-wrapper\">\n<p><\/p>\n<\/div><\/li>\n\n\n\n<li style=\"--timeline-color:#fcb900\"><div class=\"gbt-timeline-event-title-wrapper\"><div class=\"gbt-timeline-event-title time-title\"><strong>10H30 &#8211; 5\u00aa Sess\u00e3o &#8211;  <em>Entre os Rios C\u00f4a e \u00c1gueda<\/em><\/strong><\/div><\/div><div class=\"gbt-timeline-event-content-wrapper\">\n<p>Moderador: Prof. Doutor Fernando Larcher <\/p>\n\n\n\n<p>AUGUSTO MOUTINHO BORGES e LUISA MACHADO FERREIRA, <em>Castelos e fortalezas da raia luso-espanhola, livro base para projetos escola\/meio e patrim\u00f3nio\/identidade<\/em>.<br><\/p>\n\n\n\n<p>MARIA MADALENA OUDINOT LARCHER, <em>Fr.Francisco de Pinhel: O Papel de um Mission\u00e1rio Franciscano na Cristianiza\u00e7\u00e3o da Guin\u00e9 (1687).<\/em><br><\/p>\n\n\n\n<p>PAULO SARAIVA DE REFF\u00d3IS, <em>Alojamentos de Charme entre o \u00c1gueda e o C\u00f4a. Patrim\u00f3nio e identidade.<\/em><br><\/p>\n\n\n\n<p>JUAN ANTONIO MART\u00cdN, <em>Entre el \u00c1gueda o C\u00f4a: Paisajes e costumbres.<\/em><\/p>\n<\/div><\/li>\n\n\n\n<li style=\"--timeline-color:#f78da7\"><div class=\"gbt-timeline-event-title-wrapper\"><div class=\"gbt-timeline-event-title time-title\"><strong>12h45 &#8211; Apresenta\u00e7\u00e3o da Mostra do artista ilustrador Bruno Maio \u201cPatrim\u00f3nio de Pinhel\u201d, nos 250 anos da eleva\u00e7\u00e3o a cidade, II\u201d.<\/strong><\/div><\/div><div class=\"gbt-timeline-event-content-wrapper\">\n<p><\/p>\n<\/div><\/li>\n\n\n\n<li style=\"--timeline-color:#313131\"><div class=\"gbt-timeline-event-title-wrapper\"><div class=\"gbt-timeline-event-title time-title\"><strong>13h00 &#8211; Almo\u00e7o Livre *<\/strong><\/div><\/div><div class=\"gbt-timeline-event-content-wrapper\"><\/div><\/li>\n\n\n\n<li style=\"--timeline-color:#ff6900\"><div class=\"gbt-timeline-event-title-wrapper\"><div class=\"gbt-timeline-event-title time-title\"><strong>15h00 &#8211; 6\u00aa Sess\u00e3o <em>Associa\u00e7\u00f5es e Movimentos C\u00edvicos<\/em><\/strong><\/div><\/div><div class=\"gbt-timeline-event-content-wrapper\">\n<p>Moderador: Prof. Doutor Augusto Moutinho Borges<\/p>\n\n\n\n<p><br>ALEJANDRO FONSECA MORO, <em>La hist\u00f3ria a trav\u00e9s del patrim\u00f3nio territorial.<\/em><br><\/p>\n\n\n\n<p>IN\u00c1CIO CORREIA, <em>Movimento Po\u00e9tico, Grupo c\u00edvico de amigos, amigos da poesia, da cultura e de todas as artes.<\/em><br><\/p>\n\n\n\n<p>ANA PINTO, <em>Banda Filarm\u00f3nica de Pinhel, ber\u00e7o de m\u00fasicos e de cultura.<\/em><br><\/p>\n\n\n\n<p>FILIPE VILHENA, <em>Associa\u00e7\u00e3o dos Amigos de Almeida, Hist\u00f3ria e actividade.<\/em><br><\/p>\n\n\n\n<p>S\u00d3NIA CUNHA, <em>Iniciativa Cultural Almeida Vila de Escritores.<\/em><br><\/p>\n\n\n\n<p>SALETE DOS SANTOS MARTINS PINTO, <em>Associativismo local \u2013 Pol\u00edticas culturais de a\u00e7\u00e3o local.<\/em><\/p>\n<\/div><\/li>\n\n\n\n<li style=\"--timeline-color:#0693e3\"><div class=\"gbt-timeline-event-title-wrapper\"><div class=\"gbt-timeline-event-title time-title\"><strong><em>Pal\u00e1cio Dantas da Cunha<\/em><\/strong>,<br>onde pernoitou D. Catarina de Bragan\u00e7a, rainha de Inglaterra, em fins de Dezembro de 1692.<\/div><\/div><div class=\"gbt-timeline-event-content-wrapper\">\n<p><\/p>\n<\/div><\/li>\n\n\n\n<li style=\"--timeline-color:#cf2e2e\"><div class=\"gbt-timeline-event-title-wrapper\"><div class=\"gbt-timeline-event-title time-title\"><strong>18h00 &#8211; Apresenta\u00e7\u00e3o da m\u00fasica in\u00e9dita para Almeida, da autoria dos compositores Carla Reis Neves e Diogo Penha, com t\u00edtulo a divulgar no momento.<\/strong><\/div><\/div><div class=\"gbt-timeline-event-content-wrapper\">\n<p><\/p>\n<\/div><\/li>\n<\/ul><\/div>\n\n\n\n<p class=\"has-small-font-size\"><\/p>\n\n\n\n<p><em>* Quem quiser pode inscrever-se previamente para o Almo\u00e7o em Almeida (12 Euros) (at\u00e9 tr\u00eas dias antes) ou na Sociedade de Geografia de Lisboa (16 Euros) (at\u00e9 \u00e0s 11 horas da manh\u00e3 do pr\u00f3prio dia).<\/em><\/p>\n","protected":false},"excerpt":{"rendered":"* Quem quiser pode inscrever-se previamente para o Almo\u00e7o em Almeida (12 Euros) (at\u00e9 tr\u00eas dias antes) ou na Sociedade de Geografia de Lisboa (16 Euros) (at\u00e9 \u00e0s 11 horas da manh\u00e3 do pr\u00f3prio dia).","protected":false},"author":96,"featured_media":0,"parent":0,"menu_order":0,"comment_status":"closed","ping_status":"closed","template":"","meta":{"footnotes":""},"class_list":["post-2206","page","type-page","status-publish","hentry"],"_links":{"self":[{"href":"https:\/\/sites.uab.pt\/congresso-beira-coa\/wp-json\/wp\/v2\/pages\/2206","targetHints":{"allow":["GET"]}}],"collection":[{"href":"https:\/\/sites.uab.pt\/congresso-beira-coa\/wp-json\/wp\/v2\/pages"}],"about":[{"href":"https:\/\/sites.uab.pt\/congresso-beira-coa\/wp-json\/wp\/v2\/types\/page"}],"author":[{"embeddable":true,"href":"https:\/\/sites.uab.pt\/congresso-beira-coa\/wp-json\/wp\/v2\/users\/96"}],"replies":[{"embeddable":true,"href":"https:\/\/sites.uab.pt\/congresso-beira-coa\/wp-json\/wp\/v2\/comments?post=2206"}],"version-history":[{"count":8,"href":"https:\/\/sites.uab.pt\/congresso-beira-coa\/wp-json\/wp\/v2\/pages\/2206\/revisions"}],"predecessor-version":[{"id":2268,"href":"https:\/\/sites.uab.pt\/congresso-beira-coa\/wp-json\/wp\/v2\/pages\/2206\/revisions\/2268"}],"wp:attachment":[{"href":"https:\/\/sites.uab.pt\/congresso-beira-coa\/wp-json\/wp\/v2\/media?parent=2206"}],"curies":[{"name":"wp","href":"https:\/\/api.w.org\/{rel}","templated":true}]}}