{"id":1494,"date":"2022-10-19T21:13:18","date_gmt":"2022-10-19T21:13:18","guid":{"rendered":"https:\/\/sites.uab.pt\/congresso-humanidades\/?page_id=2"},"modified":"2024-05-03T13:25:42","modified_gmt":"2024-05-03T13:25:42","slug":"presentacion","status":"publish","type":"page","link":"https:\/\/sites.uab.pt\/itel2023-es\/","title":{"rendered":"Presentaci\u00f3n"},"content":{"rendered":"\n<h2 class=\"wp-block-heading has-text-align-center\">3\u00ba Congreso Internacional<em> <\/em><\/h2>\n\n\n\n<h2 class=\"wp-block-heading has-text-align-center\"><em>Innovaci\u00f3n y tecnolog\u00eda en la ense\u00f1anza de lenguas <\/em>(iTel 2023):<\/h2>\n\n\n\n<h2 class=\"wp-block-heading has-text-align-center\"><em>Evaluaci\u00f3n digital en la ense\u00f1anza de lenguas<\/em><\/h2>\n\n\n\n<div style=\"height:50px\" aria-hidden=\"true\" class=\"wp-block-spacer\"><\/div>\n\n\n\n<figure class=\"wp-block-embed is-type-video is-provider-youtube wp-block-embed-youtube wp-embed-aspect-16-9 wp-has-aspect-ratio\"><div class=\"wp-block-embed__wrapper\">\n<iframe loading=\"lazy\" title=\"ITEL23 Momentos\" width=\"500\" height=\"281\" src=\"https:\/\/www.youtube.com\/embed\/g0PoHEFelK0?feature=oembed\" frameborder=\"0\" allow=\"accelerometer; autoplay; clipboard-write; encrypted-media; gyroscope; picture-in-picture; web-share\" referrerpolicy=\"strict-origin-when-cross-origin\" allowfullscreen><\/iframe>\n<\/div><\/figure>\n\n\n<div class=\"wp-block-image is-style-default\">\n<figure class=\"aligncenter size-full\"><img loading=\"lazy\" decoding=\"async\" width=\"592\" height=\"141\" src=\"https:\/\/sites.uab.pt\/itel2023-es\/wp-content\/uploads\/sites\/30\/2023\/06\/EL@N.jpg\" alt=\"\" class=\"wp-image-2291\" srcset=\"https:\/\/sites.uab.pt\/itel2023-es\/wp-content\/uploads\/sites\/30\/2023\/06\/EL@N.jpg 592w, https:\/\/sites.uab.pt\/itel2023-es\/wp-content\/uploads\/sites\/30\/2023\/06\/EL@N-300x71.jpg 300w\" sizes=\"auto, (max-width: 592px) 100vw, 592px\" \/><\/figure>\n<\/div>\n\n\n<p class=\"has-text-align-center\"><strong>6 y 7 de noviembre de 2023<\/strong><br>Universidade Aberta, Lisboa, Portugal<\/p>\n\n\n\n<p class=\"has-text-align-center\">En l\u00ednea a trav\u00e9s de Zoom \/ Uso Horario de Lisboa, Portugal<\/p>\n\n\n\n<p class=\"has-text-align-center\"><a href=\"https:\/\/videoconf-colibri.zoom.us\/j\/99543643583\">https:\/\/videoconf-colibri.zoom.us\/j\/99543643583<\/a><\/p>\n\n\n\n<p class=\"has-text-align-center\">(<a href=\"https:\/\/drive.google.com\/file\/d\/1V4BNrN46rPl9RcNoXpXHkYiEZUCrl5GP\/view\" data-type=\"link\" data-id=\"https:\/\/drive.google.com\/file\/d\/1V4BNrN46rPl9RcNoXpXHkYiEZUCrl5GP\/view\">instrucciones de acceso a las salas paralelas 1 a 3<\/a>)<\/p>\n\n\n\n<p><\/p>\n\n\n\n<hr class=\"wp-block-separator has-alpha-channel-opacity is-style-default\"\/>\n\n\n\n<div class=\"wp-block-columns is-layout-flex wp-container-core-columns-is-layout-9d6595d7 wp-block-columns-is-layout-flex\">\n<div class=\"wp-block-column has-small-font-size is-layout-flow wp-block-column-is-layout-flow\" style=\"flex-basis:200px\"><\/div>\n\n\n\n<div class=\"wp-block-column is-layout-flow wp-block-column-is-layout-flow\" style=\"flex-basis:700px\">\n<p>Siguiendo con el primer encuentro de 2018 y el segundo de 2021, el grupo de investigaci\u00f3n El@n (Ense\u00f1anza de Lenguas Online) del LE@D (Laboratorio de Educaci\u00f3n a Distancia e eLearning) y el Departamento de Humanidades de la Universidade Aberta organizar\u00e1n, los pr\u00f3ximos d\u00edas 6 y 7 de noviembre de 2023, el 3\u00ba Congreso Internacional de Innovaci\u00f3n y Tecnolog\u00eda en la Ense\u00f1anza de Lenguas, dedicado especialmente a la evaluaci\u00f3n digital en la ense\u00f1anza de lenguas y culturas.<\/p>\n\n\n\n<p>Este congreso internacional tiene como objetivo reunir a investigadores, profesores y estudiantes del \u00e1rea de la ense\u00f1anza de lenguas, maternas o no maternas, que se dediquen a temas relacionados con la ense\u00f1anza y el aprendizaje de lenguas y culturas realizados en contexto virtual o mediados por tecnolog\u00edas digitales.<\/p>\n\n\n\n<p>Se busca impulsar la reflexi\u00f3n te\u00f3rica, as\u00ed como compartir pr\u00e1cticas y experiencias sobre la ense\u00f1anza y el aprendizaje de lenguas y culturas en entornos virtuales o mediados por diferentes tecnolog\u00edas digitales. Como indica el subt\u00edtulo, en esta tercera edici\u00f3n del congreso, se presta una atenci\u00f3n especial a la evaluaci\u00f3n en contexto digital, considerando especialmente las cuestiones \u00e9ticas y los nuevos retos que plantea.<\/p>\n<\/div>\n\n\n\n<div class=\"wp-block-column is-layout-flow wp-block-column-is-layout-flow\" style=\"flex-basis:100px\"><\/div>\n<\/div>\n\n\n\n<p><\/p>\n","protected":false},"excerpt":{"rendered":"3\u00ba Congreso Internacional Innovaci\u00f3n y tecnolog\u00eda en la ense\u00f1anza de lenguas (iTel 2023): Evaluaci\u00f3n digital en la ense\u00f1anza de lenguas 6 y 7 de noviembre de 2023Universidade Aberta, Lisboa, Portugal En l\u00ednea a trav\u00e9s de Zoom \/ Uso Horario de Lisboa, Portugal https:\/\/videoconf-colibri.zoom.us\/j\/99543643583 (instrucciones de acceso a las salas paralelas 1 a 3) Siguiendo con [&hellip;]","protected":false},"author":1,"featured_media":1973,"parent":0,"menu_order":0,"comment_status":"closed","ping_status":"closed","template":"","meta":{"speak2many_translation":"{\"de\":{\"url\":\"https:\/\/sites.uab.pt\/itel2023-de\/\",\"postID\":1494,\"postTitle\":\"Pr\u00e4sentation\",\"siteID\":28,\"customURL\":false,\"type\":\"page\",\"languageInfo\":{\"name\":\"German\",\"locale\":\"de_DE\",\"speak2many_site_api_url\":\"https:\/\/sites.uab.pt\/itel2023-de\/wp-json\/\"}}}","footnotes":""},"class_list":["post-1494","page","type-page","status-publish","has-post-thumbnail","hentry"],"_links":{"self":[{"href":"https:\/\/sites.uab.pt\/itel2023-es\/wp-json\/wp\/v2\/pages\/1494","targetHints":{"allow":["GET"]}}],"collection":[{"href":"https:\/\/sites.uab.pt\/itel2023-es\/wp-json\/wp\/v2\/pages"}],"about":[{"href":"https:\/\/sites.uab.pt\/itel2023-es\/wp-json\/wp\/v2\/types\/page"}],"author":[{"embeddable":true,"href":"https:\/\/sites.uab.pt\/itel2023-es\/wp-json\/wp\/v2\/users\/1"}],"replies":[{"embeddable":true,"href":"https:\/\/sites.uab.pt\/itel2023-es\/wp-json\/wp\/v2\/comments?post=1494"}],"version-history":[{"count":6,"href":"https:\/\/sites.uab.pt\/itel2023-es\/wp-json\/wp\/v2\/pages\/1494\/revisions"}],"predecessor-version":[{"id":2319,"href":"https:\/\/sites.uab.pt\/itel2023-es\/wp-json\/wp\/v2\/pages\/1494\/revisions\/2319"}],"wp:featuredmedia":[{"embeddable":true,"href":"https:\/\/sites.uab.pt\/itel2023-es\/wp-json\/wp\/v2\/media\/1973"}],"wp:attachment":[{"href":"https:\/\/sites.uab.pt\/itel2023-es\/wp-json\/wp\/v2\/media?parent=1494"}],"curies":[{"name":"wp","href":"https:\/\/api.w.org\/{rel}","templated":true}]}}