{"id":1494,"date":"2022-10-19T21:13:18","date_gmt":"2022-10-19T21:13:18","guid":{"rendered":"https:\/\/sites.uab.pt\/congresso-humanidades\/?page_id=2"},"modified":"2024-05-03T13:25:19","modified_gmt":"2024-05-03T13:25:19","slug":"presentation","status":"publish","type":"page","link":"https:\/\/sites.uab.pt\/itel2023-fr\/","title":{"rendered":"Pr\u00e9sentation"},"content":{"rendered":"\n<h2 class=\"wp-block-heading has-text-align-center\">3\u00e8me Congr\u00e8s International<em> <\/em><\/h2>\n\n\n\n<h2 class=\"wp-block-heading has-text-align-center\"><em>Innovation et Technologie dans l\u2019Enseignement des Langues <\/em>(iTel 2023):<\/h2>\n\n\n\n<h2 class=\"wp-block-heading has-text-align-center\"><em>\u00c9valuation num\u00e9rique dans l\u2019enseignement des langues<\/em><\/h2>\n\n\n\n<div style=\"height:50px\" aria-hidden=\"true\" class=\"wp-block-spacer\"><\/div>\n\n\n\n<figure class=\"wp-block-embed is-type-video is-provider-youtube wp-block-embed-youtube wp-embed-aspect-16-9 wp-has-aspect-ratio\"><div class=\"wp-block-embed__wrapper\">\n<iframe loading=\"lazy\" title=\"ITEL23 Momentos\" width=\"500\" height=\"281\" src=\"https:\/\/www.youtube.com\/embed\/g0PoHEFelK0?feature=oembed\" frameborder=\"0\" allow=\"accelerometer; autoplay; clipboard-write; encrypted-media; gyroscope; picture-in-picture; web-share\" referrerpolicy=\"strict-origin-when-cross-origin\" allowfullscreen><\/iframe>\n<\/div><\/figure>\n\n\n<div class=\"wp-block-image is-resized is-style-default\">\n<figure class=\"aligncenter size-full\"><img loading=\"lazy\" decoding=\"async\" width=\"592\" height=\"141\" src=\"https:\/\/sites.uab.pt\/itel2023-fr\/wp-content\/uploads\/sites\/29\/2023\/06\/EL@N.jpg\" alt=\"\" class=\"wp-image-2298\" srcset=\"https:\/\/sites.uab.pt\/itel2023-fr\/wp-content\/uploads\/sites\/29\/2023\/06\/EL@N.jpg 592w, https:\/\/sites.uab.pt\/itel2023-fr\/wp-content\/uploads\/sites\/29\/2023\/06\/EL@N-300x71.jpg 300w\" sizes=\"auto, (max-width: 592px) 100vw, 592px\" \/><\/figure>\n<\/div>\n\n\n<p class=\"has-text-align-center\"><strong>6 et 7 novembre 2023<\/strong><br>Universidade Aberta, Lisbonne, Portugal<\/p>\n\n\n\n<p class=\"has-text-align-center\">En ligne via Zoom \/ Horaire de Lisbonne, Portugal<\/p>\n\n\n\n<p class=\"has-text-align-center\"><a href=\"https:\/\/videoconf-colibri.zoom.us\/j\/99543643583\">https:\/\/videoconf-colibri.zoom.us\/j\/99543643583<\/a><\/p>\n\n\n\n<p class=\"has-text-align-center\">(<a href=\"https:\/\/drive.google.com\/file\/d\/1V4BNrN46rPl9RcNoXpXHkYiEZUCrl5GP\/view\" data-type=\"link\" data-id=\"https:\/\/drive.google.com\/file\/d\/1V4BNrN46rPl9RcNoXpXHkYiEZUCrl5GP\/view\">instructions pour l&#8217;acc\u00e8s aux salles parall\u00e8les 1 \u00e0 3<\/a>)<\/p>\n\n\n\n<p><\/p>\n\n\n\n<hr class=\"wp-block-separator has-alpha-channel-opacity is-style-default\"\/>\n\n\n\n<div class=\"wp-block-columns is-layout-flex wp-container-core-columns-is-layout-9d6595d7 wp-block-columns-is-layout-flex\">\n<div class=\"wp-block-column has-small-font-size is-layout-flow wp-block-column-is-layout-flow\" style=\"flex-basis:200px\"><\/div>\n\n\n\n<div class=\"wp-block-column is-layout-flow wp-block-column-is-layout-flow\" style=\"flex-basis:700px\">\n<p>Dans le prolongement des deux premi\u00e8res rencontres de 2018 et 2021, le groupe de recherche El@n (Enseignement des Langues en Ligne) du LE@D (Laboratoire d\u00b4\u00c9ducation \u00e0 distance et E-learning) et du D\u00e9partement des Sciences Humaines de l\u00b4Universidade Aberta organisera les 6 et 7 novembre 2023, le 3\u00e8me Congr\u00e8s International Innovation et Technologie dans l\u2019enseignement des langues.<\/p>\n\n\n\n<p>Ce congr\u00e8s international pr\u00e9tend r\u00e9unir des chercheurs, des enseignants et des \u00e9tudiants dans le domaine de l\u2019enseignement des langues, maternelles ou \u00e9trang\u00e8res, qui abordent les questions li\u00e9es \u00e0 l\u2019enseignement et l\u00b4acquisition des langues et des cultures dans des contextes virtuels ou num\u00e9riques.<\/p>\n\n\n\n<p>L\u2019objectif est d\u2019encourager non seulement la r\u00e9flexion th\u00e9orique mais \u00e9galement le partage de pratiques et d\u00b4exp\u00e9riences en ce qui concerne l\u2019enseignement et l\u00b4acquisition de langues et cultures, via le virtuel ou diff\u00e9rentes technologies num\u00e9riques. Comme l\u2019indique le sous-titre, cette 3\u00e8me \u00e9dition du congr\u00e8s a \u00e9galement pour objectif d\u2019accorder une attention particuli\u00e8re \u00e0 l\u2019\u00e9valuation dans un contexte num\u00e9rique, notamment en ce qui concerne les questions \u00e9thiques et les nouveaux d\u00e9fis qu\u2019elle soul\u00e8ve.<\/p>\n<\/div>\n\n\n\n<div class=\"wp-block-column is-layout-flow wp-block-column-is-layout-flow\" style=\"flex-basis:100px\"><\/div>\n<\/div>\n\n\n\n<p><\/p>\n","protected":false},"excerpt":{"rendered":"3\u00e8me Congr\u00e8s International Innovation et Technologie dans l\u2019Enseignement des Langues (iTel 2023): \u00c9valuation num\u00e9rique dans l\u2019enseignement des langues 6 et 7 novembre 2023Universidade Aberta, Lisbonne, Portugal En ligne via Zoom \/ Horaire de Lisbonne, Portugal https:\/\/videoconf-colibri.zoom.us\/j\/99543643583 (instructions pour l&#8217;acc\u00e8s aux salles parall\u00e8les 1 \u00e0 3) Dans le prolongement des deux premi\u00e8res rencontres de 2018 et [&hellip;]","protected":false},"author":1,"featured_media":1973,"parent":0,"menu_order":0,"comment_status":"closed","ping_status":"closed","template":"","meta":{"speak2many_translation":"{\"de\":{\"url\":\"https:\/\/sites.uab.pt\/itel2023-de\/\",\"postID\":1494,\"postTitle\":\"Pr\u00e4sentation\",\"siteID\":28,\"customURL\":false,\"type\":\"page\",\"languageInfo\":{\"name\":\"German\",\"locale\":\"de_DE\",\"speak2many_site_api_url\":\"https:\/\/sites.uab.pt\/itel2023-de\/wp-json\/\"}}}","footnotes":""},"class_list":["post-1494","page","type-page","status-publish","has-post-thumbnail","hentry"],"_links":{"self":[{"href":"https:\/\/sites.uab.pt\/itel2023-fr\/wp-json\/wp\/v2\/pages\/1494","targetHints":{"allow":["GET"]}}],"collection":[{"href":"https:\/\/sites.uab.pt\/itel2023-fr\/wp-json\/wp\/v2\/pages"}],"about":[{"href":"https:\/\/sites.uab.pt\/itel2023-fr\/wp-json\/wp\/v2\/types\/page"}],"author":[{"embeddable":true,"href":"https:\/\/sites.uab.pt\/itel2023-fr\/wp-json\/wp\/v2\/users\/1"}],"replies":[{"embeddable":true,"href":"https:\/\/sites.uab.pt\/itel2023-fr\/wp-json\/wp\/v2\/comments?post=1494"}],"version-history":[{"count":7,"href":"https:\/\/sites.uab.pt\/itel2023-fr\/wp-json\/wp\/v2\/pages\/1494\/revisions"}],"predecessor-version":[{"id":2323,"href":"https:\/\/sites.uab.pt\/itel2023-fr\/wp-json\/wp\/v2\/pages\/1494\/revisions\/2323"}],"wp:featuredmedia":[{"embeddable":true,"href":"https:\/\/sites.uab.pt\/itel2023-fr\/wp-json\/wp\/v2\/media\/1973"}],"wp:attachment":[{"href":"https:\/\/sites.uab.pt\/itel2023-fr\/wp-json\/wp\/v2\/media?parent=1494"}],"curies":[{"name":"wp","href":"https:\/\/api.w.org\/{rel}","templated":true}]}}