{"id":150,"date":"2022-10-20T10:46:29","date_gmt":"2022-10-20T10:46:29","guid":{"rendered":"https:\/\/sites.uab.pt\/congresso-humanidades\/?page_id=150"},"modified":"2023-11-05T15:54:45","modified_gmt":"2023-11-05T15:54:45","slug":"datas-e-local","status":"publish","type":"page","link":"https:\/\/sites.uab.pt\/itel2023\/datas-e-local\/","title":{"rendered":"Datas &#038; Local"},"content":{"rendered":"\n<h2 class=\"wp-block-heading has-text-align-center\">Datas<\/h2>\n\n\n\n<div class=\"wp-block-columns is-layout-flex wp-container-core-columns-is-layout-9d6595d7 wp-block-columns-is-layout-flex\">\n<div class=\"wp-block-column is-layout-flow wp-block-column-is-layout-flow\" style=\"flex-basis:300px\"><\/div>\n\n\n\n<div class=\"wp-block-column is-layout-flow wp-block-column-is-layout-flow\">\n<ul class=\"wp-block-list\">\n<li>22 de setembro de 2023 | Data-limite para envio de propostas&nbsp;<\/li>\n\n\n\n<li>9 de outubro de 2023 | Notifica\u00e7\u00e3o de aceita\u00e7\u00e3o&nbsp;<\/li>\n\n\n\n<li>15 de outubro de 2023 | Data-limite de inscri\u00e7\u00e3o com apresenta\u00e7\u00e3o<\/li>\n\n\n\n<li>1 de novembro de 2023 | Data-limite de inscri\u00e7\u00e3o sem apresenta\u00e7\u00e3o<\/li>\n<\/ul>\n<\/div>\n<\/div>\n\n\n\n<p><\/p>\n\n\n\n<hr class=\"wp-block-separator has-alpha-channel-opacity\"\/>\n\n\n\n<h2 class=\"wp-block-heading has-text-align-center\">Local<\/h2>\n\n\n\n<p class=\"has-text-align-center\"><strong>Realiza\u00e7\u00e3o <em>online <\/em>via Zoom \/ Fuso hor\u00e1rio de Lisboa<\/strong><\/p>\n\n\n\n<p class=\"has-text-align-center\"><a href=\"https:\/\/videoconf-colibri.zoom.us\/j\/99543643583\">https:\/\/videoconf-colibri.zoom.us\/j\/99543643583<\/a><\/p>\n\n\n\n<p class=\"has-text-align-center\">(<a href=\"https:\/\/drive.google.com\/file\/d\/1V4BNrN46rPl9RcNoXpXHkYiEZUCrl5GP\/view?usp=sharing\" data-type=\"link\" data-id=\"https:\/\/drive.google.com\/file\/d\/1V4BNrN46rPl9RcNoXpXHkYiEZUCrl5GP\/view?usp=sharing\">instru\u00e7\u00f5es de acesso \u00e0s salas paralelas<\/a>)<\/p>\n\n\n\n<div style=\"height:40px\" aria-hidden=\"true\" class=\"wp-block-spacer\"><\/div>\n\n\n<div class=\"wp-block-image\">\n<figure class=\"aligncenter size-full\"><img loading=\"lazy\" decoding=\"async\" width=\"300\" height=\"194\" src=\"https:\/\/sites.uab.pt\/itel2023\/wp-content\/uploads\/sites\/25\/2023\/03\/image.png\" alt=\"\" class=\"wp-image-1838\"\/><figcaption class=\"wp-element-caption\">Pal\u00e1cio Ceia, sede da Universidade Aberta<\/figcaption><\/figure>\n<\/div>\n\n\n<p class=\"has-text-align-center\">Universidade Aberta, Portugal<br><a href=\"https:\/\/portal.uab.pt\/\">https:\/\/portal.uab.pt\/<\/a><\/p>\n\n\n\n<p class=\"has-text-align-center\"><\/p>\n\n\n\n<div style=\"height:41px\" aria-hidden=\"true\" class=\"wp-block-spacer\"><\/div>\n","protected":false},"excerpt":{"rendered":"Datas Local Realiza\u00e7\u00e3o online via Zoom \/ Fuso hor\u00e1rio de Lisboa https:\/\/videoconf-colibri.zoom.us\/j\/99543643583 (instru\u00e7\u00f5es de acesso \u00e0s salas paralelas) Universidade Aberta, Portugalhttps:\/\/portal.uab.pt\/","protected":false},"author":1,"featured_media":1978,"parent":0,"menu_order":50,"comment_status":"closed","ping_status":"closed","template":"","meta":{"speak2many_translation":"{\"pt-PT\":{\"url\":\"\",\"postID\":null,\"postTitle\":\"\",\"siteID\":25,\"customURL\":true,\"languageInfo\":{\"name\":\"Portugu\u00eas\",\"locale\":\"pt_PT_ao90\"},\"langKey\":\"pt-PT\"},\"en-GB\":{\"url\":\"https:\/\/sites.uab.pt\/itel2023-en\/dates-and-venue\/#\",\"postID\":null,\"postTitle\":\"\",\"siteID\":27,\"customURL\":true,\"languageInfo\":{\"speak2many_site_api_url\":\"https:\/\/sites.uab.pt\/itel2023-en\/wp-json\/\",\"name\":\"English\",\"locale\":\"en_GB\"},\"langKey\":\"en-GB\"},\"es\":{\"url\":\"https:\/\/sites.uab.pt\/itel2023-es\/fechas-y-lugar\/#\",\"postID\":null,\"postTitle\":\"\",\"siteID\":30,\"customURL\":true,\"languageInfo\":{\"speak2many_site_api_url\":\"https:\/\/sites.uab.pt\/itel2023-es\/wp-json\/\",\"name\":\"Espa\u00f1ol\",\"locale\":\"es_ES\"},\"langKey\":\"es\"},\"de\":{\"url\":\"https:\/\/sites.uab.pt\/itel2023-de\/zeitplan-und-veranstaltungsort\/\",\"postID\":null,\"postTitle\":\"\",\"siteID\":28,\"customURL\":true,\"languageInfo\":{\"speak2many_site_api_url\":\"https:\/\/sites.uab.pt\/itel2023-de\/wp-json\/\",\"name\":\"Deutsch\",\"locale\":\"de_DE\"},\"langKey\":\"de\"},\"fr\":{\"url\":\"https:\/\/sites.uab.pt\/itel2023-fr\/dates-et-lieu\/#\",\"postID\":null,\"postTitle\":\"\",\"siteID\":29,\"customURL\":true,\"languageInfo\":{\"speak2many_site_api_url\":\"https:\/\/sites.uab.pt\/itel2023-fr\/wp-json\/\",\"name\":\"Fran\u00e7ais\",\"locale\":\"fr_FR\"},\"langKey\":\"fr\"}}","footnotes":""},"class_list":["post-150","page","type-page","status-publish","has-post-thumbnail","hentry"],"_links":{"self":[{"href":"https:\/\/sites.uab.pt\/itel2023\/wp-json\/wp\/v2\/pages\/150","targetHints":{"allow":["GET"]}}],"collection":[{"href":"https:\/\/sites.uab.pt\/itel2023\/wp-json\/wp\/v2\/pages"}],"about":[{"href":"https:\/\/sites.uab.pt\/itel2023\/wp-json\/wp\/v2\/types\/page"}],"author":[{"embeddable":true,"href":"https:\/\/sites.uab.pt\/itel2023\/wp-json\/wp\/v2\/users\/1"}],"replies":[{"embeddable":true,"href":"https:\/\/sites.uab.pt\/itel2023\/wp-json\/wp\/v2\/comments?post=150"}],"version-history":[{"count":8,"href":"https:\/\/sites.uab.pt\/itel2023\/wp-json\/wp\/v2\/pages\/150\/revisions"}],"predecessor-version":[{"id":2124,"href":"https:\/\/sites.uab.pt\/itel2023\/wp-json\/wp\/v2\/pages\/150\/revisions\/2124"}],"wp:featuredmedia":[{"embeddable":true,"href":"https:\/\/sites.uab.pt\/itel2023\/wp-json\/wp\/v2\/media\/1978"}],"wp:attachment":[{"href":"https:\/\/sites.uab.pt\/itel2023\/wp-json\/wp\/v2\/media?parent=150"}],"curies":[{"name":"wp","href":"https:\/\/api.w.org\/{rel}","templated":true}]}}