{"id":142,"date":"2022-10-19T22:42:28","date_gmt":"2022-10-19T22:42:28","guid":{"rendered":"https:\/\/sites.uab.pt\/congresso-humanidades\/?page_id=142"},"modified":"2025-10-20T22:28:15","modified_gmt":"2025-10-20T21:28:15","slug":"conferences-plenieres","status":"publish","type":"page","link":"https:\/\/sites.uab.pt\/itel2025-fr\/conferences-plenieres\/","title":{"rendered":"Conf\u00e9rences Pl\u00e9ni\u00e8res"},"content":{"rendered":"\n<h2 class=\"wp-block-heading has-text-align-center\">Keynote Speakers<\/h2>\n\n\n\n<hr class=\"wp-block-separator has-alpha-channel-opacity\"\/>\n\n\n\n<div style=\"height:31px\" aria-hidden=\"true\" class=\"wp-block-spacer\"><\/div>\n\n\n\n        \n\n    <div class=\"\">\n        <ul class=\"elements row list-unstyled justify-content-center\">\n            \t\t\t\t<li class=\" flex-column col-12 col-lg-6  d-flex align-items-center element py-3\">\n\t\t\t\t\t\t\t\t\t\t\t<div class=\"d-flex flex-column align-items-center text-decoration-none lb\">\n\t\t\t\t\t\t\t\t\t\t\t\t\t\t\t\t\t\t\t\t\t<div class=\"entry-thumbnail-wrapper-bg\"><div class=\"entry-thumbnail-wrapper\"><img decoding=\"async\" src=\"https:\/\/sites.uab.pt\/itel2025-fr\/wp-content\/uploads\/sites\/58\/2025\/09\/PhotoJavier-Munoz-Basols-880x1024-1.jpg\" width=\"880\" height=\"1024\" class=\"attachment-news-list-thumbnails-size size-news-list-thumbnails-size block entry-thumbnail img-fluid\" alt=\"\" srcset=\"https:\/\/sites.uab.pt\/itel2025-fr\/wp-content\/uploads\/sites\/58\/2025\/09\/PhotoJavier-Munoz-Basols-880x1024-1.jpg 880w, https:\/\/sites.uab.pt\/itel2025-fr\/wp-content\/uploads\/sites\/58\/2025\/09\/PhotoJavier-Munoz-Basols-880x1024-1-258x300.jpg 258w, https:\/\/sites.uab.pt\/itel2025-fr\/wp-content\/uploads\/sites\/58\/2025\/09\/PhotoJavier-Munoz-Basols-880x1024-1-768x894.jpg 768w\" sizes=\"auto, (max-width: 880px) 100vw, 880px\"  loading=\"lazy\"><\/div><\/div>\n\t\t\t\t\t\t\t\n\t\t\t\t\t\t\t<div class=\"element-info\">\n\t\t\t\t\t\t\t\t<div class=\"title\">Javier Mu\u00f1oz-Basols<\/div>\n\n\t\t\t\t\t\t\t\t\t\t\t\t\t\t\t\t\t\t\t\t\t\t\t\t\t<dl class=\"affiliation-wrapper\"><dt class=\"affiliation-label visually-hidden\">Affiliation: <\/dt><dd class=\"affiliation-value\">Executive Director, Instituto Cervantes Los Angeles, and Honorary Research Fellow at the University of Seville and the University of Oxford<\/dd><\/dl>\n\t\t\t\t\t\t\t\t\n\t\t\t\t\t\t\t\t\t\t\t\t\t\t\t\t\t\t\t\t\t\t\t\t\t\t\t\t\t\t\t\t\t<div class=\"content w-100\">\n<p><strong>Javier Mu\u00f1oz-Basols<\/strong>&nbsp;est chercheur \u00e9minent&nbsp;<em>Beatriz Galindo<\/em>&nbsp;\u00e0 l\u2019Universit\u00e9 de S\u00e9ville (Espagne), poste financ\u00e9 par le Minist\u00e8re espagnol de la Science, de l\u2019Innovation et des Universit\u00e9s dans le cadre d\u2019un programme international comp\u00e9titif d\u2019attraction de talents. Il est \u00e9galement&nbsp;<em>Honorary Faculty Research Fellow<\/em>&nbsp;\u00e0 l\u2019Universit\u00e9 d\u2019Oxford (Royaume-Uni), o\u00f9 il a exerc\u00e9 pendant quinze ans en tant que&nbsp;<em>Lecturer<\/em>,&nbsp;<em>Senior Lecturer<\/em>&nbsp;en espagnol et coordinateur de la section d\u2019espagnol.<\/p>\n\n\n\n<p>Ses recherches portent sur les relations entre contact des langues et multilinguisme, l\u2019int\u00e9gration des technologies \u2014 y compris l\u2019intelligence artificielle (IA) \u2014 dans l\u2019apprentissage des langues, ainsi que sur l\u2019impact des contextes institutionnels dans l\u2019enseignement des langues. Ses travaux ont \u00e9t\u00e9 diffus\u00e9s dans des m\u00e9dias espagnols et internationaux de premier plan tels que&nbsp;<em>El Pa\u00eds<\/em>,&nbsp;<em>France 24<\/em>,&nbsp;<em>Radio France Internationale<\/em>,&nbsp;<em>La Vanguardia<\/em>&nbsp;et&nbsp;<em>RNE Radio Exterior<\/em>. Il a prononc\u00e9 des conf\u00e9rences pl\u00e9ni\u00e8res dans des congr\u00e8s et \u00e9v\u00e9nements internationaux en Argentine, Belgique, Br\u00e9sil, Canada, Hong Kong, Italie, Japon, Luxembourg, Mexique, Maroc, Pays-Bas, P\u00e9rou, Portugal, Espagne, Tunisie et Royaume-Uni.<\/p>\n\n\n\n<p>Le Professeur Mu\u00f1oz-Basols poss\u00e8de une vaste production scientifique comprenant 18 ouvrages et volumes collectifs publi\u00e9s chez des \u00e9diteurs internationaux de r\u00e9f\u00e9rence. Il a publi\u00e9 dans des revues acad\u00e9miques de premier plan telles que&nbsp;<em>Applied Linguistics<\/em>,&nbsp;<em>International Journal of Multilingualism<\/em>&nbsp;et&nbsp;<em>Computer Assisted Language Learning<\/em>. Son dernier ouvrage,&nbsp;<em>Technology-Mediated Language Teaching: From Social Justice to Artificial Intelligence (AI)<\/em>&nbsp;(Multilingual Matters, 2025), explore des approches innovantes de recherche et d\u2019enseignement pour l\u2019int\u00e9gration des technologies dans l\u2019\u00e9ducation linguistique. Il est \u00e9galement cofondateur et r\u00e9dacteur en chef du&nbsp;<em>Journal of Spanish Language Teaching<\/em>&nbsp;(Routledge).<\/p>\n\n\n\n<p>Ses contributions \u00e0 la soci\u00e9t\u00e9 incluent son r\u00f4le de pr\u00e9sident de l\u2019<em>Asociaci\u00f3n para la Ense\u00f1anza del Espa\u00f1ol como Lengua Extranjera<\/em>&nbsp;(ASELE), celui d\u2019administrateur (<em>Trustee<\/em>) de l\u2019Institut Cervantes, ainsi que celui de membre correspondant de l\u2019<em>Academia Norteamericana de la Lengua Espa\u00f1ola&nbsp;<\/em>(ANLE).<\/p>\n<\/div>\n\t\t\t\t\t\t\t\t\t\t\t\t\t\t\t<\/div>\n\t\t\t\t\t\t<\/div>\n\t\t\t\t\t\t\t\t\t<\/li>\n            \t\t\t\t<li class=\" flex-column col-12 col-lg-6  d-flex align-items-center element py-3\">\n\t\t\t\t\t\t\t\t\t\t\t<div class=\"d-flex flex-column align-items-center text-decoration-none lb\">\n\t\t\t\t\t\t\t\t\t\t\t\t\t\t\t\t\t\t\t\t\t<div class=\"entry-thumbnail-wrapper-bg\"><div class=\"entry-thumbnail-wrapper\"><img decoding=\"async\" src=\"https:\/\/sites.uab.pt\/itel2025-fr\/wp-content\/uploads\/sites\/58\/2025\/09\/lcmorgado.jpg\" width=\"200\" height=\"205\" class=\"attachment-news-list-thumbnails-size size-news-list-thumbnails-size block entry-thumbnail img-fluid\" alt=\"\"  loading=\"lazy\"><\/div><\/div>\n\t\t\t\t\t\t\t\n\t\t\t\t\t\t\t<div class=\"element-info\">\n\t\t\t\t\t\t\t\t<div class=\"title\">Leonel Morgado<\/div>\n\n\t\t\t\t\t\t\t\t\t\t\t\t\t\t\t\t\t\t\t\t\t\t\t\t\t<dl class=\"affiliation-wrapper\"><dt class=\"affiliation-label visually-hidden\">Affiliation: <\/dt><dd class=\"affiliation-value\">Universidade Aberta<\/dd><\/dl>\n\t\t\t\t\t\t\t\t\n\t\t\t\t\t\t\t\t\t\t\t\t\t\t\t\t\t\t\t\t\t\t\t\t\t\t\t\t\t\t\t\t\t<div class=\"content w-100\">\n<p><strong>Leonel Morgado<\/strong>&nbsp;est professeur des universit\u00e9s \u00e0 l\u2019Universidade Aberta (UAb), o\u00f9 il enseigne les m\u00e9thodes de recherche, les environnements immersifs et la programmation. Il est chercheur senior au laboratoire ind\u00e9pendant INESC TEC et coordinateur du noyau INESC TEC \u00e0 l\u2019UAb. Il est \u00e9galement membre de l\u2019Unit\u00e9 de d\u00e9veloppement des centres locaux d\u2019apprentissage (UMCLA). Il occupe la fonction de&nbsp;<em>Standards Liaison<\/em>&nbsp;au sein du comit\u00e9 technique sur les environnements immersifs pour l\u2019apprentissage de l\u2019IEEE Education Society, et il est membre du comit\u00e9 de pilotage ainsi que du&nbsp;<em>Circle of Scholars<\/em>&nbsp;du r\u00e9seau de recherche Immersive Learning Research Network.<\/p>\n\n\n\n<p>Il m\u00e8ne des recherches sur les environnements immersifs depuis 2000, avec un accent particulier sur l\u2019accompagnement de l\u2019enseignement et de l\u2019apprentissage. Il est l\u2019auteur de plus de 200 articles scientifiques.<\/p>\n\n\n\n<p>Avant sa carri\u00e8re acad\u00e9mique, il a \u00e9t\u00e9 directeur commercial et technique d\u2019une entreprise d\u2019importation, de distribution et de vente de mat\u00e9riel informatique, terminologue pour les \u00e9quipes de localisation de MS Office 97 et Oracle InterOffice, sp\u00e9cialiste de la qualit\u00e9 linguistique pour IBM\/Lotus, ainsi que coordinateur d\u2019\u00e9quipes de d\u00e9veloppement Web et de d\u00e9ploiement de logiciels. Il a \u00e9galement dirig\u00e9 une \u00e9quipe de coop\u00e9ration visant \u00e0 r\u00e9duire la fracture num\u00e9rique dans des villages ruraux.<\/p>\n<\/div>\n\t\t\t\t\t\t\t\t\t\t\t\t\t\t\t<\/div>\n\t\t\t\t\t\t<\/div>\n\t\t\t\t\t\t\t\t\t<\/li>\n                    <\/ul>\n    <\/div>\n    <div class=\"clearfix\"><\/div>\n\n\n\n<h2 class=\"wp-block-heading has-text-align-center\">Invit\u00e9s \u2013 Table ronde<\/h2>\n\n\n\n<hr class=\"wp-block-separator has-alpha-channel-opacity\"\/>\n\n\n\n        \n\n    <div class=\"\">\n        <ul class=\"elements row list-unstyled justify-content-center\">\n            \t\t\t\t<li class=\" flex-column col-12 col-lg-6  d-flex align-items-center element py-3\">\n\t\t\t\t\t\t\t\t\t\t\t<div class=\"d-flex flex-column align-items-center text-decoration-none lb\">\n\t\t\t\t\t\t\t\t\t\t\t\t\t\t\t\t\t\t\t\t\t<div class=\"entry-thumbnail-wrapper-bg\"><div class=\"entry-thumbnail-wrapper\"><img decoding=\"async\" src=\"https:\/\/sites.uab.pt\/itel2025-fr\/wp-content\/uploads\/sites\/58\/2025\/10\/Antonio-Chenoll-copia.jpg\" width=\"268\" height=\"268\" class=\"attachment-news-list-thumbnails-size size-news-list-thumbnails-size block entry-thumbnail img-fluid\" alt=\"\" srcset=\"https:\/\/sites.uab.pt\/itel2025-fr\/wp-content\/uploads\/sites\/58\/2025\/10\/Antonio-Chenoll-copia.jpg 268w, https:\/\/sites.uab.pt\/itel2025-fr\/wp-content\/uploads\/sites\/58\/2025\/10\/Antonio-Chenoll-copia-150x150.jpg 150w\" sizes=\"auto, (max-width: 268px) 100vw, 268px\"  loading=\"lazy\"><\/div><\/div>\n\t\t\t\t\t\t\t\n\t\t\t\t\t\t\t<div class=\"element-info\">\n\t\t\t\t\t\t\t\t<div class=\"title\">Antonio Chenoll<\/div>\n\n\t\t\t\t\t\t\t\t\t\t\t\t\t\t\t\t\t\t\t\t\t\t\t\t\t<dl class=\"affiliation-wrapper\"><dt class=\"affiliation-label visually-hidden\">Affiliation: <\/dt><dd class=\"affiliation-value\">Universidade Aberta<\/dd><\/dl>\n\t\t\t\t\t\t\t\t\n\t\t\t\t\t\t\t\t\t\t\t\t\t\t\t\t\t\t\t\t\t\t\t\t\t\t\t\t\t\t\t\t\t<div class=\"content w-100\">\n<p>Antonio Chenoll est chercheur et professeur sp\u00e9cialis\u00e9 dans l&#8217;enseignement des langues \u00e9trang\u00e8res, les technologies \u00e9ducatives num\u00e9riques et l&#8217;apprentissage en ligne. Il est actuellement membre int\u00e9gr\u00e9 du LE@D (Laboratoire d&#8217;enseignement \u00e0 distance et d&#8217;apprentissage en ligne) de l&#8217;Universidade Aberta (Portugal), o\u00f9, en plus d&#8217;enseigner, il coordonne le groupe EL@N au sein du m\u00eame laboratoire. Ses recherches portent sur l&#8217;acquisition des langues \u00e9trang\u00e8res en tant que processus cognitif \u00e0 travers des textes en ligne et multim\u00e9dias, ainsi que sur la production, la perception et l&#8217;acquisition du langage parl\u00e9. Il \u00e9tudie \u00e9galement l&#8217;utilisation des technologies web, de la gamification et de l&#8217;apprentissage num\u00e9rique dans les cours de langues.<\/p>\n<\/div>\n\t\t\t\t\t\t\t\t\t\t\t\t\t\t\t<\/div>\n\t\t\t\t\t\t<\/div>\n\t\t\t\t\t\t\t\t\t<\/li>\n            \t\t\t\t<li class=\" flex-column col-12 col-lg-6  d-flex align-items-center element py-3\">\n\t\t\t\t\t\t\t\t\t\t\t<div class=\"d-flex flex-column align-items-center text-decoration-none lb\">\n\t\t\t\t\t\t\t\t\t\t\t\t\t\t\t\t\t\t\t\t\t<div class=\"entry-thumbnail-wrapper-bg\"><div class=\"entry-thumbnail-wrapper\"><img decoding=\"async\" src=\"https:\/\/sites.uab.pt\/itel2025-fr\/wp-content\/uploads\/sites\/58\/2025\/10\/jhopkins-2025.jpg\" width=\"1516\" height=\"1909\" class=\"attachment-news-list-thumbnails-size size-news-list-thumbnails-size block entry-thumbnail img-fluid\" alt=\"\" srcset=\"https:\/\/sites.uab.pt\/itel2025-fr\/wp-content\/uploads\/sites\/58\/2025\/10\/jhopkins-2025.jpg 1516w, https:\/\/sites.uab.pt\/itel2025-fr\/wp-content\/uploads\/sites\/58\/2025\/10\/jhopkins-2025-238x300.jpg 238w, https:\/\/sites.uab.pt\/itel2025-fr\/wp-content\/uploads\/sites\/58\/2025\/10\/jhopkins-2025-813x1024.jpg 813w, https:\/\/sites.uab.pt\/itel2025-fr\/wp-content\/uploads\/sites\/58\/2025\/10\/jhopkins-2025-768x967.jpg 768w, https:\/\/sites.uab.pt\/itel2025-fr\/wp-content\/uploads\/sites\/58\/2025\/10\/jhopkins-2025-1220x1536.jpg 1220w\" sizes=\"auto, (max-width: 1516px) 100vw, 1516px\"  loading=\"lazy\"><\/div><\/div>\n\t\t\t\t\t\t\t\n\t\t\t\t\t\t\t<div class=\"element-info\">\n\t\t\t\t\t\t\t\t<div class=\"title\">Joseph\u00a0Hopkins<\/div>\n\n\t\t\t\t\t\t\t\t\t\t\t\t\t\t\t\t\t\t\t\t\t\t\t\t\t<dl class=\"affiliation-wrapper\"><dt class=\"affiliation-label visually-hidden\">Affiliation: <\/dt><dd class=\"affiliation-value\">Universitat Oberta de Catalunya<\/dd><\/dl>\n\t\t\t\t\t\t\t\t\n\t\t\t\t\t\t\t\t\t\t\t\t\t\t\t\t\t\t\t\t\t\t\t\t\t\t\t\t\t\t\t\t\t<div class=\"content w-100\">\n<p>R\u00e9cemment retrait\u00e9, mais toujours actif, Joseph Hopkins est professeur de langues\/formateur d&#8217;enseignants et ancien directeur du Centre des langues modernes de l&#8217;Universitat Oberta de Catalunya (Espagne), un \u00e9tablissement enti\u00e8rement en ligne. Il est \u00e9galement membre de l&#8217;\u00e9quipe du projet ICT-REV, une initiative de d\u00e9veloppement professionnel des enseignants financ\u00e9e par le Centre europ\u00e9en pour les langues vivantes (CELV) et la Commission europ\u00e9enne. Ses recherches portent sur l&#8217;enseignement et l&#8217;apprentissage des langues assist\u00e9s par la technologie, la gestion de l&#8217;enseignement des langues et la formation aux TIC pour les enseignants de langues.<\/p>\n<\/div>\n\t\t\t\t\t\t\t\t\t\t\t\t\t\t\t<\/div>\n\t\t\t\t\t\t<\/div>\n\t\t\t\t\t\t\t\t\t<\/li>\n            \t\t\t\t<li class=\" flex-column col-12 col-lg-6  d-flex align-items-center element py-3\">\n\t\t\t\t\t\t\t\t\t\t\t<div class=\"d-flex flex-column align-items-center text-decoration-none lb\">\n\t\t\t\t\t\t\t\t\t\t\t\t\t\t\t\t\t\t\t\t\t<div class=\"entry-thumbnail-wrapper-bg\"><div class=\"entry-thumbnail-wrapper\"><img decoding=\"async\" src=\"https:\/\/sites.uab.pt\/itel2025-fr\/wp-content\/uploads\/sites\/58\/2025\/10\/PILAR-RODRIGUEZ-ARANCON.jpg\" width=\"483\" height=\"400\" class=\"attachment-news-list-thumbnails-size size-news-list-thumbnails-size block entry-thumbnail img-fluid\" alt=\"\" srcset=\"https:\/\/sites.uab.pt\/itel2025-fr\/wp-content\/uploads\/sites\/58\/2025\/10\/PILAR-RODRIGUEZ-ARANCON.jpg 483w, https:\/\/sites.uab.pt\/itel2025-fr\/wp-content\/uploads\/sites\/58\/2025\/10\/PILAR-RODRIGUEZ-ARANCON-300x248.jpg 300w\" sizes=\"auto, (max-width: 483px) 100vw, 483px\"  loading=\"lazy\"><\/div><\/div>\n\t\t\t\t\t\t\t\n\t\t\t\t\t\t\t<div class=\"element-info\">\n\t\t\t\t\t\t\t\t<div class=\"title\">Pilar Rodr\u00edguez-Aranc\u00f3n<\/div>\n\n\t\t\t\t\t\t\t\t\t\t\t\t\t\t\t\t\n\t\t\t\t\t\t\t\t\t\t\t\t\t\t\t\t\t\t\t\t\t\t\t\t\t\t\t\t\t\t\t\t\t<div class=\"content w-100\">\n<p>Pilar Rodr\u00edguez-Aranc\u00f3n travaille au d\u00e9partement de philologies \u00e9trang\u00e8res et de linguistique de l&#8217;Universit\u00e9 nationale d&#8217;enseignement \u00e0 distance (UNED, Espagne). Ses recherches portent principalement sur la communication interculturelle et l&#8217;utilisation didactique de la traduction audiovisuelle. Son projet actuel, Green GECKO, vise \u00e0 am\u00e9liorer les comp\u00e9tences \u00e9cologiques des ing\u00e9nieurs asiatiques gr\u00e2ce \u00e0 des modules d&#8217;apprentissage en ligne. Elle est membre du groupe de recherche TRADIT, sp\u00e9cialis\u00e9 dans trois domaines principaux : la traduction audiovisuelle, l&#8217;accessibilit\u00e9 des m\u00e9dias et l&#8217;apprentissage des langues. Elle dirige le Centre de langues de l&#8217;UNED depuis six ans.<\/p>\n<\/div>\n\t\t\t\t\t\t\t\t\t\t\t\t\t\t\t<\/div>\n\t\t\t\t\t\t<\/div>\n\t\t\t\t\t\t\t\t\t<\/li>\n            \t\t\t\t<li class=\" flex-column col-12 col-lg-6  d-flex align-items-center element py-3\">\n\t\t\t\t\t\t\t\t\t\t\t<div class=\"d-flex flex-column align-items-center text-decoration-none lb\">\n\t\t\t\t\t\t\t\t\t\t\t\t\t\t\t\t\t\t\t\t\t<div class=\"entry-thumbnail-wrapper-bg\"><div class=\"entry-thumbnail-wrapper\"><img decoding=\"async\" src=\"https:\/\/sites.uab.pt\/itel2025-fr\/wp-content\/uploads\/sites\/58\/2025\/10\/Ursula-Stickler.jpg\" width=\"450\" height=\"600\" class=\"attachment-news-list-thumbnails-size size-news-list-thumbnails-size block entry-thumbnail img-fluid\" alt=\"\" srcset=\"https:\/\/sites.uab.pt\/itel2025-fr\/wp-content\/uploads\/sites\/58\/2025\/10\/Ursula-Stickler.jpg 450w, https:\/\/sites.uab.pt\/itel2025-fr\/wp-content\/uploads\/sites\/58\/2025\/10\/Ursula-Stickler-225x300.jpg 225w\" sizes=\"auto, (max-width: 450px) 100vw, 450px\"  loading=\"lazy\"><\/div><\/div>\n\t\t\t\t\t\t\t\n\t\t\t\t\t\t\t<div class=\"element-info\">\n\t\t\t\t\t\t\t\t<div class=\"title\">Ursula Stickler<\/div>\n\n\t\t\t\t\t\t\t\t\t\t\t\t\t\t\t\t\t\t\t\t\t\t\t\t\t<dl class=\"affiliation-wrapper\"><dt class=\"affiliation-label visually-hidden\">Affiliation: <\/dt><dd class=\"affiliation-value\">Open University<\/dd><\/dl>\n\t\t\t\t\t\t\t\t\n\t\t\t\t\t\t\t\t\t\t\t\t\t\t\t\t\t\t\t\t\t\t\t\t\t\t\t\t\t\t\t\t\t<div class=\"content w-100\">\n<p>Ursula Stickler est professeure d&#8217;enseignement des langues en ligne \u00e0 l&#8217;Open University, au Royaume-Uni, un \u00e9tablissement d&#8217;enseignement \u00e0 distance. Ses recherches portent sur l&#8217;apprentissage des langues assist\u00e9 par la technologie, la formation des enseignants et la conception de recherches qualitatives. Elle a travaill\u00e9 avec des professeurs de langues \u00e0 travers l&#8217;Europe et au-del\u00e0 afin d&#8217;int\u00e9grer la technologie dans leurs pratiques p\u00e9dagogiques. Elle est co\u00e9ditrice de la s\u00e9rie de livres Castledown \u00ab Developing online language pedagogies \u00bb (D\u00e9velopper des p\u00e9dagogies linguistiques en ligne) et du \u00ab Bloomsbury Handbook of Language Learning and Technology \u00bb (Manuel Bloomsbury sur l&#8217;apprentissage des langues et la technologie) ; elle a \u00e9galement co\u00e9dit\u00e9 de nombreux num\u00e9ros sp\u00e9ciaux et projets de livres.<\/p>\n<\/div>\n\t\t\t\t\t\t\t\t\t\t\t\t\t\t\t<\/div>\n\t\t\t\t\t\t<\/div>\n\t\t\t\t\t\t\t\t\t<\/li>\n                    <\/ul>\n    <\/div>\n    <div class=\"clearfix\"><\/div>\n","protected":false},"excerpt":{"rendered":"Keynote Speakers Invit\u00e9s \u2013 Table ronde","protected":false},"author":1,"featured_media":2333,"parent":0,"menu_order":20,"comment_status":"closed","ping_status":"closed","template":"","meta":{"speak2many_translation":"{\"pt-PT\":{\"postID\":null,\"postTitle\":\"\",\"siteID\":25,\"customURL\":true,\"languageInfo\":{\"speak2many_site_api_url\":\"https:\/\/sites.uab.pt\/itel2023\/wp-json\/\",\"name\":\"Portugu\u00eas\",\"locale\":\"pt_PT_ao90\"},\"langKey\":\"pt-PT\",\"url\":\"https:\/\/sites.uab.pt\/itel2025\/conferencistas-plenarios\/#\"},\"en-GB\":{\"postID\":null,\"postTitle\":\"\",\"siteID\":27,\"customURL\":true,\"languageInfo\":{\"speak2many_site_api_url\":\"https:\/\/sites.uab.pt\/itel2023-en\/wp-json\/\",\"name\":\"English\",\"locale\":\"en_GB\"},\"langKey\":\"en-GB\",\"url\":\"https:\/\/sites.uab.pt\/itel2025-en\/keynote-speakers\/#\"},\"es\":{\"postID\":null,\"postTitle\":\"\",\"siteID\":30,\"customURL\":true,\"languageInfo\":{\"speak2many_site_api_url\":\"https:\/\/sites.uab.pt\/itel2023-es\/wp-json\/\",\"name\":\"Espa\u00f1ol\",\"locale\":\"es_ES\"},\"langKey\":\"es\",\"url\":\"https:\/\/sites.uab.pt\/itel2025-es\/conferencistas-plenarios\/\"},\"de\":{\"postID\":null,\"postTitle\":\"\",\"siteID\":28,\"customURL\":true,\"languageInfo\":{\"speak2many_site_api_url\":\"https:\/\/sites.uab.pt\/itel2023-de\/wp-json\/\",\"name\":\"Deutsch\",\"locale\":\"de_DE\"},\"langKey\":\"de\",\"url\":\"https:\/\/sites.uab.pt\/itel2025-de\/hauptredner\/#\"},\"fr\":{\"url\":\"\",\"postID\":null,\"postTitle\":\"\",\"siteID\":29,\"customURL\":true,\"languageInfo\":{\"name\":\"Fran\u00e7ais\",\"locale\":\"fr_FR\"},\"langKey\":\"fr\"}}","footnotes":""},"class_list":["post-142","page","type-page","status-publish","has-post-thumbnail","hentry"],"_links":{"self":[{"href":"https:\/\/sites.uab.pt\/itel2025-fr\/wp-json\/wp\/v2\/pages\/142","targetHints":{"allow":["GET"]}}],"collection":[{"href":"https:\/\/sites.uab.pt\/itel2025-fr\/wp-json\/wp\/v2\/pages"}],"about":[{"href":"https:\/\/sites.uab.pt\/itel2025-fr\/wp-json\/wp\/v2\/types\/page"}],"author":[{"embeddable":true,"href":"https:\/\/sites.uab.pt\/itel2025-fr\/wp-json\/wp\/v2\/users\/1"}],"replies":[{"embeddable":true,"href":"https:\/\/sites.uab.pt\/itel2025-fr\/wp-json\/wp\/v2\/comments?post=142"}],"version-history":[{"count":11,"href":"https:\/\/sites.uab.pt\/itel2025-fr\/wp-json\/wp\/v2\/pages\/142\/revisions"}],"predecessor-version":[{"id":2399,"href":"https:\/\/sites.uab.pt\/itel2025-fr\/wp-json\/wp\/v2\/pages\/142\/revisions\/2399"}],"wp:featuredmedia":[{"embeddable":true,"href":"https:\/\/sites.uab.pt\/itel2025-fr\/wp-json\/wp\/v2\/media\/2333"}],"wp:attachment":[{"href":"https:\/\/sites.uab.pt\/itel2025-fr\/wp-json\/wp\/v2\/media?parent=142"}],"curies":[{"name":"wp","href":"https:\/\/api.w.org\/{rel}","templated":true}]}}