{"id":268,"date":"2025-10-03T17:19:09","date_gmt":"2025-10-03T17:19:09","guid":{"rendered":"https:\/\/sites.uab.pt\/rec-sel\/?page_id=268"},"modified":"2026-01-07T17:17:15","modified_gmt":"2026-01-07T17:17:15","slug":"tarefas","status":"publish","type":"page","link":"https:\/\/sites.uab.pt\/rec-sel\/tarefas\/","title":{"rendered":"Tarefas"},"content":{"rendered":"\n<h1 class=\"wp-block-heading has-very-dark-gray-color has-text-color has-link-color wp-elements-b2e4a09ec4af3e280d2e4110307178d9\" id=\"gba_1c33af-7d\">Tarefas<\/h1>\n\n\n\n<p id=\"gba_1c33af-7d\"><\/p>\n\n\n\n<div class=\"wp-block-columns is-layout-flex wp-container-core-columns-is-layout-9d6595d7 wp-block-columns-is-layout-flex\" id=\"gba_1c33af-7d\">\n<div class=\"wp-block-column is-layout-flow wp-block-column-is-layout-flow\"><\/div>\n<\/div>\n\n\n\n<p><\/p>\n\n\n\n<div id=\"gba_1c33af-7d\" class=\"wp-block-c3-framew-gutenbergblocks-accordionblock gba gba-view gba_1c33af-7d c3-framew-gutenbergblocks-accordionblock\">\n<div id=\"gba-pane_4d5f69-d7\" class=\"wp-block-c3-framew-gutenbergblocks-accordionblock-pane gba-pane gba-pane-save gba-pane_4d5f69-d7 c3-framew-gutenbergblocks-accordionblock-pane\"><div class=\"card\"><div class=\"card-header\" id=\"gba-pane-heading_4d5f69-d7\"><div class=\"mb-0\"><button class=\"btn btn-link gba-collapsed\" type=\"button\" aria-controls=\"gba-pane-collapse_4d5f69-d7\" aria-expanded=\"false\"><span class=\"gba-pane-title\">Tarefa 1. Caracteriza\u00e7\u00e3o das iniciativas de recolha seletiva de res\u00edduos em Portugal<\/span><\/button><\/div><\/div><div id=\"gba-pane-collapse_4d5f69-d7\" class=\"panel-content hide\" aria-labelledby=\"gba-pane-heading_4d5f69-d7\" data-parent=\"#gba_1c33af-7d\"><div class=\"card-body\">\n<p id=\"gba_1c33af-7d\">Durante esta tarefa foi feito o levantamento das iniciativas de recolha seletiva de biorres\u00edduos alimentares e de cozinha em curso nos 308 munic\u00edpios portugueses atrav\u00e9s de um inqu\u00e9rito aos munic\u00edpios e &#8230;<\/p>\n\n\n\n<p id=\"gba_1c33af-7d\"><\/p>\n\n\n\n<div class=\"wp-block-buttons is-content-justification-center is-layout-flex wp-container-core-buttons-is-layout-16018d1d wp-block-buttons-is-layout-flex\">\n<div class=\"wp-block-button has-custom-width wp-block-button__width-25 is-style-fill\"><a class=\"wp-block-button__link has-cyan-bluish-gray-background-color has-background has-small-font-size has-custom-font-size wp-element-button\" href=\"https:\/\/sites.uab.pt\/rec-sel\/tarefa-1\/\" style=\"border-radius:5px\" target=\"_blank\" rel=\"noreferrer noopener\">Ler mais&#8230;<\/a><\/div>\n<\/div>\n<\/div><\/div><\/div><\/div>\n\n\n\n<div id=\"gba-pane_c16e7d-d6\" class=\"wp-block-c3-framew-gutenbergblocks-accordionblock-pane gba-pane gba-pane-save gba-pane_c16e7d-d6 c3-framew-gutenbergblocks-accordionblock-pane\"><div class=\"card\"><div class=\"card-header\" id=\"gba-pane-heading_c16e7d-d6\"><div class=\"mb-0\"><button class=\"btn btn-link gba-collapsed\" type=\"button\" aria-controls=\"gba-pane-collapse_c16e7d-d6\" aria-expanded=\"false\"><span class=\"gba-pane-title\">Tarefa 2. An\u00e1lise das pol\u00edticas ambientais e levantamento dos instrumentos normativos aplic\u00e1veis em Portugal&nbsp;<\/span><\/button><\/div><\/div><div id=\"gba-pane-collapse_c16e7d-d6\" class=\"panel-content hide\" aria-labelledby=\"gba-pane-heading_c16e7d-d6\" data-parent=\"#gba_1c33af-7d\"><div class=\"card-body\">\n<p>O objetivo da tarefa 2 foi o levantamento dos instrumentos normativos (e.g., lei, decreto-lei, portaria, despacho, parecer, resolu\u00e7\u00e3o, normas, regulamentos etc.) relevantes no \u00e2mbito da recolha seletiva em Portugal e recolher as vis\u00f5es de diferentes atores no setor dos res\u00edduos sobre estes instrumentos, nomeadamente como encaram a aplica\u00e7\u00e3o das regras atuais, como olham para as mudan\u00e7as que se imp\u00f5em por for\u00e7a da pr\u00f3pria legisla\u00e7\u00e3o europeia e nacional, estado de atualiza\u00e7\u00e3o da legisla\u00e7\u00e3o e as dificuldades sentidas.&nbsp;<\/p>\n\n\n\n<div class=\"wp-block-buttons is-content-justification-center is-layout-flex wp-container-core-buttons-is-layout-16018d1d wp-block-buttons-is-layout-flex\">\n<div class=\"wp-block-button has-custom-width wp-block-button__width-25\"><a class=\"wp-block-button__link has-cyan-bluish-gray-background-color has-background has-small-font-size has-custom-font-size wp-element-button\" href=\"https:\/\/sites.uab.pt\/rec-sel\/tarefa-2\/\" style=\"border-radius:5px\" target=\"_blank\" rel=\"noreferrer noopener\">Ler mais&#8230;<\/a><\/div>\n<\/div>\n<\/div><\/div><\/div><\/div>\n\n\n\n<div id=\"gba-pane_14dc75-fe\" class=\"wp-block-c3-framew-gutenbergblocks-accordionblock-pane gba-pane gba-pane-save gba-pane_14dc75-fe c3-framew-gutenbergblocks-accordionblock-pane\"><div class=\"card\"><div class=\"card-header\" id=\"gba-pane-heading_14dc75-fe\"><div class=\"mb-0\"><button class=\"btn btn-link gba-collapsed\" type=\"button\" aria-controls=\"gba-pane-collapse_14dc75-fe\" aria-expanded=\"false\"><span class=\"gba-pane-title\">Tarefa 3. Identifica\u00e7\u00e3o das melhores pr\u00e1ticas de recolha seletiva internacionais<\/span><\/button><\/div><\/div><div id=\"gba-pane-collapse_14dc75-fe\" class=\"panel-content hide\" aria-labelledby=\"gba-pane-heading_14dc75-fe\" data-parent=\"#gba_1c33af-7d\"><div class=\"card-body\">\n<p>O objetivo da Tarefa 3 foi investigar e analisar as pr\u00e1ticas de recolha seletiva de biorres\u00edduos adotadas por outros pa\u00edses ou regi\u00f5es da Europa, observando as quantidades capturadas e a qualidade dos materiais separados, na perspectiva de identificar&#8230;&nbsp;<\/p>\n\n\n\n<div class=\"wp-block-buttons is-content-justification-center is-layout-flex wp-container-core-buttons-is-layout-16018d1d wp-block-buttons-is-layout-flex\">\n<div class=\"wp-block-button has-custom-width wp-block-button__width-25\"><a class=\"wp-block-button__link has-cyan-bluish-gray-background-color has-background has-small-font-size has-custom-font-size wp-element-button\" href=\"https:\/\/sites.uab.pt\/rec-sel\/tarefa-3\/\" style=\"border-radius:5px\" target=\"_blank\" rel=\"noreferrer noopener\">Ler mais&#8230;<\/a><\/div>\n<\/div>\n<\/div><\/div><\/div><\/div>\n\n\n\n<div id=\"gba-pane_3c4b13-a6\" class=\"wp-block-c3-framew-gutenbergblocks-accordionblock-pane gba-pane gba-pane-save gba-pane_3c4b13-a6 c3-framew-gutenbergblocks-accordionblock-pane\"><div class=\"card\"><div class=\"card-header\" id=\"gba-pane-heading_3c4b13-a6\"><div class=\"mb-0\"><button class=\"btn btn-link gba-collapsed\" type=\"button\" aria-controls=\"gba-pane-collapse_3c4b13-a6\" aria-expanded=\"false\"><span class=\"gba-pane-title\">Tarefa 4. Cria\u00e7\u00e3o de um armaz\u00e9m de dados de acesso aberto sobre as iniciativas de recolha seletiva<\/span><\/button><\/div><\/div><div id=\"gba-pane-collapse_3c4b13-a6\" class=\"panel-content hide\" aria-labelledby=\"gba-pane-heading_3c4b13-a6\" data-parent=\"#gba_1c33af-7d\"><div class=\"card-body\">\n<p>O objetivo da Tarefa 4 foi armazenar os dados recolhidos de uma forma l\u00f3gica num armaz\u00e9m de dados (\u201cdata warehouse\u201d) e disponibiliza\u00e7\u00e3o desta informa\u00e7\u00e3o de forma aberta.<\/p>\n\n\n\n<div class=\"wp-block-buttons is-content-justification-center is-layout-flex wp-container-core-buttons-is-layout-16018d1d wp-block-buttons-is-layout-flex\">\n<div class=\"wp-block-button has-custom-width wp-block-button__width-25\"><a class=\"wp-block-button__link has-cyan-bluish-gray-background-color has-background has-small-font-size has-custom-font-size wp-element-button\" href=\"https:\/\/sites.uab.pt\/rec-sel\/tarefa-4\/\" style=\"border-radius:5px\" target=\"_blank\" rel=\"noreferrer noopener\">Ler mais&#8230;<\/a><\/div>\n<\/div>\n<\/div><\/div><\/div><\/div>\n\n\n\n<div id=\"gba-pane_fd9a01-be\" class=\"wp-block-c3-framew-gutenbergblocks-accordionblock-pane gba-pane gba-pane-save gba-pane_fd9a01-be c3-framew-gutenbergblocks-accordionblock-pane\"><div class=\"card\"><div class=\"card-header\" id=\"gba-pane-heading_fd9a01-be\"><div class=\"mb-0\"><button class=\"btn btn-link gba-collapsed\" type=\"button\" aria-controls=\"gba-pane-collapse_fd9a01-be\" aria-expanded=\"false\"><span class=\"gba-pane-title\">Tarefa 5. Modela\u00e7\u00e3o dos dados das iniciativas de recolha seletiva<\/span><\/button><\/div><\/div><div id=\"gba-pane-collapse_fd9a01-be\" class=\"panel-content hide\" aria-labelledby=\"gba-pane-heading_fd9a01-be\" data-parent=\"#gba_1c33af-7d\"><div class=\"card-body\">\n<p>O objetivo da Tarefa 5 foi analisar os dados do armaz\u00e9m de dados, atrav\u00e9s de t\u00e9cnicas estat\u00edsticas para entender os fatores que influenciam o desempenho das diferentes iniciativas de recolha seletiva de biorres\u00edduos.<\/p>\n\n\n\n<div class=\"wp-block-buttons is-content-justification-center is-layout-flex wp-container-core-buttons-is-layout-16018d1d wp-block-buttons-is-layout-flex\">\n<div class=\"wp-block-button has-custom-width wp-block-button__width-25\"><a class=\"wp-block-button__link has-cyan-bluish-gray-background-color has-background has-small-font-size has-custom-font-size wp-element-button\" href=\"https:\/\/sites.uab.pt\/rec-sel\/tarefa-5\/\" style=\"border-radius:5px\" target=\"_blank\" rel=\"noreferrer noopener\">Ler mais&#8230;<\/a><\/div>\n<\/div>\n<\/div><\/div><\/div><\/div>\n\n\n\n<div id=\"gba-pane_b07f05-50\" class=\"wp-block-c3-framew-gutenbergblocks-accordionblock-pane gba-pane gba-pane-save gba-pane_b07f05-50 c3-framew-gutenbergblocks-accordionblock-pane\"><div class=\"card\"><div class=\"card-header\" id=\"gba-pane-heading_b07f05-50\"><div class=\"mb-0\"><button class=\"btn btn-link gba-collapsed\" type=\"button\" aria-controls=\"gba-pane-collapse_b07f05-50\" aria-expanded=\"false\"><span class=\"gba-pane-title\">Tarefa 6. Estabelecimento da Comunidade de Pr\u00e1ticas (CdP) \u201cPlataforma S4P para a recolha seletiva em Portugal\u201d<\/span><\/button><\/div><\/div><div id=\"gba-pane-collapse_b07f05-50\" class=\"panel-content hide\" aria-labelledby=\"gba-pane-heading_b07f05-50\" data-parent=\"#gba_1c33af-7d\"><div class=\"card-body\">\n<p>O objetivo da Tarefa 6 foi estabelecer a Comunidade de Pr\u00e1ticas (CdP)&nbsp;<strong>\u201cRes\u00edduos em baixa\u201d<\/strong>&nbsp;que reunisse atores-chave da recolha seletiva de diferentes setores de atividade em torno do objetivo comum de definir normas e incentivos que promovam a implementa\u00e7\u00e3o efetiva em Portugal das melhores pr\u00e1ticas de recolha seletiva de biorres\u00edduos.<\/p>\n\n\n\n<div class=\"wp-block-buttons is-content-justification-center is-layout-flex wp-container-core-buttons-is-layout-16018d1d wp-block-buttons-is-layout-flex\">\n<div class=\"wp-block-button has-custom-width wp-block-button__width-25\"><a class=\"wp-block-button__link has-cyan-bluish-gray-background-color has-background has-small-font-size has-custom-font-size wp-element-button\" href=\"https:\/\/sites.uab.pt\/rec-sel\/tarefa-6\/\" style=\"border-radius:5px\" target=\"_blank\" rel=\"noreferrer noopener\">Ler mais&#8230;<\/a><\/div>\n<\/div>\n<\/div><\/div><\/div><\/div>\n\n\n\n<div id=\"gba-pane_c40d6b-22\" class=\"wp-block-c3-framew-gutenbergblocks-accordionblock-pane gba-pane gba-pane-save gba-pane_c40d6b-22 c3-framew-gutenbergblocks-accordionblock-pane\"><div class=\"card\"><div class=\"card-header\" id=\"gba-pane-heading_c40d6b-22\"><div class=\"mb-0\"><button class=\"btn btn-link gba-collapsed\" type=\"button\" aria-controls=\"gba-pane-collapse_c40d6b-22\" aria-expanded=\"false\"><span class=\"gba-pane-title\">Tarefa 7. Proposta de normas e incentivos usando a prospe\u00e7\u00e3o do futuro<\/span><\/button><\/div><\/div><div id=\"gba-pane-collapse_c40d6b-22\" class=\"panel-content hide\" aria-labelledby=\"gba-pane-heading_c40d6b-22\" data-parent=\"#gba_1c33af-7d\"><div class=\"card-body\">\n<p>O objetivo da&nbsp;Tarefa 7 foi visualizar proativamente um futuro com recolha seletiva de biorres\u00edduos combinada com um tarif\u00e1rio PAYT e propor normas e incentivos que permitam concretizar essa vis\u00e3o em Portugal, atrav\u00e9s da realiza\u00e7\u00e3o de uma &#8220;oficina do futuro&#8221; (\u201cfuture workshop\u201d) baseada nos resultados do projeto S4P REC-SEL e nas opini\u00f5es de atores chave do setor.<\/p>\n\n\n\n<div class=\"wp-block-buttons is-content-justification-center is-layout-flex wp-container-core-buttons-is-layout-16018d1d wp-block-buttons-is-layout-flex\">\n<div class=\"wp-block-button has-custom-width wp-block-button__width-25\"><a class=\"wp-block-button__link has-cyan-bluish-gray-background-color has-background has-small-font-size has-custom-font-size wp-element-button\" href=\"https:\/\/sites.uab.pt\/rec-sel\/tarefa-7\/\" style=\"border-radius:5px\" target=\"_blank\" rel=\"noreferrer noopener\">Ler mais&#8230;<\/a><\/div>\n<\/div>\n<\/div><\/div><\/div><\/div>\n\n\n\n<div id=\"gba-pane_135177-4c\" class=\"wp-block-c3-framew-gutenbergblocks-accordionblock-pane gba-pane gba-pane-save gba-pane_135177-4c c3-framew-gutenbergblocks-accordionblock-pane\"><div class=\"card\"><div class=\"card-header\" id=\"gba-pane-heading_135177-4c\"><div class=\"mb-0\"><button class=\"btn btn-link gba-collapsed\" type=\"button\" aria-controls=\"gba-pane-collapse_135177-4c\" aria-expanded=\"false\"><span class=\"gba-pane-title\">Gest\u00e3o do Projeto<\/span><\/button><\/div><\/div><div id=\"gba-pane-collapse_135177-4c\" class=\"panel-content hide\" aria-labelledby=\"gba-pane-heading_135177-4c\" data-parent=\"#gba_1c33af-7d\"><div class=\"card-body\">\n<p>O Projeto S4P REC-SEL desenvolveu-se ao longo de 7 tarefas e 29 actividades, tendo produzido 18 entreg\u00e1veis distintos. O relat\u00f3rio final apresenta o progresso e resultados obtidos.<\/p>\n\n\n\n<div class=\"wp-block-buttons is-content-justification-center is-layout-flex wp-container-core-buttons-is-layout-16018d1d wp-block-buttons-is-layout-flex\">\n<div class=\"wp-block-button has-custom-width wp-block-button__width-25\"><a class=\"wp-block-button__link has-cyan-bluish-gray-background-color has-background has-small-font-size has-custom-font-size wp-element-button\" href=\"https:\/\/sites.uab.pt\/rec-sel\/tarefa-8\/\" style=\"border-radius:5px\" target=\"_blank\" rel=\"noreferrer noopener\">Ler mais&#8230;<\/a><\/div>\n<\/div>\n<\/div><\/div><\/div><\/div>\n<\/div>\n\n\n\n<hr class=\"wp-block-separator has-alpha-channel-opacity\"\/>\n\n\n<div class=\"wp-block-image\">\n<figure class=\"aligncenter size-full is-resized\"><img loading=\"lazy\" decoding=\"async\" width=\"2475\" height=\"330\" src=\"https:\/\/sites.uab.pt\/rec-sel\/wp-content\/uploads\/sites\/71\/2025\/10\/Imagem7.png\" alt=\"\" class=\"wp-image-318\" style=\"width:800px\" srcset=\"https:\/\/sites.uab.pt\/rec-sel\/wp-content\/uploads\/sites\/71\/2025\/10\/Imagem7.png 2475w, https:\/\/sites.uab.pt\/rec-sel\/wp-content\/uploads\/sites\/71\/2025\/10\/Imagem7-300x40.png 300w, https:\/\/sites.uab.pt\/rec-sel\/wp-content\/uploads\/sites\/71\/2025\/10\/Imagem7-1024x137.png 1024w, https:\/\/sites.uab.pt\/rec-sel\/wp-content\/uploads\/sites\/71\/2025\/10\/Imagem7-768x102.png 768w, https:\/\/sites.uab.pt\/rec-sel\/wp-content\/uploads\/sites\/71\/2025\/10\/Imagem7-1536x205.png 1536w, https:\/\/sites.uab.pt\/rec-sel\/wp-content\/uploads\/sites\/71\/2025\/10\/Imagem7-2048x273.png 2048w\" sizes=\"auto, (max-width: 2475px) 100vw, 2475px\" \/><\/figure>\n<\/div>\n\n\n<p><\/p>\n","protected":false},"excerpt":{"rendered":"Tarefas","protected":false},"author":152,"featured_media":688,"parent":0,"menu_order":0,"comment_status":"closed","ping_status":"closed","template":"","meta":{"footnotes":""},"class_list":["post-268","page","type-page","status-publish","has-post-thumbnail","hentry"],"_links":{"self":[{"href":"https:\/\/sites.uab.pt\/rec-sel\/wp-json\/wp\/v2\/pages\/268","targetHints":{"allow":["GET"]}}],"collection":[{"href":"https:\/\/sites.uab.pt\/rec-sel\/wp-json\/wp\/v2\/pages"}],"about":[{"href":"https:\/\/sites.uab.pt\/rec-sel\/wp-json\/wp\/v2\/types\/page"}],"author":[{"embeddable":true,"href":"https:\/\/sites.uab.pt\/rec-sel\/wp-json\/wp\/v2\/users\/152"}],"replies":[{"embeddable":true,"href":"https:\/\/sites.uab.pt\/rec-sel\/wp-json\/wp\/v2\/comments?post=268"}],"version-history":[{"count":15,"href":"https:\/\/sites.uab.pt\/rec-sel\/wp-json\/wp\/v2\/pages\/268\/revisions"}],"predecessor-version":[{"id":775,"href":"https:\/\/sites.uab.pt\/rec-sel\/wp-json\/wp\/v2\/pages\/268\/revisions\/775"}],"wp:featuredmedia":[{"embeddable":true,"href":"https:\/\/sites.uab.pt\/rec-sel\/wp-json\/wp\/v2\/media\/688"}],"wp:attachment":[{"href":"https:\/\/sites.uab.pt\/rec-sel\/wp-json\/wp\/v2\/media?parent=268"}],"curies":[{"name":"wp","href":"https:\/\/api.w.org\/{rel}","templated":true}]}}