{"id":142,"date":"2022-10-19T22:42:28","date_gmt":"2022-10-19T22:42:28","guid":{"rendered":"https:\/\/sites.uab.pt\/congresso-humanidades\/?page_id=142"},"modified":"2023-04-21T13:22:47","modified_gmt":"2023-04-21T13:22:47","slug":"comissoes","status":"publish","type":"page","link":"https:\/\/sites.uab.pt\/seminario-alv-senior-2023\/comissoes\/","title":{"rendered":"Organiza\u00e7\u00e3o e Modera\u00e7\u00e3o"},"content":{"rendered":"\n<h2 class=\"wp-block-heading\">| Comiss\u00e3o Organizadora |<\/h2>\n\n\n\n<div style=\"height:25px\" aria-hidden=\"true\" class=\"wp-block-spacer\"><\/div>\n\n\n\n\n\n    <div class=\"\">\n        <ul class=\"elements row list-unstyled justify-content-center\">\n            \t\t\t\t<li class=\"flex-row col-12 col-lg-12 element-horizontal-view d-flex align-items-center element py-3\">\n\t\t\t\t\t<a href=\"https:\/\/sites.uab.pt\/seminario-alv-senior-2023\/conhecer\/fernando-caetano\/\"  class=\"d-flex flex-column flex-lg-row align-items-center text-decoration-none\" title=\"Saber mais sobre Fernando Caetano\">\n\t\t\t\t\t\t\t\t\t\t\t\t\t\t\t\t\t\t<div class=\"entry-thumbnail-wrapper-bg\"><div class=\"entry-thumbnail-wrapper\"><img decoding=\"async\" src=\"https:\/\/sites.uab.pt\/seminario-alv-senior-2023\/wp-content\/uploads\/sites\/31\/2022\/10\/Fernando_Caetano_foto_01-e1682503463102.jpg\" width=\"790\" height=\"790\" class=\"attachment-news-list-thumbnails-size size-news-list-thumbnails-size block entry-thumbnail img-fluid\" alt=\"\" srcset=\"https:\/\/sites.uab.pt\/seminario-alv-senior-2023\/wp-content\/uploads\/sites\/31\/2022\/10\/Fernando_Caetano_foto_01-e1682503463102.jpg 790w, https:\/\/sites.uab.pt\/seminario-alv-senior-2023\/wp-content\/uploads\/sites\/31\/2022\/10\/Fernando_Caetano_foto_01-e1682503463102-300x300.jpg 300w, https:\/\/sites.uab.pt\/seminario-alv-senior-2023\/wp-content\/uploads\/sites\/31\/2022\/10\/Fernando_Caetano_foto_01-e1682503463102-150x150.jpg 150w, https:\/\/sites.uab.pt\/seminario-alv-senior-2023\/wp-content\/uploads\/sites\/31\/2022\/10\/Fernando_Caetano_foto_01-e1682503463102-768x768.jpg 768w\" sizes=\"auto, (max-width: 790px) 100vw, 790px\"  loading=\"lazy\"><\/div><\/div>\n\t\t\t\t\t\t\n\t\t\t\t\t\t<div class=\"element-info\">\n\t\t\t\t\t\t\t<div class=\"title\">Fernando Caetano<\/div>\n\t\t\t\t\t\t\t\n\t\t\t\t\t\t\t\t\t\t\t\t\t\t\t\t\t\t\t\t\t\t<dl class=\"affiliation-wrapper\"><dt class=\"affiliation-label visually-hidden\">Afilia\u00e7\u00e3o: <\/dt><dd class=\"affiliation-value\">Universidade Aberta<\/dd><\/dl>\n\t\t\t\t\t\t\t\n\t\t\t\t\t\t\t\t\t\t\t\t\t\t<div class=\"entry-bio\">Professor Associado da Universidade Aberta (UAb). Doutorado em Eng\u00aa Qu\u00edmica pelo Instituto Superior T\u00e9cnico, onde \u00e9 membro integrado do Centro de Qu\u00edmica Estrutural. Na UAb, \u00e9 atualmente Diretor da Unidade para a Aprendizagem ao Longo da Vida, tendo exercido outros cargos, como Diretor do Departamento de Ci\u00eancias e Tecnologia e Vice-Presidente do Conselho Cient\u00edfico. Nesta mesma universidade, \u00e9 docente em cursos do 1\u00ba ao 3\u00ba ciclos, em particular na Licenciatura em Ci\u00eancias do Ambiente e no Doutoramento em Sustentabilidade Social e Desenvolvimento.<\/div>\t\t\t\t\t\t\t\t\t\t\t\t\t<\/div>\n\t\t\t\t\t<\/a>\n\t\t\t\t<\/li>\n            \t\t\t\t<li class=\"flex-row col-12 col-lg-12 element-horizontal-view d-flex align-items-center element py-3\">\n\t\t\t\t\t<a href=\"https:\/\/sites.uab.pt\/seminario-alv-senior-2023\/conhecer\/dolor-sit-amet\/\"  class=\"d-flex flex-column flex-lg-row align-items-center text-decoration-none\" title=\"Saber mais sobre Jos\u00e9 das Candeias Sales\">\n\t\t\t\t\t\t\t\t\t\t\t\t\t\t\t\t\t\t<div class=\"entry-thumbnail-wrapper-bg\"><div class=\"entry-thumbnail-wrapper\"><img decoding=\"async\" src=\"https:\/\/sites.uab.pt\/seminario-alv-senior-2023\/wp-content\/uploads\/sites\/31\/2022\/10\/Jose_das_Candeias_Sales.jpg\" width=\"591\" height=\"839\" class=\"attachment-news-list-thumbnails-size size-news-list-thumbnails-size block entry-thumbnail img-fluid\" alt=\"\" srcset=\"https:\/\/sites.uab.pt\/seminario-alv-senior-2023\/wp-content\/uploads\/sites\/31\/2022\/10\/Jose_das_Candeias_Sales.jpg 591w, https:\/\/sites.uab.pt\/seminario-alv-senior-2023\/wp-content\/uploads\/sites\/31\/2022\/10\/Jose_das_Candeias_Sales-211x300.jpg 211w\" sizes=\"auto, (max-width: 591px) 100vw, 591px\"  loading=\"lazy\"><\/div><\/div>\n\t\t\t\t\t\t\n\t\t\t\t\t\t<div class=\"element-info\">\n\t\t\t\t\t\t\t<div class=\"title\">Jos\u00e9 das Candeias Sales<\/div>\n\t\t\t\t\t\t\t\n\t\t\t\t\t\t\t\t\t\t\t\t\t\t\t\t\t\t\t\t\t\t<dl class=\"affiliation-wrapper\"><dt class=\"affiliation-label visually-hidden\">Afilia\u00e7\u00e3o: <\/dt><dd class=\"affiliation-value\">Universidade Aberta<\/dd><\/dl>\n\t\t\t\t\t\t\t\n\t\t\t\t\t\t\t\t\t\t\t\t\t\t<div class=\"entry-bio\">Vice-reitor da Universidade Aberta (UAb) para a \u00e1rea do Ensino, Forma\u00e7\u00e3o e Organiza\u00e7\u00e3o Acad\u00e9mica. Professor Catedr\u00e1tico de Hist\u00f3ria. Investigador integrado nas linhas de investiga\u00e7\u00e3o \u00abUsos do passado\u00bb e de \u00abHist\u00f3ria Militar\u00bb do Centro de Hist\u00f3ria da Universidade de Lisboa (CH-UL) e membro do Centro de Estudos Globais da Universidade Aberta, onde co-coordena o GI4. Hist\u00f3ria Global &#8211; Temas e Abordagens.<\/div>\t\t\t\t\t\t\t\t\t\t\t\t\t<\/div>\n\t\t\t\t\t<\/a>\n\t\t\t\t<\/li>\n            \t\t\t\t<li class=\"flex-row col-12 col-lg-12 element-horizontal-view d-flex align-items-center element py-3\">\n\t\t\t\t\t<a href=\"https:\/\/sites.uab.pt\/seminario-alv-senior-2023\/conhecer\/donec-ornare\/\"  class=\"d-flex flex-column flex-lg-row align-items-center text-decoration-none\" title=\"Saber mais sobre Sandro Jorge\">\n\t\t\t\t\t\t\t\t\t\t\t\t\t\t\t\t\t\t<div class=\"entry-thumbnail-wrapper-bg\"><div class=\"entry-thumbnail-wrapper\"><img decoding=\"async\" src=\"https:\/\/sites.uab.pt\/seminario-alv-senior-2023\/wp-content\/uploads\/sites\/31\/2022\/10\/SandroJ.jpg\" width=\"623\" height=\"683\" class=\"attachment-news-list-thumbnails-size size-news-list-thumbnails-size block entry-thumbnail img-fluid\" alt=\"\" srcset=\"https:\/\/sites.uab.pt\/seminario-alv-senior-2023\/wp-content\/uploads\/sites\/31\/2022\/10\/SandroJ.jpg 623w, https:\/\/sites.uab.pt\/seminario-alv-senior-2023\/wp-content\/uploads\/sites\/31\/2022\/10\/SandroJ-274x300.jpg 274w\" sizes=\"auto, (max-width: 623px) 100vw, 623px\"  loading=\"lazy\"><\/div><\/div>\n\t\t\t\t\t\t\n\t\t\t\t\t\t<div class=\"element-info\">\n\t\t\t\t\t\t\t<div class=\"title\">Sandro Jorge<\/div>\n\t\t\t\t\t\t\t\n\t\t\t\t\t\t\t\t\t\t\t\t\t\t\t\t\t\t\t\t\t\t<dl class=\"affiliation-wrapper\"><dt class=\"affiliation-label visually-hidden\">Afilia\u00e7\u00e3o: <\/dt><dd class=\"affiliation-value\">Universidade Aberta<\/dd><\/dl>\n\t\t\t\t\t\t\t\n\t\t\t\t\t\t\t\t\t\t\t\t\t\t<div class=\"entry-bio\">Doutorado em Sustentabilidade Social e Desenvolvimento pela Universidade Aberta, mestre em Gerontologia Social pela Universidade dos A\u00e7ores \u00e9 Coordenador do Centro Local de Aprendizagem e Coordenador do Curso de Forma\u00e7\u00e3o Avan\u00e7ado em Gerontologia da Universidade Aberta e Investigador do Centro de Investiga\u00e7\u00e3o em Tecnologias e Servi\u00e7os de Sa\u00fade (CINTESIS) da Universidade do Porto, da linha de investiga\u00e7\u00e3o Ageing C.<\/div>\t\t\t\t\t\t\t\t\t\t\t\t\t<\/div>\n\t\t\t\t\t<\/a>\n\t\t\t\t<\/li>\n                    <\/ul>\n    <\/div>\n    <div class=\"clearfix\"><\/div>\n\n\n\n<h2 class=\"wp-block-heading\">| Moderadores |<\/h2>\n\n\n\n<div style=\"height:25px\" aria-hidden=\"true\" class=\"wp-block-spacer\"><\/div>\n\n\n\n\n\n    <div class=\"\">\n        <ul class=\"elements row list-unstyled justify-content-center\">\n            \t\t\t\t<li class=\"flex-row col-12 col-lg-12 element-horizontal-view d-flex align-items-center element py-3\">\n\t\t\t\t\t<a href=\"https:\/\/sites.uab.pt\/seminario-alv-senior-2023\/conhecer\/claudia-neves\/\"  class=\"d-flex flex-column flex-lg-row align-items-center text-decoration-none\" title=\"Saber mais sobre Claudia Neves\">\n\t\t\t\t\t\t\t\t\t\t\t\t\t\t\t\t\t\t<div class=\"entry-thumbnail-wrapper-bg\"><div class=\"entry-thumbnail-wrapper\"><img decoding=\"async\" src=\"https:\/\/sites.uab.pt\/seminario-alv-senior-2023\/wp-content\/uploads\/sites\/31\/2023\/04\/Claudia_Neves_foto.jpeg\" width=\"481\" height=\"517\" class=\"attachment-news-list-thumbnails-size size-news-list-thumbnails-size block entry-thumbnail img-fluid\" alt=\"\" srcset=\"https:\/\/sites.uab.pt\/seminario-alv-senior-2023\/wp-content\/uploads\/sites\/31\/2023\/04\/Claudia_Neves_foto.jpeg 481w, https:\/\/sites.uab.pt\/seminario-alv-senior-2023\/wp-content\/uploads\/sites\/31\/2023\/04\/Claudia_Neves_foto-279x300.jpeg 279w\" sizes=\"auto, (max-width: 481px) 100vw, 481px\"  loading=\"lazy\"><\/div><\/div>\n\t\t\t\t\t\t\n\t\t\t\t\t\t<div class=\"element-info\">\n\t\t\t\t\t\t\t<div class=\"title\">Claudia Neves<\/div>\n\t\t\t\t\t\t\t\n\t\t\t\t\t\t\t\t\t\t\t\t\t\t\t\t\t\t\t\t\t\t<dl class=\"affiliation-wrapper\"><dt class=\"affiliation-label visually-hidden\">Afilia\u00e7\u00e3o: <\/dt><dd class=\"affiliation-value\">Universidade Aberta<\/dd><\/dl>\n\t\t\t\t\t\t\t\n\t\t\t\t\t\t\t\t\t\t\t\t\t\t<div class=\"entry-bio\">Professora Auxiliar na Universidade Aberta desde 2010, onde leciona Unidades Curriculares no Departamento de Educa\u00e7\u00e3o e Ensino a Dist\u00e2ncia. Atualmente \u00e9 diretora desde Departamento. De 2017 a 2019 foi coordenadora do Mestrado em Administra\u00e7\u00e3o e Gest\u00e3o Educacional, em que tem orientado v\u00e1rias disserta\u00e7\u00f5es.<\/div>\t\t\t\t\t\t\t\t\t\t\t\t\t<\/div>\n\t\t\t\t\t<\/a>\n\t\t\t\t<\/li>\n            \t\t\t\t<li class=\"flex-row col-12 col-lg-12 element-horizontal-view d-flex align-items-center element py-3\">\n\t\t\t\t\t<a href=\"https:\/\/sites.uab.pt\/seminario-alv-senior-2023\/conhecer\/daniela-barros\/\"  class=\"d-flex flex-column flex-lg-row align-items-center text-decoration-none\" title=\"Saber mais sobre Daniela Barros\">\n\t\t\t\t\t\t\t\t\t\t\t\t\t\t\t\t\t\t<div class=\"entry-thumbnail-wrapper-bg\"><div class=\"entry-thumbnail-wrapper\"><img decoding=\"async\" src=\"https:\/\/sites.uab.pt\/seminario-alv-senior-2023\/wp-content\/uploads\/sites\/31\/2023\/04\/dbarros.jpg\" width=\"236\" height=\"236\" class=\"attachment-news-list-thumbnails-size size-news-list-thumbnails-size block entry-thumbnail img-fluid\" alt=\"\" srcset=\"https:\/\/sites.uab.pt\/seminario-alv-senior-2023\/wp-content\/uploads\/sites\/31\/2023\/04\/dbarros.jpg 236w, https:\/\/sites.uab.pt\/seminario-alv-senior-2023\/wp-content\/uploads\/sites\/31\/2023\/04\/dbarros-150x150.jpg 150w\" sizes=\"auto, (max-width: 236px) 100vw, 236px\"  loading=\"lazy\"><\/div><\/div>\n\t\t\t\t\t\t\n\t\t\t\t\t\t<div class=\"element-info\">\n\t\t\t\t\t\t\t<div class=\"title\">Daniela Barros<\/div>\n\t\t\t\t\t\t\t\n\t\t\t\t\t\t\t\t\t\t\t\t\t\t\t\t\t\t\t\t\t\t<dl class=\"affiliation-wrapper\"><dt class=\"affiliation-label visually-hidden\">Afilia\u00e7\u00e3o: <\/dt><dd class=\"affiliation-value\">Universidade Aberta<\/dd><\/dl>\n\t\t\t\t\t\t\t\n\t\t\t\t\t\t\t\t\t\t\t\t\t\t<div class=\"entry-bio\">Uma entusiasta das Tecnologias: Mestrado, Doutorado e P\u00f3s Doutorado em Educa\u00e7\u00e3o, 16 anos em doc\u00eancia no ensino superior. Docente Auxiliar da Universidade Aberta do Departamento de Educa\u00e7\u00e3o e Ensino a Dist\u00e2ncia \u2013 vice coordenadora da Licenciatura em Educa\u00e7\u00e3o e membro do C. Pedag\u00f3gico da Universidade. \u00c1reas de Investiga\u00e7\u00e3o: Estrat\u00e9gias de Aprendizagem, Personaliza\u00e7\u00e3o do Ensino em contextos Online Forma\u00e7\u00e3o de professores e uso das Tecnologias.<\/div>\t\t\t\t\t\t\t\t\t\t\t\t\t<\/div>\n\t\t\t\t\t<\/a>\n\t\t\t\t<\/li>\n            \t\t\t\t<li class=\"flex-row col-12 col-lg-12 element-horizontal-view d-flex align-items-center element py-3\">\n\t\t\t\t\t<a href=\"https:\/\/sites.uab.pt\/seminario-alv-senior-2023\/conhecer\/domingos-caeiro\/\"  class=\"d-flex flex-column flex-lg-row align-items-center text-decoration-none\" title=\"Saber mais sobre Domingos Caeiro\">\n\t\t\t\t\t\t\t\t\t\t\t\t\t\t\t\t\t\t<div class=\"entry-thumbnail-wrapper-bg\"><div class=\"entry-thumbnail-wrapper\"><img decoding=\"async\" src=\"https:\/\/sites.uab.pt\/seminario-alv-senior-2023\/wp-content\/uploads\/sites\/31\/2023\/04\/domingos-caeiro3.png\" width=\"140\" height=\"181\" class=\"attachment-news-list-thumbnails-size size-news-list-thumbnails-size block entry-thumbnail img-fluid\" alt=\"\"  loading=\"lazy\"><\/div><\/div>\n\t\t\t\t\t\t\n\t\t\t\t\t\t<div class=\"element-info\">\n\t\t\t\t\t\t\t<div class=\"title\">Domingos Caeiro<\/div>\n\t\t\t\t\t\t\t\n\t\t\t\t\t\t\t\t\t\t\t\t\t\t\t\t\t\t\t\t\t\t<dl class=\"affiliation-wrapper\"><dt class=\"affiliation-label visually-hidden\">Afilia\u00e7\u00e3o: <\/dt><dd class=\"affiliation-value\">Universidade Aberta<\/dd><\/dl>\n\t\t\t\t\t\t\t\n\t\t\t\t\t\t\t\t\t\t\t\t\t\t<div class=\"entry-bio\">Vice-reitor da Universidade Aberta. \u00c9 Professor Associado na Universidade Aberta (UAb) na \u00e1rea cient\u00edfica de Ci\u00eancias Sociais\/Hist\u00f3ria. Doutorado em Ci\u00eancias Sociais e Humanas\/Hist\u00f3ria Contempor\u00e2nea, pela UAb, Mestre em Comunica\u00e7\u00e3o Educacional Multim\u00e9dia, pela UAb e Licenciado em Hist\u00f3ria, pela Faculdade de Letras da Universidade de Lisboa. Foi pr\u00f3-reitor para o Processo de Bolonha, pr\u00f3-reitor para os Assuntos Acad\u00e9micos e Extens\u00e3o Universit\u00e1ria e vice-reitor para os Assuntos Acad\u00e9micos de 2010 a 2019. Atualmente \u00e9 Vice-Reitor para o Desenvolvimento e a Coopera\u00e7\u00e3o Institucional. Foi coordenador do Gabinete de Gest\u00e3o Acad\u00e9mica e Curricular da UAb. \u00c9 coordenador da Comiss\u00e3o de Acompanhamento do Processo de Bolonha na UAb e coordenador geral da Unidade de Desenvolvimento dos Centros Locais de Aprendizagem da UAb.<\/div>\t\t\t\t\t\t\t\t\t\t\t\t\t<\/div>\n\t\t\t\t\t<\/a>\n\t\t\t\t<\/li>\n            \t\t\t\t<li class=\"flex-row col-12 col-lg-12 element-horizontal-view d-flex align-items-center element py-3\">\n\t\t\t\t\t<a href=\"https:\/\/sites.uab.pt\/seminario-alv-senior-2023\/conhecer\/fernando-caetano\/\"  class=\"d-flex flex-column flex-lg-row align-items-center text-decoration-none\" title=\"Saber mais sobre Fernando Caetano\">\n\t\t\t\t\t\t\t\t\t\t\t\t\t\t\t\t\t\t<div class=\"entry-thumbnail-wrapper-bg\"><div class=\"entry-thumbnail-wrapper\"><img decoding=\"async\" src=\"https:\/\/sites.uab.pt\/seminario-alv-senior-2023\/wp-content\/uploads\/sites\/31\/2022\/10\/Fernando_Caetano_foto_01-e1682503463102.jpg\" width=\"790\" height=\"790\" class=\"attachment-news-list-thumbnails-size size-news-list-thumbnails-size block entry-thumbnail img-fluid\" alt=\"\" srcset=\"https:\/\/sites.uab.pt\/seminario-alv-senior-2023\/wp-content\/uploads\/sites\/31\/2022\/10\/Fernando_Caetano_foto_01-e1682503463102.jpg 790w, https:\/\/sites.uab.pt\/seminario-alv-senior-2023\/wp-content\/uploads\/sites\/31\/2022\/10\/Fernando_Caetano_foto_01-e1682503463102-300x300.jpg 300w, https:\/\/sites.uab.pt\/seminario-alv-senior-2023\/wp-content\/uploads\/sites\/31\/2022\/10\/Fernando_Caetano_foto_01-e1682503463102-150x150.jpg 150w, https:\/\/sites.uab.pt\/seminario-alv-senior-2023\/wp-content\/uploads\/sites\/31\/2022\/10\/Fernando_Caetano_foto_01-e1682503463102-768x768.jpg 768w\" sizes=\"auto, (max-width: 790px) 100vw, 790px\"  loading=\"lazy\"><\/div><\/div>\n\t\t\t\t\t\t\n\t\t\t\t\t\t<div class=\"element-info\">\n\t\t\t\t\t\t\t<div class=\"title\">Fernando Caetano<\/div>\n\t\t\t\t\t\t\t\n\t\t\t\t\t\t\t\t\t\t\t\t\t\t\t\t\t\t\t\t\t\t<dl class=\"affiliation-wrapper\"><dt class=\"affiliation-label visually-hidden\">Afilia\u00e7\u00e3o: <\/dt><dd class=\"affiliation-value\">Universidade Aberta<\/dd><\/dl>\n\t\t\t\t\t\t\t\n\t\t\t\t\t\t\t\t\t\t\t\t\t\t<div class=\"entry-bio\">Professor Associado da Universidade Aberta (UAb). Doutorado em Eng\u00aa Qu\u00edmica pelo Instituto Superior T\u00e9cnico, onde \u00e9 membro integrado do Centro de Qu\u00edmica Estrutural. Na UAb, \u00e9 atualmente Diretor da Unidade para a Aprendizagem ao Longo da Vida, tendo exercido outros cargos, como Diretor do Departamento de Ci\u00eancias e Tecnologia e Vice-Presidente do Conselho Cient\u00edfico. Nesta mesma universidade, \u00e9 docente em cursos do 1\u00ba ao 3\u00ba ciclos, em particular na Licenciatura em Ci\u00eancias do Ambiente e no Doutoramento em Sustentabilidade Social e Desenvolvimento.<\/div>\t\t\t\t\t\t\t\t\t\t\t\t\t<\/div>\n\t\t\t\t\t<\/a>\n\t\t\t\t<\/li>\n            \t\t\t\t<li class=\"flex-row col-12 col-lg-12 element-horizontal-view d-flex align-items-center element py-3\">\n\t\t\t\t\t<a href=\"https:\/\/sites.uab.pt\/seminario-alv-senior-2023\/conhecer\/henrique-sao-mamede\/\"  class=\"d-flex flex-column flex-lg-row align-items-center text-decoration-none\" title=\"Saber mais sobre Henrique S\u00e3o Mamede\">\n\t\t\t\t\t\t\t\t\t\t\t\t\t\t\t\t\t\t<div class=\"entry-thumbnail-wrapper-bg\"><div class=\"entry-thumbnail-wrapper\"><img decoding=\"async\" src=\"https:\/\/sites.uab.pt\/seminario-alv-senior-2023\/wp-content\/uploads\/sites\/31\/2023\/04\/hsmamede.jpg\" width=\"236\" height=\"236\" class=\"attachment-news-list-thumbnails-size size-news-list-thumbnails-size block entry-thumbnail img-fluid\" alt=\"\" srcset=\"https:\/\/sites.uab.pt\/seminario-alv-senior-2023\/wp-content\/uploads\/sites\/31\/2023\/04\/hsmamede.jpg 236w, https:\/\/sites.uab.pt\/seminario-alv-senior-2023\/wp-content\/uploads\/sites\/31\/2023\/04\/hsmamede-150x150.jpg 150w\" sizes=\"auto, (max-width: 236px) 100vw, 236px\"  loading=\"lazy\"><\/div><\/div>\n\t\t\t\t\t\t\n\t\t\t\t\t\t<div class=\"element-info\">\n\t\t\t\t\t\t\t<div class=\"title\">Henrique S\u00e3o Mamede<\/div>\n\t\t\t\t\t\t\t\n\t\t\t\t\t\t\t\t\t\t\t\t\t\t\t\t\t\t\t\t\t\t<dl class=\"affiliation-wrapper\"><dt class=\"affiliation-label visually-hidden\">Afilia\u00e7\u00e3o: <\/dt><dd class=\"affiliation-value\">Universidade Aberta<\/dd><\/dl>\n\t\t\t\t\t\t\t\n\t\t\t\t\t\t\t\t\t\t\t\t\t\t<div class=\"entry-bio\">\u00c9 professor auxiliar da Universidade Aberta, no Departamento de Ci\u00eancias e Tecnologia, Sec\u00e7\u00e3o de Inform\u00e1tica, F\u00edsica e Tecnologia. \u00c9 professor convidado da NOVA Information Management School. \u00c9 Investigador S\u00e9nior do INESC TEC na \u00e1rea de Sistemas de Informa\u00e7\u00e3o (Information Systems and Applied Computing). Tem Agrega\u00e7\u00e3o em Ci\u00eancia e Tecnologia Web. Doutoramento em Tecnologias e Sistemas de Informa\u00e7\u00e3o, pela Universidade do Minho. Mestrado em Inform\u00e1tica pela Universidade de Lisboa. Licenciatura em Engenharia Inform\u00e1tica pela COCITE.<\/div>\t\t\t\t\t\t\t\t\t\t\t\t\t<\/div>\n\t\t\t\t\t<\/a>\n\t\t\t\t<\/li>\n            \t\t\t\t<li class=\"flex-row col-12 col-lg-12 element-horizontal-view d-flex align-items-center element py-3\">\n\t\t\t\t\t<a href=\"https:\/\/sites.uab.pt\/seminario-alv-senior-2023\/conhecer\/dolor-sit-amet\/\"  class=\"d-flex flex-column flex-lg-row align-items-center text-decoration-none\" title=\"Saber mais sobre Jos\u00e9 das Candeias Sales\">\n\t\t\t\t\t\t\t\t\t\t\t\t\t\t\t\t\t\t<div class=\"entry-thumbnail-wrapper-bg\"><div class=\"entry-thumbnail-wrapper\"><img decoding=\"async\" src=\"https:\/\/sites.uab.pt\/seminario-alv-senior-2023\/wp-content\/uploads\/sites\/31\/2022\/10\/Jose_das_Candeias_Sales.jpg\" width=\"591\" height=\"839\" class=\"attachment-news-list-thumbnails-size size-news-list-thumbnails-size block entry-thumbnail img-fluid\" alt=\"\" srcset=\"https:\/\/sites.uab.pt\/seminario-alv-senior-2023\/wp-content\/uploads\/sites\/31\/2022\/10\/Jose_das_Candeias_Sales.jpg 591w, https:\/\/sites.uab.pt\/seminario-alv-senior-2023\/wp-content\/uploads\/sites\/31\/2022\/10\/Jose_das_Candeias_Sales-211x300.jpg 211w\" sizes=\"auto, (max-width: 591px) 100vw, 591px\"  loading=\"lazy\"><\/div><\/div>\n\t\t\t\t\t\t\n\t\t\t\t\t\t<div class=\"element-info\">\n\t\t\t\t\t\t\t<div class=\"title\">Jos\u00e9 das Candeias Sales<\/div>\n\t\t\t\t\t\t\t\n\t\t\t\t\t\t\t\t\t\t\t\t\t\t\t\t\t\t\t\t\t\t<dl class=\"affiliation-wrapper\"><dt class=\"affiliation-label visually-hidden\">Afilia\u00e7\u00e3o: <\/dt><dd class=\"affiliation-value\">Universidade Aberta<\/dd><\/dl>\n\t\t\t\t\t\t\t\n\t\t\t\t\t\t\t\t\t\t\t\t\t\t<div class=\"entry-bio\">Vice-reitor da Universidade Aberta (UAb) para a \u00e1rea do Ensino, Forma\u00e7\u00e3o e Organiza\u00e7\u00e3o Acad\u00e9mica. Professor Catedr\u00e1tico de Hist\u00f3ria. Investigador integrado nas linhas de investiga\u00e7\u00e3o \u00abUsos do passado\u00bb e de \u00abHist\u00f3ria Militar\u00bb do Centro de Hist\u00f3ria da Universidade de Lisboa (CH-UL) e membro do Centro de Estudos Globais da Universidade Aberta, onde co-coordena o GI4. Hist\u00f3ria Global &#8211; Temas e Abordagens.<\/div>\t\t\t\t\t\t\t\t\t\t\t\t\t<\/div>\n\t\t\t\t\t<\/a>\n\t\t\t\t<\/li>\n                    <\/ul>\n    <\/div>\n    <div class=\"clearfix\"><\/div>\n","protected":false},"excerpt":{"rendered":"| Comiss\u00e3o Organizadora | | Moderadores |","protected":false},"author":3,"featured_media":0,"parent":0,"menu_order":20,"comment_status":"closed","ping_status":"closed","template":"","meta":{"footnotes":""},"class_list":["post-142","page","type-page","status-publish","hentry"],"_links":{"self":[{"href":"https:\/\/sites.uab.pt\/seminario-alv-senior-2023\/wp-json\/wp\/v2\/pages\/142","targetHints":{"allow":["GET"]}}],"collection":[{"href":"https:\/\/sites.uab.pt\/seminario-alv-senior-2023\/wp-json\/wp\/v2\/pages"}],"about":[{"href":"https:\/\/sites.uab.pt\/seminario-alv-senior-2023\/wp-json\/wp\/v2\/types\/page"}],"author":[{"embeddable":true,"href":"https:\/\/sites.uab.pt\/seminario-alv-senior-2023\/wp-json\/wp\/v2\/users\/3"}],"replies":[{"embeddable":true,"href":"https:\/\/sites.uab.pt\/seminario-alv-senior-2023\/wp-json\/wp\/v2\/comments?post=142"}],"version-history":[{"count":12,"href":"https:\/\/sites.uab.pt\/seminario-alv-senior-2023\/wp-json\/wp\/v2\/pages\/142\/revisions"}],"predecessor-version":[{"id":1983,"href":"https:\/\/sites.uab.pt\/seminario-alv-senior-2023\/wp-json\/wp\/v2\/pages\/142\/revisions\/1983"}],"wp:attachment":[{"href":"https:\/\/sites.uab.pt\/seminario-alv-senior-2023\/wp-json\/wp\/v2\/media?parent=142"}],"curies":[{"name":"wp","href":"https:\/\/api.w.org\/{rel}","templated":true}]}}