{"id":1828,"date":"2023-04-18T19:41:28","date_gmt":"2023-04-18T19:41:28","guid":{"rendered":"https:\/\/sites.uab.pt\/seminario-alv-senior-2023\/?page_id=1828"},"modified":"2023-04-26T13:34:13","modified_gmt":"2023-04-26T13:34:13","slug":"inscricoes","status":"publish","type":"page","link":"https:\/\/sites.uab.pt\/seminario-alv-senior-2023\/inscricoes\/","title":{"rendered":"Inscri\u00e7\u00f5es"},"content":{"rendered":"\n<h2 class=\"wp-block-heading\">| Inscri\u00e7\u00f5es |<\/h2>\n\n\n\n<p><\/p>\n\n\n\n<p>O Semin\u00e1rio \u2018<strong>Aprendizagem ao Longo da Vida S\u00e9nior &#8211; Vivendo e aprendendo @tivamente<\/strong>\u2019, realizar-se-\u00e1 no dia 26 de maio de 2023, em formato h\u00edbrido (presencial e <em>online<\/em>)<\/p>\n\n\n\n<p>Neste semin\u00e1rio procurar-se-\u00e3o analisar as oportunidades da longevidade contempor\u00e2nea e assim fazer uma reflex\u00e3o acerca da aprendizagem ao longo da vida (ALV) enquanto pilar vital do envelhecimento ativo, sendo partilhados modelos e experi\u00eancias de programas nacionais e internacionais de ALV e difundir boas pr\u00e1ticas de inclus\u00e3o e literacia digital.<\/p>\n\n\n\n<p>O n\u00famero de inscri\u00e7\u00f5es para a participa\u00e7\u00e3o presencial (Univ. Aberta, na Rua da Escola Polit\u00e9cnica, 147, Lisboa) \u00e9 limitado apenas a 40 participantes, mas a sua participa\u00e7\u00e3o online est\u00e1 garantida. Tem apenas de se inscrever. <\/p>\n\n\n\n<p>A participa\u00e7\u00e3o online decorrer\u00e1 na plataforma Zoom. O <em>link<\/em> ser\u00e1 comunicado por email aos participantes registados. <\/p>\n\n\n\n<p><strong>A inscri\u00e7\u00e3o \u00e9 gratuita, mas obrigat\u00f3ria. <\/strong><\/p>\n\n\n\n<p><strong>Data limite de inscri\u00e7\u00f5es: 23 de maio.<\/strong><\/p>\n\n\n\n<p><\/p>\n\n\n\n<div class=\"wp-block-columns are-vertically-aligned-center is-layout-flex wp-container-core-columns-is-layout-9d6595d7 wp-block-columns-is-layout-flex\">\n<div class=\"wp-block-column is-vertically-aligned-center is-layout-flow wp-block-column-is-layout-flow\">\n<div class=\"wp-block-buttons is-content-justification-center is-layout-flex wp-container-core-buttons-is-layout-16018d1d wp-block-buttons-is-layout-flex\">\n<div class=\"wp-block-button has-custom-font-size is-style-fill has-normal-font-size\"><a class=\"wp-block-button__link has-white-color has-text-color has-background wp-element-button\" href=\"https:\/\/forms.office.com\/e\/ULKgHAnvxv\" style=\"border-radius:5px;background-color:#6a0716\" target=\"_blank\" rel=\"noreferrer noopener\">Formul\u00e1rio de inscri\u00e7\u00e3o<\/a><\/div>\n<\/div>\n<\/div>\n\n\n\n<div class=\"wp-block-column is-vertically-aligned-center is-layout-flow wp-block-column-is-layout-flow\"><div class=\"wp-block-image is-style-default\">\n<figure class=\"aligncenter size-thumbnail\"><img loading=\"lazy\" decoding=\"async\" width=\"150\" height=\"150\" src=\"https:\/\/sites.uab.pt\/seminario-alv-senior-2023\/wp-content\/uploads\/sites\/31\/2023\/04\/QRCode_final-150x150.png\" alt=\"\" class=\"wp-image-2047\" srcset=\"https:\/\/sites.uab.pt\/seminario-alv-senior-2023\/wp-content\/uploads\/sites\/31\/2023\/04\/QRCode_final-150x150.png 150w, https:\/\/sites.uab.pt\/seminario-alv-senior-2023\/wp-content\/uploads\/sites\/31\/2023\/04\/QRCode_final-300x300.png 300w, https:\/\/sites.uab.pt\/seminario-alv-senior-2023\/wp-content\/uploads\/sites\/31\/2023\/04\/QRCode_final-1024x1024.png 1024w, https:\/\/sites.uab.pt\/seminario-alv-senior-2023\/wp-content\/uploads\/sites\/31\/2023\/04\/QRCode_final-768x768.png 768w, https:\/\/sites.uab.pt\/seminario-alv-senior-2023\/wp-content\/uploads\/sites\/31\/2023\/04\/QRCode_final-1536x1536.png 1536w, https:\/\/sites.uab.pt\/seminario-alv-senior-2023\/wp-content\/uploads\/sites\/31\/2023\/04\/QRCode_final.png 1890w\" sizes=\"auto, (max-width: 150px) 100vw, 150px\" \/><\/figure>\n<\/div><\/div>\n<\/div>\n","protected":false},"excerpt":{"rendered":"| Inscri\u00e7\u00f5es | O Semin\u00e1rio \u2018Aprendizagem ao Longo da Vida S\u00e9nior &#8211; Vivendo e aprendendo @tivamente\u2019, realizar-se-\u00e1 no dia 26 de maio de 2023, em formato h\u00edbrido (presencial e online) Neste semin\u00e1rio procurar-se-\u00e3o analisar as oportunidades da longevidade contempor\u00e2nea e assim fazer uma reflex\u00e3o acerca da aprendizagem ao longo da vida (ALV) enquanto pilar vital [&hellip;]","protected":false},"author":3,"featured_media":0,"parent":0,"menu_order":0,"comment_status":"closed","ping_status":"closed","template":"","meta":{"footnotes":""},"class_list":["post-1828","page","type-page","status-publish","hentry"],"_links":{"self":[{"href":"https:\/\/sites.uab.pt\/seminario-alv-senior-2023\/wp-json\/wp\/v2\/pages\/1828","targetHints":{"allow":["GET"]}}],"collection":[{"href":"https:\/\/sites.uab.pt\/seminario-alv-senior-2023\/wp-json\/wp\/v2\/pages"}],"about":[{"href":"https:\/\/sites.uab.pt\/seminario-alv-senior-2023\/wp-json\/wp\/v2\/types\/page"}],"author":[{"embeddable":true,"href":"https:\/\/sites.uab.pt\/seminario-alv-senior-2023\/wp-json\/wp\/v2\/users\/3"}],"replies":[{"embeddable":true,"href":"https:\/\/sites.uab.pt\/seminario-alv-senior-2023\/wp-json\/wp\/v2\/comments?post=1828"}],"version-history":[{"count":15,"href":"https:\/\/sites.uab.pt\/seminario-alv-senior-2023\/wp-json\/wp\/v2\/pages\/1828\/revisions"}],"predecessor-version":[{"id":2116,"href":"https:\/\/sites.uab.pt\/seminario-alv-senior-2023\/wp-json\/wp\/v2\/pages\/1828\/revisions\/2116"}],"wp:attachment":[{"href":"https:\/\/sites.uab.pt\/seminario-alv-senior-2023\/wp-json\/wp\/v2\/media?parent=1828"}],"curies":[{"name":"wp","href":"https:\/\/api.w.org\/{rel}","templated":true}]}}